000
CXUS54 KMOB 300653
CF6CEW
PRELIMINARY LOCAL CLIMATOLOGICAL DATA (WS FORM: F-6)

                                          STATION:   CRESTVIEW
                                          MONTH:     NOVEMBER
                                          YEAR:      2020
                                          LATITUDE:   30 46 N
                                          LONGITUDE:  86 31 W

  TEMPERATURE IN F:       :PCPN:    SNOW:  WIND      :SUNSHINE: SKY     :PK WND
================================================================================
1   2   3   4   5  6A  6B    7    8   9   10  11  12  13   14  15   16   17  18
                                     12Z  AVG MX 2MIN
DY MAX MIN AVG DEP HDD CDD  WTR  SNW DPTH SPD SPD DIR MIN PSBL S-S WX    SPD DR
================================================================================

 1  78  57  68   6   0   3 0.00  0.0    0  5.5 15 340   M    M   4        25 350
 2  68  39  54  -8  11   0 0.00  0.0    0  5.7 13  20   M    M   0        21  10
 3  72  34  53  -8  12   0    T    M    0  1.6  8  70   M    M   0        13 340
 4  76  37  57  -4   8   0    T    M    0  1.6  9  80   M    M   0        14  80
 5  80  45  63   2   2   0    T    M    0  2.8 14 110   M    M   1 8      19 110
 6  83  58  71  11   0   6 0.00  0.0    0  3.9 12  80   M    M   3        16  80
 7  79  62  71  11   0   6 0.00  0.0    0  4.2 12  80   M    M   4        18  80
 8  83  68  76  16   0  11 0.00  0.0    0  6.8 16 100   M    M   4        25 120
 9  83  68  76  16   0  11 0.00  0.0    0  6.4 16  80   M    M   7        23  90
10  85  72  79  20   0  14    T  0.0    0  4.6 12  90   M    M   8 18     17  80
11  86  72  79  20   0  14 0.01  0.0    0  3.3 10 350   M    M   8        13 320
12  80  58  69  10   0   4 0.00  0.0    0  6.7 15 340   M    M   4        19 330
13  81  51  66   7   0   1    T  0.0    0  3.1  9  30   M    M   1 1      16  30
14  82  47  65   7   0   0    T    M    0  1.7  9 200   M    M   0 12     12 150
15  84  54  69  11   0   4    T  0.0    0  4.7 16 250   M    M   6 12     22 280
16  71  40  56  -2   9   0 0.00  0.0    0  4.5 13 350   M    M   0        21  30
17  75  39  57  -1   8   0 0.00  0.0    0  5.1 15 340   M    M   0        23  20
18  70  37  54  -3  11   0 0.00  0.0    0  3.3 13  80   M    M   0        22 110
19  73  34  54  -3  11   0 0.00  0.0    0  2.7 12 110   M    M   0        17 130
20  79  47  63   6   2   0    T    M    0  1.9  9 120   M    M   2        13  90
21  80  48  64   8   1   0    T    M    0  1.9 10  70   M    M   2 1      16  70
22  80  53  67  11   0   2 0.00  0.0    0  1.6  8 360   M    M   5        11  10
23  70  37  54  -2  11   0 0.00  0.0    0  5.0 15 350   M    M   3 1      22 340
24  75  32  54  -2  11   0    T    M    0  2.1 12 200   M    M   1 1      19 200
25  77  47  62   6   3   0 0.20    M    0  3.5 16 190   M    M   7 1      25 190
26  83  63  73  18   0   8 0.62    M    0  2.3 14 350   M    M   9 123    20 350
27  79  64  72  17   0   7 0.14  0.0    0  1.8 17 360   M    M   8 12     27 350
28  73  61  67  12   0   2 0.08  0.0    0  2.6 10  20   M    M   5 1      18  40
29   M   M   M   M   M   M 0.01    M    0  4.1  7 110   M    M   9 1      18 110
================================================================================
SM 2185 1424       100  93  1.06     0.0 105.0          M      101
================================================================================
AV 78.0 50.9                               3.6 FASTST   M    M   3    MAX(MPH)
                                 MISC ---->  # 17 360               # 27  350
================================================================================
NOTES:
# LAST OF SEVERAL OCCURRENCES

COLUMN 17 PEAK WIND IN M.P.H.

PRELIMINARY LOCAL CLIMATOLOGICAL DATA (WS FORM: F-6) , PAGE 2

                                          STATION:  CRESTVIEW
                                          MONTH:    NOVEMBER
                                          YEAR:     2020
                                          LATITUDE:   30 46 N
                                          LONGITUDE:  86 31 W

[TEMPERATURE DATA]      [PRECIPITATION DATA]       SYMBOLS USED IN COLUMN 16

AVERAGE MONTHLY: 64.5   TOTAL FOR MONTH:   1.06    1 = FOG OR MIST
DPTR FM NORMAL:   6.3   DPTR FM NORMAL:   -3.42    2 = FOG REDUCING VISIBILITY
HIGHEST:    86 ON 11    GRTST 24HR  0.62 ON 26-26      TO 1/4 MILE OR LESS
LOWEST:     32 ON 24                               3 = THUNDER
                        SNOW, ICE PELLETS, HAIL    4 = ICE PELLETS
                        TOTAL MONTH:   0.0 INCH    5 = HAIL
                        GRTST 24HR     0.0         6 = FREEZING RAIN OR DRIZZLE
                        GRTST DEPTH:   0           7 = DUSTSTORM OR SANDSTORM:
                                                       VSBY 1/2 MILE OR LESS
                                                   8 = SMOKE OR HAZE
[NO. OF DAYS WITH]      [WEATHER - DAYS WITH]      9 = BLOWING SNOW
                                                   X = TORNADO
MAX 32 OR BELOW:   0    0.01 INCH OR MORE:   6
MAX 90 OR ABOVE:   0    0.10 INCH OR MORE:   3
MIN 32 OR BELOW:   1    0.50 INCH OR MORE:   1
MIN  0 OR BELOW:   0    1.00 INCH OR MORE:   0

[HDD (BASE 65) ]
TOTAL THIS MO.   100    CLEAR  (SCALE 0-3)  15
DPTR FM NORMAL  -129    PTCLDY (SCALE 4-7)  11
TOTAL FM JUL 1   115    CLOUDY (SCALE 8-10)  3
DPTR FM NORMAL  -185

[CDD (BASE 65) ]
TOTAL THIS MO.    93
DPTR FM NORMAL    60    [PRESSURE DATA]
TOTAL FM JAN 1  2776    HIGHEST SLP M ON M
DPTR FM NORMAL   556    LOWEST  SLP 29.75 ON 29

[REMARKS]
