000
CXUS55 KOHX 301510
CF6CKV
PRELIMINARY LOCAL CLIMATOLOGICAL DATA (WS FORM: F-6)

                                          STATION:   CLARKSVILLE
                                          MONTH:     NOVEMBER
                                          YEAR:      2020
                                          LATITUDE:   36 37 N
                                          LONGITUDE:  87 25 W

  TEMPERATURE IN F:       :PCPN:    SNOW:  WIND      :SUNSHINE: SKY     :PK WND
================================================================================
1   2   3   4   5  6A  6B    7    8   9   10  11  12  13   14  15   16   17  18
                                     12Z  AVG MX 2MIN
DY MAX MIN AVG DEP HDD CDD  WTR  SNW DPTH SPD SPD DIR MIN PSBL S-S WX    SPD DR
================================================================================

 1  59  33  46  -8  19   0 0.00    M    M 11.7 29 310   M    M   1        38 330
 2  55  27  41 -13  24   0 0.00    M    M  4.0 10 230   M    M   0        15 240
 3  68  32  50  -3  15   0 0.00    M    M  3.4 10 200   M    M   0 18     18 210
 4  73  38  56   3   9   0 0.00    M    M  4.6 13 190   M    M   0        17 190
 5  70  43  57   5   8   0 0.00    M    M  3.5 12 230   M    M   0 1      15 220
 6  72  38  55   3  10   0 0.00    M    M  2.5  9 150   M    M   0 18     13 130
 7  78  43  61   9   4   0 0.00    M    M  4.1 13 150   M    M   3 18     18 170
 8  80  54  67  16   0   2 0.00    M    M  6.6 16 140   M    M   1        25 140
 9  79  56  68  17   0   3 0.00    M    M  5.1 18 200   M    M   6 8      25 150
10  76  58  67  16   0   2 0.25    M    M  6.9 17 170   M    M   8 18     29 170
11  69  42  56   6   9   0 0.11    M    M  8.2 25 360   M    M   7 1      34 360
12  62  35  49  -1  16   0 0.00    M    M  4.2 10  50   M    M   0 8      15  50
13  60  38  49  -1  16   0 0.00    M    M  5.5 16 330   M    M   2        23 330
14  72  37  55   6  10   0 0.08    M    M  8.0 21 190   M    M   5 1      31 180
15  70  45  58   9   7   0 0.45    M    M 15.9 31 290   M    M   3 18     48 170
16  62  30  46  -2  19   0 0.00    M    M  4.5 13 260   M    M   0        19 230
17  53  33  43  -5  22   0 0.00    M    M  9.4 18 360   M    M   0        25 340
18  59  27  43  -5  22   0 0.00    M    M  5.6 13 140   M    M   0        17 180
19  68  41  55   8  10   0 0.00    M    M 10.6 24 190   M    M   0        33 190
20  69  49  59  12   6   0 0.00    M    M  8.2 20 220   M    M   4        25 200
21  71  50  61  15   4   0 0.00    M    M  4.0 12 350   M    M   5 1      13 350
22  60  37  49   3  16   0    T    M    M 10.6 20 320   M    M   7 1      27 330
23  55  32  44  -1  21   0 0.00    M    M  1.6 10  30   M    M   2 1      14  20
24  62  35  49   4  16   0 0.00    M    M  7.7 20 190   M    M   1 1      26 200
25  68  52  60  15   5   0 0.34    M    M 12.2 24 200   M    M   8 18     36 170
26  53  35  44   0  21   0 0.00    M    M  3.2 10 300   M    M   9        13 300
27  60  34  47   3  18   0 0.00    M    M  4.7 14 330   M    M   7 12     18 330
28  53  32  43  -1  22   0 0.00    M    M  4.6 16 360   M    M   1 18     20 350
29  50  28  39  -4  26   0 0.32    M    M  4.2 20 350   M    M   4 1      25 360
================================================================================
SM 1886 1134       375   7  1.55    M    185.3          M       84
================================================================================
AV 65.0 39.1                               6.4 FASTST   M    M   3    MAX(MPH)
                                 MISC ---->    31 290                 48 170
================================================================================
NOTES:
# LAST OF SEVERAL OCCURRENCES

COLUMN 17 PEAK WIND IN M.P.H.

PRELIMINARY LOCAL CLIMATOLOGICAL DATA (WS FORM: F-6) , PAGE 2

                                          STATION:   CLARKSVILLE
                                          MONTH:     NOVEMBER
                                          YEAR:      2020
                                          LATITUDE:   36 37 N
                                          LONGITUDE:  87 25 W

[TEMPERATURE DATA]      [PRECIPITATION DATA]       SYMBOLS USED IN COLUMN 16

AVERAGE MONTHLY: 52.1   TOTAL FOR MONTH:   1.55    1 = FOG OR MIST
DPTR FM NORMAL:   3.4   DPTR FM NORMAL:   -2.85    2 = FOG REDUCING VISIBILITY
HIGHEST:    80 ON  8    GRTST 24HR  0.50 ON 14-15      TO 1/4 MILE OR LESS
LOWEST:     27 ON 18, 2                             3 = THUNDER
                        SNOW, ICE PELLETS, HAIL    4 = ICE PELLETS
                        TOTAL MONTH:  M            5 = HAIL
                        GRTST 24HR    M  ON   M    6 = FREEZING RAIN OR DRIZZLE
                        GRTST DEPTH:  M  ON   M    7 = DUSTSTORM OR SANDSTORM:
                                                       VSBY 1/2 MILE OR LESS
                                                   8 = SMOKE OR HAZE
[NO. OF DAYS WITH]      [WEATHER - DAYS WITH]      9 = BLOWING SNOW
                                                   X = TORNADO
MAX 32 OR BELOW:   0    0.01 INCH OR MORE:   6
MAX 90 OR ABOVE:   0    0.10 INCH OR MORE:   5
MIN 32 OR BELOW:   7    0.50 INCH OR MORE:   0
MIN  0 OR BELOW:   0    1.00 INCH OR MORE:   0

[HDD (BASE 65) ]
TOTAL THIS MO.   375    CLEAR  (SCALE 0-3)  18
DPTR FM NORMAL  -104    PTCLDY (SCALE 4-7)  10
TOTAL FM JUL 1   616    CLOUDY (SCALE 8-10)  1
DPTR FM NORMAL  -112

[CDD (BASE 65) ]
TOTAL THIS MO.     7
DPTR FM NORMAL     7    [PRESSURE DATA]
TOTAL FM JAN 1  1499    HIGHEST SLP M ON M
DPTR FM NORMAL    69    LOWEST  SLP 29.65 ON 15

[REMARKS]
