000
CXUS53 KTOP 300800
CF6CNK
PRELIMINARY LOCAL CLIMATOLOGICAL DATA (WS FORM: F-6)

                                          STATION:   Concordia KS
                                          MONTH:     NOVEMBER
                                          YEAR:      2020
                                          LATITUDE:   39 32 N
                                          LONGITUDE:  97 39 W

  TEMPERATURE IN F:       :PCPN:    SNOW:  WIND      :SUNSHINE: SKY     :PK WND
================================================================================
1   2   3   4   5  6A  6B    7    8   9   10  11  12  13   14  15   16   17  18
                                     12Z  AVG MX 2MIN
DY MAX MIN AVG DEP HDD CDD  WTR  SNW DPTH SPD SPD DIR MIN PSBL S-S WX    SPD DR
================================================================================

 1  58  35  47  -2  18   0 0.00  0.0    0  6.7 14  30   M    M   0        20  10
 2  75  41  58   9   7   0 0.00  0.0    0  9.5 23 200   M    M   1 8      30 200
 3  84  38  61  13   4   0 0.00  0.0    0  9.4 22 210   M    M   0        33 190
 4  78  53  66  18   0   1 0.00  0.0    0 12.0 20 190   M    M   0        26 200
 5  83  44  64  17   1   0 0.00  0.0    0  4.6 10  20   M    M   0 8      14  10
 6  80  42  61  14   4   0 0.00  0.0    0 10.8 23 180   M    M   0 8      33 170
 7  79  60  70  24   0   5 0.00  0.0    0 21.1 33 200   M    M   1 8      43 170
 8  76  56  66  20   0   1 0.00  0.0    0 23.0 37 190   M    M   1 8      54 180
 9  73  35  54   9  11   0 0.30  0.0    0 18.7 31 180   M    M   9 138    42 190
10  39  32  36  -9  29   0 0.44  0.0    0 11.3 22 300   M    M   7 1368   30 310
11  58  33  46   2  19   0 0.00  0.0    0 10.0 18 200   M    M   0        23 200
12  51  25  38  -6  27   0 0.00  0.0    0  9.4 24 340   M    M   0        32 330
13  50  22  36  -7  29   0 0.00  0.0    0 10.0 23 170   M    M   0        29 180
14  63  36  50   8  15   0 0.00  0.0    0 15.9 37 290   M    M   2        46 290
15  57  34  46   4  19   0 0.00  0.0    0 13.9 24 310   M    M   0        35 300
16  67  41  54  13  11   0 0.00  0.0    0  9.3 20 330   M    M   0        26 350
17  66  32  49   8  16   0 0.00  0.0    0 12.2 25 190   M    M   0        36 190
18  73  50  62  22   3   0 0.00  0.0    0 23.9 33 190   M    M   0 8      45 200
19  75  47  61  21   4   0 0.00  0.0    0  9.4 32 200   M    M   0 8      45 200
20  63  42  53  14  12   0 0.00  0.0    0  9.0 18  20   M    M   0        25 360
21  49  41  45   6  20   0 0.00  0.0    0  6.4 14 110   M    M   9        20 110
22  55  32  44   6  21   0 0.00  0.0    0  6.2 18 330   M    M   3        23 330
23  45  30  38   0  27   0 0.18  0.0    0 11.4 18 130   M    M   8 1      25 130
24  54  35  45   8  20   0 1.16  0.0    0 16.6 30  10   M    M  10 13     43  30
25  46  30  38   2  27   0 0.33    T    0 11.6 25 360   M    M   5 1      38 350
26  54  29  42   6  23   0 0.00  0.0    0  6.0 13 200   M    M   0         M  M
27  53  27  40   4  25   0 0.00  0.0    0  6.8 13 210   M    M   1 12     17 360
28  57  34  46  11  19   0 0.00  0.0    0 12.5 22 220   M    M   0        28 210
29  42  25  34  -1  31   0 0.00  0.0    0 15.6 31 340   M    M   0        44 350
================================================================================
SM 1803 1081       442   7  2.41    T    343.2          M       57
================================================================================
AV 62.2 37.3                              11.8 FASTST   M    M   2    MAX(MPH)
                                 MISC ---->  # 37 190               # 54  180
================================================================================
NOTES:
# LAST OF SEVERAL OCCURRENCES

COLUMN 17 PEAK WIND IN M.P.H.

PRELIMINARY LOCAL CLIMATOLOGICAL DATA (WS FORM: F-6) , PAGE 2

                                          STATION:  Concordia KS
                                          MONTH:    NOVEMBER
                                          YEAR:     2020
                                          LATITUDE:   39 32 N
                                          LONGITUDE:  97 39 W

[TEMPERATURE DATA]      [PRECIPITATION DATA]       SYMBOLS USED IN COLUMN 16

AVERAGE MONTHLY: 49.7   TOTAL FOR MONTH:   2.41    1 = FOG OR MIST
DPTR FM NORMAL:   7.8   DPTR FM NORMAL:    1.33    2 = FOG REDUCING VISIBILITY
HIGHEST:    84 ON  3    GRTST 24HR  1.16 ON 24-24      TO 1/4 MILE OR LESS
LOWEST:     22 ON 13                               3 = THUNDER
                        SNOW, ICE PELLETS, HAIL    4 = ICE PELLETS
                        TOTAL MONTH:    T          5 = HAIL
                        GRTST 24HR    T  ON 25-25  6 = FREEZING RAIN OR DRIZZLE
                        GRTST DEPTH:   0           7 = DUSTSTORM OR SANDSTORM:
                                                       VSBY 1/2 MILE OR LESS
                                                   8 = SMOKE OR HAZE
[NO. OF DAYS WITH]      [WEATHER - DAYS WITH]      9 = BLOWING SNOW
                                                   X = TORNADO
MAX 32 OR BELOW:   0    0.01 INCH OR MORE:   5
MAX 90 OR ABOVE:   0    0.10 INCH OR MORE:   5
MIN 32 OR BELOW:  10    0.50 INCH OR MORE:   1
MIN  0 OR BELOW:   0    1.00 INCH OR MORE:   1

[HDD (BASE 65) ]
TOTAL THIS MO.   442    CLEAR  (SCALE 0-3)  23
DPTR FM NORMAL  -226    PTCLDY (SCALE 4-7)   2
TOTAL FM JUL 1   861    CLOUDY (SCALE 8-10)  4
DPTR FM NORMAL  -198

[CDD (BASE 65) ]
TOTAL THIS MO.     7
DPTR FM NORMAL     7    [PRESSURE DATA]
TOTAL FM JAN 1  1719    HIGHEST SLP  0.00 ON 26
DPTR FM NORMAL   371    LOWEST  SLP 29.38 ON 14

[REMARKS]
