000
CXUS54 KFWD 300830
CF6CPT
PRELIMINARY LOCAL CLIMATOLOGICAL DATA (WS FORM: F-6)

                                          STATION:   CLEBURNE
                                          MONTH:     NOVEMBER
                                          YEAR:      2020
                                          LATITUDE:   32 20 N
                                          LONGITUDE:  97 24 W

  TEMPERATURE IN F:       :PCPN:    SNOW:  WIND      :SUNSHINE: SKY     :PK WND
================================================================================
1   2   3   4   5  6A  6B    7    8   9   10  11  12  13   14  15   16   17  18
                                     12Z  AVG MX 2MIN
DY MAX MIN AVG DEP HDD CDD  WTR  SNW DPTH SPD SPD DIR MIN PSBL S-S WX    SPD DR
================================================================================

 1  73  46  60  -1   5   0 0.00    M    M  9.6 21  40   M    M   0 1      28  40
 2  70  39  55  -6  10   0 0.00    M    M  5.1  8 150   M    M   0 8      12 210
 3  77  43  60  -1   5   0 0.00    M    M  8.0 12 150   M    M   0        18 190
 4  77  45  61   1   4   0 0.00    M    M 10.9 17 160   M    M   0        24 170
 5  79  55  67   7   0   2 0.00    M    M  9.8 17 200   M    M   1        22 200
 6  75  59  67   7   0   2 0.00    M    M 10.2 16 130   M    M   4 1      20 170
 7  75  54  65   6   0   0 0.00    M    M  7.4 10 140   M    M   1        17 140
 8  73  55  64   5   1   0 0.00    M    M 10.2 17 130   M    M   3 12     24 150
 9  79  61  70  12   0   5 0.00    M    M 11.7 17 170   M    M   5 1      31 150
10  75  52  64   6   1   0 0.00    M    M  9.0 16 170   M    M   4 18     24 170
11  75  43  59   1   6   0 0.00    M    M  4.3  9  90   M    M   0 8       M   M
12  81  52  67  10   0   2 0.00  0.0    0  8.3 14 170   M    M   3        17 200
13  75  54  65   8   0   0 0.00  0.0    0  6.9 15  30   M    M   5        18 350
14  82  66  74  18   0   9 0.00  0.0    0 13.0 27 190   M    M   6 1      36 200
15  72  45  59   3   6   0 0.00  0.0    0  9.9 29 360   M    M   2 8      39 360
16  70  39  55  -1  10   0 0.00  0.0    0  4.2 13 200   M    M   0 8      15 150
17  73  39  56   1   9   0 0.00  0.0    0  5.0 10 160   M    M   0        16 160
18  75  46  61   6   4   0 0.00  0.0    0 10.3 17 150   M    M   0        24 170
19  77  52  65  11   0   0 0.00    M    M 12.9 21 190   M    M   3        29 190
20  77  57  67  13   0   2 0.00    M    M  9.4 13 170   M    M   4        20 150
21  79  59  69  15   0   4 0.00    M    M  7.5 14 180   M    M   5 1      18 170
22  64  46  55   2  10   0 0.00    M    M 10.2 20  30   M    M   9        22 350
23  59  45  52  -1  13   0 0.00    M    M 10.3 15 150   M    M   9        21 140
24  77  50  64  12   1   0 0.44    M    M 13.3 22 280   M    M   7 1      35 280
25  64  41  53   1  12   0 0.00    M    M  8.2 20 320   M    M   0 8      31 320
26  73  43  58   6   7   0 0.00    M    M  9.2 14 150   M    M   1 8      20 150
27  64  54  59   8   6   0 0.00    M    M 11.3 18  10   M    M   6 1      21 360
28  55  46  51   0  14   0 0.48    M    M 10.4 14  80   M    M  10 1      18  80
29  50  43  47  -4  18   0 0.01    M    M 13.1 25 350   M    M   8 1      32 350
================================================================================
SM 2095 1429       142  26  0.93  0.0    269.6          M       96
================================================================================
AV 72.2 49.3                               9.3 FASTST   M    M   3    MAX(MPH)
                                 MISC ---->    29 360                 39 360
================================================================================
NOTES:
# LAST OF SEVERAL OCCURRENCES

COLUMN 17 PEAK WIND IN M.P.H.

PRELIMINARY LOCAL CLIMATOLOGICAL DATA (WS FORM: F-6) , PAGE 2

                                          STATION:   CLEBURNE
                                          MONTH:     NOVEMBER
                                          YEAR:      2020
                                          LATITUDE:   32 20 N
                                          LONGITUDE:  97 24 W

[TEMPERATURE DATA]      [PRECIPITATION DATA]       SYMBOLS USED IN COLUMN 16

AVERAGE MONTHLY: 60.8   TOTAL FOR MONTH:   0.93    1 = FOG OR MIST
DPTR FM NORMAL:   4.8   DPTR FM NORMAL:   -1.79    2 = FOG REDUCING VISIBILITY
HIGHEST:    82 ON 14    GRTST 24HR  0.48 ON 28-28      TO 1/4 MILE OR LESS
LOWEST:     39 ON 17,16                             3 = THUNDER
                        SNOW, ICE PELLETS, HAIL    4 = ICE PELLETS
                        TOTAL MONTH:   0.0 INCH    5 = HAIL
                        GRTST 24HR  0.0            6 = FREEZING RAIN OR DRIZZLE
                        GRTST DEPTH:  0            7 = DUSTSTORM OR SANDSTORM:
                                                       VSBY 1/2 MILE OR LESS
                                                   8 = SMOKE OR HAZE
[NO. OF DAYS WITH]      [WEATHER - DAYS WITH]      9 = BLOWING SNOW
                                                   X = TORNADO
MAX 32 OR BELOW:   0    0.01 INCH OR MORE:   3
MAX 90 OR ABOVE:   0    0.10 INCH OR MORE:   2
MIN 32 OR BELOW:   0    0.50 INCH OR MORE:   0
MIN  0 OR BELOW:   0    1.00 INCH OR MORE:   0

[HDD (BASE 65) ]
TOTAL THIS MO.   142    CLEAR  (SCALE 0-3)  15
DPTR FM NORMAL  -142    PTCLDY (SCALE 4-7)  11
TOTAL FM JUL 1   290    CLOUDY (SCALE 8-10)  3
DPTR FM NORMAL   -80

[CDD (BASE 65) ]
TOTAL THIS MO.    26
DPTR FM NORMAL     6    [PRESSURE DATA]
TOTAL FM JAN 1  2653    HIGHEST SLP M ON M
DPTR FM NORMAL   160    LOWEST  SLP M ON M

[REMARKS]
