000
CXUS56 KTFX 301210
CF6CTB
PRELIMINARY LOCAL CLIMATOLOGICAL DATA (WS FORM: F-6)

                                          STATION:   CUT BANK MT
                                          MONTH:     NOVEMBER
                                          YEAR:      2020
                                          LATITUDE:   48 37 N
                                          LONGITUDE: 112 23 W

  TEMPERATURE IN F:       :PCPN:    SNOW:  WIND      :SUNSHINE: SKY     :PK WND
================================================================================
1   2   3   4   5  6A  6B    7    8   9   10  11  12  13   14  15   16   17  18
                                     12Z  AVG MX 2MIN
DY MAX MIN AVG DEP HDD CDD  WTR  SNW DPTH SPD SPD DIR MIN PSBL S-S WX    SPD DR
================================================================================

 1  67  37  52  16  13   0 0.00    M    0 17.2 26 260   M    M   0        32 260
 2  68  48  58  22   7   0 0.00    M    0 20.5 39 240   M    M   0        45 240
 3  69  51  60  24   5   0 0.00    M    0 25.1 45 250   M    M   0        53 240
 4  63  50  57  22   8   0 0.00    M    0 23.9 44 250   M    M   0        55 250
 5  65  45  55  20  10   0 0.00    M    0 31.7 62 250   M    M   1        73 250
 6  45  33  39   5  26   0 0.27    M    0  7.6 20 270   M    M  10 1      25 260
 7  38  17  28  -6  37   0 0.10    M    0 15.0 45 350   M    M  10 129    54 350
 8  17  12  15 -18  50   0 0.03    M    M 31.8 47 340   M    M  10 1289   55 350
 9  26   2  14 -19  51   0    T    M    1 16.4 32 250   M    M   2        39 250
10  32  23  28  -4  37   0    T    M    1 21.5 35 250   M    M   6 18     40 260
11  23   8  16 -16  49   0    T    M    1  9.0 30 350   M    M   6 1      33 350
12  29   4  17 -15  48   0 0.00    M    1 22.7 39 250   M    M   0 8      45 240
13  42  23  33   2  32   0 0.00    M    1 19.7 44 250   M    M   1 8      50 240
14  34  22  28  -3  37   0 0.00    M    T 21.6 38 250   M    M   1        46 250
15  40  24  32   2  33   0 0.00    M    T 18.6 41 250   M    M   2        52 240
16  41  28  35   5  30   0 0.02    M    T 10.2 21 260   M    M   4 1      26 260
17  52  30  41  11  24   0 0.00    M    T 10.9 35 230   M    M   1        48 240
18  48  30  39  10  26   0 0.03    M    0 20.1 39 250   M    M   1 1      51 240
19  38  21  30   1  35   0 0.00    M    0 12.7 38 240   M    M   2 18     46 240
20  39  23  31   3  34   0 0.00    M    0 17.4 33 250   M    M   0        41 250
21  42  24  33   5  32   0 0.00    M    0 17.7 36 250   M    M   0        43 250
22  46  21  34   6  31   0 0.00    M    0  6.8 22 270   M    M   0        26 270
23  40  22  31   4  34   0    T    M    0 13.0 30 250   M    M   4        35 250
24  43  31  37  10  28   0 0.00    M    0 25.9 40 250   M    M   0        48 230
25  40  19  30   3  35   0    T    M    0 12.4 32 250   M    M   2 1      43 250
26  39  26  33   7  32   0 0.00    M    0 26.0 43 260   M    M   0        54 250
27  45  36  41  15  24   0 0.00    M    0 29.1 55 260   M    M   0        71 250
28  46  16  31   5  34   0 0.00    M    0 17.6 44 260   M    M   0        53 260
29  48  13  31   6  34   0 0.00    M    0 10.4 28 250   M    M   0        32 250
================================================================================
SM 1265  739       876   0  0.45    M    532.5          M       63
================================================================================
AV 43.6 25.5                              18.4 FASTST   M    M   2    MAX(MPH)
                                 MISC ---->    62 250                 73 250
================================================================================
NOTES:
# LAST OF SEVERAL OCCURRENCES

COLUMN 17 PEAK WIND IN M.P.H.

PRELIMINARY LOCAL CLIMATOLOGICAL DATA (WS FORM: F-6) , PAGE 2

                                          STATION:   CUT BANK MT
                                          MONTH:     NOVEMBER
                                          YEAR:      2020
                                          LATITUDE:   48 37 N
                                          LONGITUDE: 112 23 W

[TEMPERATURE DATA]      [PRECIPITATION DATA]       SYMBOLS USED IN COLUMN 16

AVERAGE MONTHLY: 34.6   TOTAL FOR MONTH:   0.45    1 = FOG OR MIST
DPTR FM NORMAL:   4.0   DPTR FM NORMAL:    0.10    2 = FOG REDUCING VISIBILITY
HIGHEST:    69 ON  3    GRTST 24HR  0.27 ON  6- 6      TO 1/4 MILE OR LESS
LOWEST:      2 ON  9                               3 = THUNDER
                        SNOW, ICE PELLETS, HAIL    4 = ICE PELLETS
                        TOTAL MONTH:  M            5 = HAIL
                        GRTST 24HR    M  ON   M    6 = FREEZING RAIN OR DRIZZLE
                        GRTST DEPTH:   1 ON 13,12  7 = DUSTSTORM OR SANDSTORM:
                                                       VSBY 1/2 MILE OR LESS
                                                   8 = SMOKE OR HAZE
[NO. OF DAYS WITH]      [WEATHER - DAYS WITH]      9 = BLOWING SNOW
                                                   X = TORNADO
MAX 32 OR BELOW:   5    0.01 INCH OR MORE:   5
MAX 90 OR ABOVE:   0    0.10 INCH OR MORE:   2
MIN 32 OR BELOW:  22    0.50 INCH OR MORE:   0
MIN  0 OR BELOW:   0    1.00 INCH OR MORE:   0

[HDD (BASE 65) ]
TOTAL THIS MO.   876    CLEAR  (SCALE 0-3)  22
DPTR FM NORMAL  -123    PTCLDY (SCALE 4-7)   4
TOTAL FM JUL 1  2130    CLOUDY (SCALE 8-10)  3
DPTR FM NORMAL   -93

[CDD (BASE 65) ]
TOTAL THIS MO.     0
DPTR FM NORMAL     0    [PRESSURE DATA]
TOTAL FM JAN 1   185    HIGHEST SLP M ON M
DPTR FM NORMAL    23    LOWEST  SLP 29.17 ON 13

[REMARKS]
