000
CXUS53 KUNR 301030
CF6D07
PRELIMINARY LOCAL CLIMATOLOGICAL DATA (WS FORM: F-6)

                                          STATION:   FAITH SD
                                          MONTH:     NOVEMBER
                                          YEAR:      2020
                                          LATITUDE:   45  1 N
                                          LONGITUDE: 102  1 W

  TEMPERATURE IN F:       :PCPN:    SNOW:  WIND      :SUNSHINE: SKY     :PK WND
================================================================================
1   2   3   4   5  6A  6B    7    8   9   10  11  12  13   14  15   16   17  18
                                     12Z  AVG MX 2MIN
DY MAX MIN AVG DEP HDD CDD  WTR  SNW DPTH SPD SPD DIR MIN PSBL S-S WX    SPD DR
================================================================================

 1  54  24  39  -1  26   0 0.00    M    M 10.2 22 190   M    M   M        28 170
 2  73  35  54  14  11   0 0.00    M    M  9.2 15 200   M    M   M        16 200
 3  76  43  60  21   5   0 0.00    M    M 10.1 20 290   M    M   M        27 280
 4  75  43  59  20   6   0 0.00    M    M 10.1 23 320   M    M   M        29 340
 5  76  38  57  19   8   0 0.00    M    M 11.5 22 200   M    M   M        28 200
 6  69  38  54  16  11   0 0.00    M    M  8.3 16 190   M    M   M        19 180
 7  58  32  45   8  20   0 0.00    M    M 13.3 22 140   M    M   M        30 140
 8  61  22  42   6  23   0 0.01    M    M 18.0 32 300   M    M   M        42 290
 9  32  14  23 -13  42   0 0.00    M    M 14.1 28 310   M    M   M        35 310
10  43  12  28  -7  37   0 0.00    M    M  9.7 20 300   M    M   M        26 280
11  44  17  31  -4  34   0 0.00    M    M 16.5 30 300   M    M   M        38 280
12  38  11  25  -9  40   0 0.00    M    M 10.1 18 270   M    M   M        26 260
13  49  14  32  -2  33   0 0.00    M    M 11.5 21 150   M    M   M        29 150
14  50  26  38   5  27   0 0.00    M    M 18.7 36 300   M    M   M        48 320
15  44  25  35   3  30   0 0.00    M    M 15.5 26 300   M    M   M        38 300
16  52  32  42  10  23   0 0.00    M    M 16.8 32 310   M    M   M        41 310
17  50  28  39   8  26   0 0.00    M    M 13.5 22 160   M    M   M        28 160
18  72  35  54  23  11   0 0.00    M    M  9.2 20 340   M    M   M        24 340
19  59  32  46  16  19   0 0.00    M    M 11.5 33 320   M    M   M        42 320
20  42  20  31   1  34   0 0.00    M    M  7.2 14 290   M    M   M        17  30
21  44  21  33   4  32   0 0.00    M    M 11.5 20 290   M    M   M        25 290
22  45  25  35   7  30   0 0.00    M    M 13.5 22 150   M    M   M        28 150
23  46  23  35   7  30   0 0.00    M    M 14.6 24 160   M    M   M        33 150
24  44  21  33   6  32   0 0.00    M    M 11.5 26 320   M    M   M        34 320
25  44  19  32   5  33   0 0.00    M    M 11.8 17 310   M    M   M        24 320
26  45  24  35   9  30   0 0.00    M    M 14.7 30 290   M    M   M        41 270
27  53  21  37  11  28   0 0.00    M    M 12.2 24 290   M    M   M        35 270
28  62  30  46  20  19   0 0.00    M    M 13.7 26 340   M    M   M        33 350
29  36  15  26   1  39   0 0.00    M    M 13.5 29 340   M    M   M        36 340
================================================================================
SM 1536  740       739   0  0.01    M    362.0          M        M
================================================================================
AV 53.0 25.5                              12.5 FASTST   M    M   M    MAX(MPH)
                                 MISC ---->    36 300                 48 320
================================================================================
NOTES:
# LAST OF SEVERAL OCCURRENCES

COLUMN 17 PEAK WIND IN M.P.H.

PRELIMINARY LOCAL CLIMATOLOGICAL DATA (WS FORM: F-6) , PAGE 2

                                          STATION:   FAITH SD
                                          MONTH:     NOVEMBER
                                          YEAR:      2020
                                          LATITUDE:   45  1 N
                                          LONGITUDE: 102  1 W

[TEMPERATURE DATA]      [PRECIPITATION DATA]       SYMBOLS USED IN COLUMN 16

AVERAGE MONTHLY: 39.2   TOTAL FOR MONTH:   0.01    1 = FOG OR MIST
DPTR FM NORMAL:   6.8   DPTR FM NORMAL:   -0.52    2 = FOG REDUCING VISIBILITY
HIGHEST:    76 ON  5, 3  GRTST 24HR  0.01 ON  8- 8      TO 1/4 MILE OR LESS
LOWEST:     11 ON 12                               3 = THUNDER
                        SNOW, ICE PELLETS, HAIL    4 = ICE PELLETS
                        TOTAL MONTH:  M            5 = HAIL
                        GRTST 24HR    M  ON   M    6 = FREEZING RAIN OR DRIZZLE
                        GRTST DEPTH:  M  ON   M    7 = DUSTSTORM OR SANDSTORM:
                                                       VSBY 1/2 MILE OR LESS
                                                   8 = SMOKE OR HAZE
[NO. OF DAYS WITH]      [WEATHER - DAYS WITH]      9 = BLOWING SNOW
                                                   X = TORNADO
MAX 32 OR BELOW:   1    0.01 INCH OR MORE:   1
MAX 90 OR ABOVE:   0    0.10 INCH OR MORE:   0
MIN 32 OR BELOW:  23    0.50 INCH OR MORE:   0
MIN  0 OR BELOW:   0    1.00 INCH OR MORE:   0

[HDD (BASE 65) ]
TOTAL THIS MO.   739    CLEAR  (SCALE 0-3)   0
DPTR FM NORMAL  -205    PTCLDY (SCALE 4-7)   0
TOTAL FM JUL 1  1686    CLOUDY (SCALE 8-10) 29
DPTR FM NORMAL   -57

[CDD (BASE 65) ]
TOTAL THIS MO.     0
DPTR FM NORMAL     0    [PRESSURE DATA]
TOTAL FM JAN 1   646    HIGHEST SLP M ON M
DPTR FM NORMAL    11    LOWEST  SLP 29.24 ON  8

[REMARKS]
