000
CXUS51 KRNK 300806
CF6DAN
PRELIMINARY LOCAL CLIMATOLOGICAL DATA (WS FORM: F-6)

                                          STATION:   DANVILLE VA
                                          MONTH:     NOVEMBER
                                          YEAR:      2020
                                          LATITUDE:   36 34 N
                                          LONGITUDE:  79 20 W

  TEMPERATURE IN F:       :PCPN:    SNOW:  WIND      :SUNSHINE: SKY     :PK WND
================================================================================
1   2   3   4   5  6A  6B    7    8   9   10  11  12  13   14  15   16   17  18
                                     12Z  AVG MX 2MIN
DY MAX MIN AVG DEP HDD CDD  WTR  SNW DPTH SPD SPD DIR MIN PSBL S-S WX    SPD DR
================================================================================

 1  65  46  56   2   9   0 0.47  0.0    0  6.9 25 320   M    M   5 1      36 320
 2  53  32  43 -11  22   0 0.00  0.0    0  7.9 26 310   M    M   0        37 330
 3  65  31  48  -6  17   0 0.00  0.0    0  5.3 14 230   M    M   0        19 230
 4  71  34  53   0  12   0 0.00  0.0    0  1.4  8 230   M    M   0        11 190
 5  71  35  53   0  12   0 0.00  0.0    0  1.4 10 240   M    M   0        12 210
 6  74  43  59   6   6   0 0.00  0.0    0  0.6  6 280   M    M   0 1       7  30
 7  76  44  60   8   5   0 0.00  0.0    0  0.9  6  80   M    M   0 1       9  80
 8  77  48  63  11   2   0 0.00  0.0    0  1.1  8  90   M    M   1 1      11  50
 9  76  48  62  10   3   0 0.00  0.0    0  0.6  9  50   M    M   5 12     12  40
10  78  56  67  16   0   2    T  0.0    0  1.1  8 130   M    M   8 12     12 190
11  76  65  71  20   0   6 3.58  0.0    0  4.3 15 240   M    M   9 13     20 240
12  72  52  62  11   3   0 2.13  0.0    0  5.3 18  30   M    M  10 1      25  30
13  68  49  59   9   6   0 0.03  0.0    0  3.8 12 340   M    M   5 1      14 330
14  65  38  52   2  13   0 0.00  0.0    0  2.1  7  60   M    M   1 1      11 230
15  72  49  61  11   4   0    T  0.0    0  7.3 25 220   M    M   7        36 230
16  62  40  51   2  14   0 0.00  0.0    0  7.2 16 320   M    M   0        23 310
17  58  33  46  -3  19   0 0.00  0.0    0  8.7 26 330   M    M   0        34 330
18  51  29  40  -8  25   0 0.00  0.0    0  5.1 15 340   M    M   0        21 330
19  56  26  41  -7  24   0 0.00  0.0    0  3.5 12 220   M    M   0 1      15 230
20  68  31  50   2  15   0 0.00  0.0    0  5.4 14 240   M    M   0        19 240
21  74  38  56   9   9   0 0.00  0.0    0  2.4  7 360   M    M   0         9  10
22  65  42  54   7  11   0 0.03  0.0    0  2.0  8 230   M    M   5 1      12 220
23  58  34  46   0  19   0    T  0.0    0  8.0 23 320   M    M   2 12     31 330
24  54  28  41  -5  24   0 0.00  0.0    0  1.5  7 260   M    M   1        11 190
25  58  34  46   0  19   0 0.00  0.0    0  1.8  7 230   M    M   5        11 240
26  68  50  59  14   6   0 0.22  0.0    0  3.7 13 230   M    M   8 12     17 240
27  67  47  57  12   8   0 0.00  0.0    0  2.1 10  20   M    M   6 12     13  20
28  65  36  51   6  14   0 0.00  0.0    0  2.6 14 330   M    M   2 1      17 320
29  60  31  46   2  19   0 0.73  0.0    0  2.2  9  50   M    M   3 1      11  50
================================================================================
SM 1923 1169       340   8  7.19  0.0    106.2          M       83
================================================================================
AV 66.3 40.3                               3.7 FASTST   M    M   3    MAX(MPH)
                                 MISC ---->  # 26 310                 37 330
================================================================================
NOTES:
# LAST OF SEVERAL OCCURRENCES

COLUMN 17 PEAK WIND IN M.P.H.

PRELIMINARY LOCAL CLIMATOLOGICAL DATA (WS FORM: F-6) , PAGE 2

                                          STATION:   DANVILLE VA
                                          MONTH:     NOVEMBER
                                          YEAR:      2020
                                          LATITUDE:   36 34 N
                                          LONGITUDE:  79 20 W

[TEMPERATURE DATA]      [PRECIPITATION DATA]       SYMBOLS USED IN COLUMN 16

AVERAGE MONTHLY: 53.3   TOTAL FOR MONTH:   7.19    1 = FOG OR MIST
DPTR FM NORMAL:   3.9   DPTR FM NORMAL:    3.94    2 = FOG REDUCING VISIBILITY
HIGHEST:    78 ON 10    GRTST 24HR  4.89 ON 11-12      TO 1/4 MILE OR LESS
LOWEST:     26 ON 19                               3 = THUNDER
                        SNOW, ICE PELLETS, HAIL    4 = ICE PELLETS
                        TOTAL MONTH:   0.0 INCH    5 = HAIL
                        GRTST 24HR  0.0            6 = FREEZING RAIN OR DRIZZLE
                        GRTST DEPTH:  0            7 = DUSTSTORM OR SANDSTORM:
                                                       VSBY 1/2 MILE OR LESS
                                                   8 = SMOKE OR HAZE
[NO. OF DAYS WITH]      [WEATHER - DAYS WITH]      9 = BLOWING SNOW
                                                   X = TORNADO
MAX 32 OR BELOW:   0    0.01 INCH OR MORE:   7
MAX 90 OR ABOVE:   0    0.10 INCH OR MORE:   5
MIN 32 OR BELOW:   7    0.50 INCH OR MORE:   3
MIN  0 OR BELOW:   0    1.00 INCH OR MORE:   2

[HDD (BASE 65) ]
TOTAL THIS MO.   340    CLEAR  (SCALE 0-3)  18
DPTR FM NORMAL  -115    PTCLDY (SCALE 4-7)   9
TOTAL FM JUL 1   526    CLOUDY (SCALE 8-10)  2
DPTR FM NORMAL  -162

[CDD (BASE 65) ]
TOTAL THIS MO.     8
DPTR FM NORMAL     8    [PRESSURE DATA]
TOTAL FM JAN 1  1531    HIGHEST SLP M ON M
DPTR FM NORMAL    95    LOWEST  SLP 29.73 ON 12

[REMARKS]
