000
CXUS54 KMOB 300653
CF6DTS
PRELIMINARY LOCAL CLIMATOLOGICAL DATA (WS FORM: F-6)

                                          STATION:   DESTIN_(ASOS)
                                          MONTH:     NOVEMBER
                                          YEAR:      2020
                                          LATITUDE:   30 23 N
                                          LONGITUDE:  86 28 W

  TEMPERATURE IN F:       :PCPN:    SNOW:  WIND      :SUNSHINE: SKY     :PK WND
================================================================================
1   2   3   4   5  6A  6B    7    8   9   10  11  12  13   14  15   16   17  18
                                     12Z  AVG MX 2MIN
DY MAX MIN AVG DEP HDD CDD  WTR  SNW DPTH SPD SPD DIR MIN PSBL S-S WX    SPD DR
================================================================================

 1  78  61  70   4   0   5 0.00  0.0    0 10.2 22 350   M    M   4        29 340
 2  68  51  60  -6   5   0 0.00  0.0    0 11.5 18  20   M    M   0        25  10
 3  72  49  61  -5   4   0 0.00  0.0    0  3.4 10  40   M    M   0        15  30
 4  74  51  63  -3   2   0 0.00  0.0    0  5.5 12  90   M    M   0        15  80
 5  80  60  70   5   0   5 0.00  0.0    0  6.6 14  80   M    M   0        20  80
 6  78  64  71   6   0   6 0.00  0.0    0  7.4 14  70   M    M   1        21  60
 7  80  66  73   8   0   8 0.00  0.0    0  8.3 14  70   M    M   2        20  60
 8  83  69  76  12   0  11 0.00  0.0    0  9.0 16  80   M    M   1        24  60
 9  83  70  77  13   0  12 0.00  0.0    0  9.1 16  70   M    M   3        24  60
10  84  73  79  15   0  14    T  0.0    0  6.8 13  60   M    M   7 1      19 130
11  84  73  79  15   0  14 0.00  0.0    0  5.3 12 360   M    M   7        16  10
12  83  62  73  10   0   8 0.00  0.0    0 11.5 17 330   M    M   2        21 330
13  80  57  69   6   0   4 0.00  0.0    0  6.9 16 360   M    M   0        23 360
14  77  60  69   6   0   4 0.00  0.0    0  7.5 13 150   M    M   0        17 130
15  81  64  73  11   0   8    T  0.0    0  8.2 18 360   M    M   2        25 360
16  72  54  63   1   2   0    T  0.0    0 10.4 18  10   M    M   2        24  10
17  75  51  63   1   2   0 0.00  0.0    0 10.0 16 360   M    M   0        23  10
18  69  49  59  -3   6   0 0.00  0.0    0  8.7 15  60   M    M   0        25  60
19  71  51  61   0   4   0 0.00  0.0    0  7.1 15  80   M    M   0        23 100
20  76  57  67   6   0   2 0.00  0.0    0  5.6 12  70   M    M   4        17  80
21  79  61  70   9   0   5 0.00  0.0    0  5.5 13  80   M    M   4        19  50
22  77  62  70  10   0   5 0.00  0.0    0  4.5  9  80   M    M   6        12  80
23  71  55  63   3   2   0 0.00  0.0    0  9.4 18 350   M    M   2        25 340
24  74  47  61   1   4   0 0.00  0.0    0  7.7 16 130   M    M   0        22 140
25  79  61  70  10   0   5 0.00  0.0    0 10.5 18 110   M    M   7        26 110
26  79  68  74  15   0   9 0.00  0.0    0  3.8  9 330   M    M   4        17 210
27  78  68  73  14   0   8 0.25  0.0    0  3.7  9 150   M    M   7 128    14 190
28  75  63  69  10   0   4 0.11  0.0    0  6.9 15 360   M    M   5 1      22  10
29  74  63  69  11   0   4 1.69  0.0    0  8.4 20 180   M    M   8 13     35 250
================================================================================
SM 2234 1740        31 141  2.05     0.0 219.4          M       78
================================================================================
AV 77.0 60.0                               7.6 FASTST   M    M   3    MAX(MPH)
                                 MISC ---->  # 22 350               # 35  250
================================================================================
NOTES:
# LAST OF SEVERAL OCCURRENCES

COLUMN 17 PEAK WIND IN M.P.H.

PRELIMINARY LOCAL CLIMATOLOGICAL DATA (WS FORM: F-6) , PAGE 2

                                          STATION:  DESTIN_(ASOS)
                                          MONTH:    NOVEMBER
                                          YEAR:     2020
                                          LATITUDE:   30 23 N
                                          LONGITUDE:  86 28 W

[TEMPERATURE DATA]      [PRECIPITATION DATA]       SYMBOLS USED IN COLUMN 16

AVERAGE MONTHLY: 68.5   TOTAL FOR MONTH:   2.05    1 = FOG OR MIST
DPTR FM NORMAL:   6.1   DPTR FM NORMAL:   -2.36    2 = FOG REDUCING VISIBILITY
HIGHEST:    84 ON 11,10 GRTST 24HR  1.69 ON 29-29      TO 1/4 MILE OR LESS
LOWEST:     47 ON 24                               3 = THUNDER
                        SNOW, ICE PELLETS, HAIL    4 = ICE PELLETS
                        TOTAL MONTH:   0.0 INCH    5 = HAIL
                        GRTST 24HR     0.0         6 = FREEZING RAIN OR DRIZZLE
                        GRTST DEPTH:   0           7 = DUSTSTORM OR SANDSTORM:
                                                       VSBY 1/2 MILE OR LESS
                                                   8 = SMOKE OR HAZE
[NO. OF DAYS WITH]      [WEATHER - DAYS WITH]      9 = BLOWING SNOW
                                                   X = TORNADO
MAX 32 OR BELOW:   0    0.01 INCH OR MORE:   3
MAX 90 OR ABOVE:   0    0.10 INCH OR MORE:   3
MIN 32 OR BELOW:   0    0.50 INCH OR MORE:   1
MIN  0 OR BELOW:   0    1.00 INCH OR MORE:   1

[HDD (BASE 65) ]
TOTAL THIS MO.    31    CLEAR  (SCALE 0-3)  18
DPTR FM NORMAL   -93    PTCLDY (SCALE 4-7)  11
TOTAL FM JUL 1    41    CLOUDY (SCALE 8-10)  0
DPTR FM NORMAL  -105

[CDD (BASE 65) ]
TOTAL THIS MO.   141
DPTR FM NORMAL    90    [PRESSURE DATA]
TOTAL FM JAN 1  3102    HIGHEST SLP M ON M
DPTR FM NORMAL   412    LOWEST  SLP 29.75 ON 29

[REMARKS]
