000
CXUS51 KPBZ 300830
CF6DUJ
PRELIMINARY LOCAL CLIMATOLOGICAL DATA (WS FORM: F-6)

                                          STATION:   DUBOIS PA
                                          MONTH:     NOVEMBER
                                          YEAR:      2020
                                          LATITUDE:   41 10 N
                                          LONGITUDE:  78 54 W

  TEMPERATURE IN F:       :PCPN:    SNOW:  WIND      :SUNSHINE: SKY     :PK WND
================================================================================
1   2   3   4   5  6A  6B    7    8   9   10  11  12  13   14  15   16   17  18
                                     12Z  AVG MX 2MIN
DY MAX MIN AVG DEP HDD CDD  WTR  SNW DPTH SPD SPD DIR MIN PSBL S-S WX    SPD DR
================================================================================

 1  50  29  40  -4  25   0 0.13    M    M 13.5 31 270   M    M   7 18     46 300
 2  37  29  33 -11  32   0    T    M    M 16.5 25 260   M    M   9 1      35 250
 3  53  33  43  -1  22   0 0.00    M    M 11.5 24 260   M    M   0        29 250
 4  66  41  54  10  11   0 0.00    M    M  7.4 20 220   M    M   0        26 220
 5  66  49  58  15   7   0 0.00    M    M  7.0 16 220   M    M   0        22 220
 6  67  45  56  13   9   0 0.00    M    M  7.2 18 240   M    M   0        23 250
 7  69  42  56  14   9   0 0.00    M    M  2.9 13 240   M    M   0        16 240
 8  73  42  58  16   7   0 0.00    M    M  3.3 10 240   M    M   0        11 250
 9  73  41  57  15   8   0 0.00    M    M  4.3 10 240   M    M   0        14 230
10  74  53  64  23   1   0 0.00    M    M  6.1 15 220   M    M   0        20 200
11  63  47  55  14  10   0 1.00    M    M  5.8 14 320   M    M   9 1      19 310
12  50  32  41   0  24   0 0.00    M    M  7.1 15  10   M    M   2        18  20
13  51  30  41   1  24   0 0.00    M    M  8.1 20 280   M    M   3        25 280
14  46  29  38  -2  27   0 0.00    M    M  6.0 13 120   M    M   2 12     16 120
15  54  39  47   7  18   0 0.49    M    M 17.3 36 260   M    M  10 1      52 250
16  45  32  39   0  26   0    T    M    M 14.6 30 260   M    M   5        41 250
17  35  27  31  -8  34   0 0.07    M    M 11.1 26 300   M    M  10 128    36 310
18  34  27  31  -7  34   0 0.01    M    M  5.8 15 270   M    M   6 1      20 290
19  59  28  44   6  21   0 0.00    M    M 10.0 23 230   M    M   0        31 230
20  62  48  55  17  10   0 0.00    M    M 12.9 23 240   M    M   3        31 230
21  49  32  41   4  24   0 0.00    M    M  7.0 12  10   M    M   4        15 360
22  48  31  40   3  25   0 0.17    M    M 11.2 18 130   M    M   8 18     27 140
23  47  34  41   5  24   0 0.02    M    M 10.3 21 290   M    M  10 18     28 280
24  41  24  33  -3  32   0 0.00    M    M  4.8 15 130   M    M   5        18 120
25  50  36  43   7  22   0 0.23    M    M  9.4 15 130   M    M   7 1      19 110
26  52  45  49  14  16   0 0.19    M    M 10.7 23 250   M    M  10 1      30 250
27  48  41  45  10  20   0 0.00    M    M  4.8 14 250   M    M  10 1      17 250
28  44  30  37   3  28   0 0.01    M    M  8.0 20 280   M    M   5 1      24 270
29  49  26  38   4  27   0 0.00    M    M  6.6 14 220   M    M   0        18 240
================================================================================
SM 1555 1042       577   0  2.32    M    251.2          M      125
================================================================================
AV 53.6 35.9                               8.7 FASTST   M    M   4    MAX(MPH)
                                 MISC ---->    36 260                 52 250
================================================================================
NOTES:
# LAST OF SEVERAL OCCURRENCES

COLUMN 17 PEAK WIND IN M.P.H.

PRELIMINARY LOCAL CLIMATOLOGICAL DATA (WS FORM: F-6) , PAGE 2

                                          STATION:   DUBOIS PA
                                          MONTH:     NOVEMBER
                                          YEAR:      2020
                                          LATITUDE:   41 10 N
                                          LONGITUDE:  78 54 W

[TEMPERATURE DATA]      [PRECIPITATION DATA]       SYMBOLS USED IN COLUMN 16

AVERAGE MONTHLY: 44.8   TOTAL FOR MONTH:   2.32    1 = FOG OR MIST
DPTR FM NORMAL:   5.4   DPTR FM NORMAL:   -1.24    2 = FOG REDUCING VISIBILITY
HIGHEST:    74 ON 10    GRTST 24HR  1.00 ON 11-11      TO 1/4 MILE OR LESS
LOWEST:     24 ON 24                               3 = THUNDER
                        SNOW, ICE PELLETS, HAIL    4 = ICE PELLETS
                        TOTAL MONTH:  M            5 = HAIL
                        GRTST 24HR    M  ON   M    6 = FREEZING RAIN OR DRIZZLE
                        GRTST DEPTH:  M  ON   M    7 = DUSTSTORM OR SANDSTORM:
                                                       VSBY 1/2 MILE OR LESS
                                                   8 = SMOKE OR HAZE
[NO. OF DAYS WITH]      [WEATHER - DAYS WITH]      9 = BLOWING SNOW
                                                   X = TORNADO
MAX 32 OR BELOW:   0    0.01 INCH OR MORE:  10
MAX 90 OR ABOVE:   0    0.10 INCH OR MORE:   6
MIN 32 OR BELOW:  14    0.50 INCH OR MORE:   1
MIN  0 OR BELOW:   0    1.00 INCH OR MORE:   1

[HDD (BASE 65) ]
TOTAL THIS MO.   577    CLEAR  (SCALE 0-3)  14
DPTR FM NORMAL  -167    PTCLDY (SCALE 4-7)   8
TOTAL FM JUL 1  1154    CLOUDY (SCALE 8-10)  7
DPTR FM NORMAL  -333

[CDD (BASE 65) ]
TOTAL THIS MO.     0
DPTR FM NORMAL     0    [PRESSURE DATA]
TOTAL FM JAN 1   652    HIGHEST SLP M ON M
DPTR FM NORMAL   290    LOWEST  SLP 29.52 ON 15

[REMARKS]
