000
CXUS51 KAKQ 300833
CF6ECG
PRELIMINARY LOCAL CLIMATOLOGICAL DATA (WS FORM: F-6)

                                          STATION:   ELIZABETH CITY NC
                                          MONTH:     NOVEMBER
                                          YEAR:      2020
                                          LATITUDE:   36 16 N
                                          LONGITUDE:  76 11 W

  TEMPERATURE IN F:       :PCPN:    SNOW:  WIND      :SUNSHINE: SKY     :PK WND
================================================================================
1   2   3   4   5  6A  6B    7    8   9   10  11  12  13   14  15   16   17  18
                                     12Z  AVG MX 2MIN
DY MAX MIN AVG DEP HDD CDD  WTR  SNW DPTH SPD SPD DIR MIN PSBL S-S WX    SPD DR
================================================================================

 1  77  51  64   7   1   0 0.50  0.0    0 10.0 19 140   M    M   5 13     34 160
 2  56  39  48  -9  17   0 0.00  0.0    0 14.4 28 320   M    M   0        35 290
 3  65  40  53  -4  12   0 0.00  0.0    0  6.1 14 290   M    M   0 8      19 290
 4  71  40  56   0   9   0 0.00  0.0    0  2.1 10 100   M    M   0 1      13 100
 5  77  49  63   7   2   0 0.00  0.0    0  3.8 12 110   M    M   2 12     16  50
 6  75  59  67  11   0   2 0.00  0.0    0  3.3 10 350   M    M   7 12     14  80
 7  78  55  67  11   0   2 0.00  0.0    0  3.2 12  70   M    M   4 12     17 110
 8  79  56  68  13   0   3 0.00  0.0    0  4.7 12  60   M    M   1 12     14  80
 9  80  61  71  16   0   6 0.00  0.0    0  5.8 14  90   M    M   1 12     35  90
10  82  58  70  15   0   5 0.00  0.0    0  5.5 16 130   M    M   3 12     19 120
11  85  67  76  22   0  11 0.23  0.0    0  9.8 20 190   M    M   5 1      27 200
12  77  63  70  16   0   5 2.09  0.0    0 13.1 31 110   M    M  10 1      38 110
13  64  50  57   3   8   0    T  0.0    0  7.8 16 340   M    M   8 12     23  10
14  66  50  58   4   7   0 0.00  0.0    0  4.5 12  50   M    M   1 12     15  50
15  76  52  64  11   1   0 0.00  0.0    0 12.8 21 200   M    M   3        32 160
16  70  46  58   5   7   0 0.00  0.0    0  8.7 24 270   M    M   1 8      29 270
17  65  39  52  -1  13   0 0.00  0.0    0 12.5 28 290   M    M   1 8      37 290
18  51  40  46  -6  19   0 0.00  0.0    0 12.5 26 340   M    M   0        32 340
19  57  33  45  -7  20   0 0.00  0.0    0  5.5 12 360   M    M   0        14  10
20  68  37  53   1  12   0 0.00  0.0    0  5.3 17 210   M    M   0 1      21 200
21  71  47  59   7   6   0 0.00  0.0    0  4.2 10 240   M    M   0 12     15 270
22  70  46  58   7   7   0 0.15  0.0    0  3.5 13 140   M    M   9 12     17 140
23  65  44  55   4  10   0 0.55  0.0    0 11.8 22 350   M    M   4 13     28 310
24  55  37  46  -5  19   0 0.00  0.0    0  6.1 15 330   M    M   0        19 340
25  67  38  53   3  12   0 0.00  0.0    0  5.1 12 150   M    M   2        16 140
26  74  58  66  16   0   1 0.18  0.0    0  8.3 15 200   M    M   7 1      30 170
27  66  53  60  10   5   0 0.00  0.0    0  4.1 10 350   M    M   9 128    13  20
28  63  43  53   4  12   0 0.00  0.0    0  3.8 14 300   M    M   5 12     27 330
29  63  40  52   3  13   0    T  0.0    0  4.5 14 130   M    M   1 12     19 140
================================================================================
SM 2013 1391       212  35  3.70     0.0 202.8          M       89
================================================================================
AV 69.4 48.0                               7.0 FASTST   M    M   3    MAX(MPH)
                                 MISC ---->  # 31 110               # 38  110
================================================================================
NOTES:
# LAST OF SEVERAL OCCURRENCES

COLUMN 17 PEAK WIND IN M.P.H.

PRELIMINARY LOCAL CLIMATOLOGICAL DATA (WS FORM: F-6) , PAGE 2

                                          STATION:  ELIZABETH CITY NC
                                          MONTH:    NOVEMBER
                                          YEAR:     2020
                                          LATITUDE:   36 16 N
                                          LONGITUDE:  76 11 W

[TEMPERATURE DATA]      [PRECIPITATION DATA]       SYMBOLS USED IN COLUMN 16

AVERAGE MONTHLY: 58.7   TOTAL FOR MONTH:   3.70    1 = FOG OR MIST
DPTR FM NORMAL:   5.4   DPTR FM NORMAL:    0.73    2 = FOG REDUCING VISIBILITY
HIGHEST:    85 ON 11    GRTST 24HR  2.09 ON 12-12      TO 1/4 MILE OR LESS
LOWEST:     33 ON 19                               3 = THUNDER
                        SNOW, ICE PELLETS, HAIL    4 = ICE PELLETS
                        TOTAL MONTH:   0.0 INCH    5 = HAIL
                        GRTST 24HR     0.0         6 = FREEZING RAIN OR DRIZZLE
                        GRTST DEPTH:   0           7 = DUSTSTORM OR SANDSTORM:
                                                       VSBY 1/2 MILE OR LESS
                                                   8 = SMOKE OR HAZE
[NO. OF DAYS WITH]      [WEATHER - DAYS WITH]      9 = BLOWING SNOW
                                                   X = TORNADO
MAX 32 OR BELOW:   0    0.01 INCH OR MORE:   6
MAX 90 OR ABOVE:   0    0.10 INCH OR MORE:   6
MIN 32 OR BELOW:   0    0.50 INCH OR MORE:   3
MIN  0 OR BELOW:   0    1.00 INCH OR MORE:   1

[HDD (BASE 65) ]
TOTAL THIS MO.   212    CLEAR  (SCALE 0-3)  17
DPTR FM NORMAL  -136    PTCLDY (SCALE 4-7)   9
TOTAL FM JUL 1   235    CLOUDY (SCALE 8-10)  3
DPTR FM NORMAL  -264

[CDD (BASE 65) ]
TOTAL THIS MO.    35
DPTR FM NORMAL    31    [PRESSURE DATA]
TOTAL FM JAN 1  2158    HIGHEST SLP M ON M
DPTR FM NORMAL   573    LOWEST  SLP 29.78 ON 12

[REMARKS]
