000
CXUS54 KEWX 301010
CF6ERV
PRELIMINARY LOCAL CLIMATOLOGICAL DATA (WS FORM: F-6)

                                          STATION:   KERRVILLE
                                          MONTH:     NOVEMBER
                                          YEAR:      2020
                                          LATITUDE:   29 58 N
                                          LONGITUDE:  99  5 W

  TEMPERATURE IN F:       :PCPN:    SNOW:  WIND      :SUNSHINE: SKY     :PK WND
================================================================================
1   2   3   4   5  6A  6B    7    8   9   10  11  12  13   14  15   16   17  18
                                     12Z  AVG MX 2MIN
DY MAX MIN AVG DEP HDD CDD  WTR  SNW DPTH SPD SPD DIR MIN PSBL S-S WX    SPD DR
================================================================================

 1  78  39  59   M   6   0 0.00    M    M  5.8 16  40   M    M   0        20  30
 2  77  32  55   M  10   0 0.00    M    M  1.8  7 190   M    M   0         M  M
 3  78  33  56   M   9   0 0.00    M    M  4.3 16 160   M    M   0        22 160
 4  79  42  61   M   4   0 0.00    M    M  5.5 15 200   M    M   2 1      22 170
 5  82  53  68   M   0   3 0.00    M    M  5.5 10 180   M    M   5        16 190
 6  79  47  63   M   2   0 0.00    M    M  2.9 12 160   M    M   3         M  M
 7  77  49  63   M   2   0 0.00    M    M  3.4 12 150   M    M   4        16 140
 8  81  59  70   M   0   5 0.00    M    M 10.3 16 190   M    M   6        23 170
 9  79  61  70   M   0   5 0.00    M    M 11.5 17 160   M    M   6        25 180
10  76  44  60   M   5   0 0.00    M    M  7.0 20 360   M    M   6 1      24 360
11  82  42  62   M   3   0 0.00    M    M  2.6  8 160   M    M   4         M  M
12  79  51  65   M   0   0 0.00    M    M  3.1 13 200   M    M   5 1      17 200
13  79  49  64   M   1   0 0.00    M    M  3.0  9 140   M    M   7 12      M  M
14  82  59  71   M   0   6 0.00    M    M  9.2 20 160   M    M   6        24 180
15  72  39  56   M   9   0 0.00    M    M  7.8 16 360   M    M   0 1      27 360
16  76  31  54   M  11   0 0.00    M    M  1.7  6 140   M    M   0         M  M
17  76  33  55   M  10   0 0.00    M    M  2.9  9  90   M    M   0        17 120
18  74  31  53   M  12   0 0.00    M    M  5.5 17 180   M    M   1        22 160
19  77  54  66   M   0   1 0.00    M    M  7.9 16 160   M    M   4 1      22 190
20  79  52  66   M   0   1 0.00    M    M  7.7 13 160   M    M   4        20 170
21  79  52  66   M   0   1 0.00    M    M  5.6 13 150   M    M   7        17 150
22  76  54  65   M   0   0 0.00    M    M  4.7 13  40   M    M   9        17  40
23  72  51  62   M   3   0 0.00    M    M  8.5 16 160   M    M  10        22 170
24  80  59  70   M   0   5 0.00    M    M 11.7 22 180   M    M   6        25 180
25  76  44  60   M   5   0 0.00    M    M  3.1 10 350   M    M   1        16 350
26  74  36  55   M  10   0 0.00    M    M  1.9  8 170   M    M   3         M  M
27  72  56  64   M   1   0 0.01    M    M  4.9 13  30   M    M  10 18     21  30
28  56  47  52   M  13   0 0.61    M    M  6.7 14 320   M    M  10        18 320
29  53  41  47   M  18   0 0.00    M    M 11.7 20 350   M    M   8 1      27 350
================================================================================
SM 2200 1340       134  27  0.62    M    168.2          M      127
================================================================================
AV 75.9 46.2                               5.8 FASTST   M    M   4    MAX(MPH)
                                 MISC ---->  # 22 180               # 27  360
================================================================================
NOTES:
# LAST OF SEVERAL OCCURRENCES

COLUMN 17 PEAK WIND IN M.P.H.

PRELIMINARY LOCAL CLIMATOLOGICAL DATA (WS FORM: F-6) , PAGE 2

                                          STATION:  KERRVILLE
                                          MONTH:    NOVEMBER
                                          YEAR:     2020
                                          LATITUDE:   29 58 N
                                          LONGITUDE:  99  5 W

[TEMPERATURE DATA]      [PRECIPITATION DATA]       SYMBOLS USED IN COLUMN 16

AVERAGE MONTHLY: 61.0   TOTAL FOR MONTH:   0.62    1 = FOG OR MIST
DPTR FM NORMAL:     M   DPTR FM NORMAL:       M    2 = FOG REDUCING VISIBILITY
HIGHEST:    82 ON 14,11 GRTST 24HR  0.61 ON 28-28      TO 1/4 MILE OR LESS
LOWEST:     31 ON 18,16                            3 = THUNDER
                        SNOW, ICE PELLETS, HAIL    4 = ICE PELLETS
                        TOTAL MONTH:    M          5 = HAIL
                        GRTST 24HR    M  ON   M    6 = FREEZING RAIN OR DRIZZLE
                        GRTST DEPTH:  M  ON   M    7 = DUSTSTORM OR SANDSTORM:
                                                       VSBY 1/2 MILE OR LESS
                                                   8 = SMOKE OR HAZE
[NO. OF DAYS WITH]      [WEATHER - DAYS WITH]      9 = BLOWING SNOW
                                                   X = TORNADO
MAX 32 OR BELOW:   0    0.01 INCH OR MORE:   2
MAX 90 OR ABOVE:   0    0.10 INCH OR MORE:   1
MIN 32 OR BELOW:   3    0.50 INCH OR MORE:   1
MIN  0 OR BELOW:   0    1.00 INCH OR MORE:   0

[HDD (BASE 65) ]
TOTAL THIS MO.   134    CLEAR  (SCALE 0-3)  10
DPTR FM NORMAL     M    PTCLDY (SCALE 4-7)  15
TOTAL FM JUL 1   238    CLOUDY (SCALE 8-10)  4
DPTR FM NORMAL     M

[CDD (BASE 65) ]
TOTAL THIS MO.    27
DPTR FM NORMAL     M    [PRESSURE DATA]
TOTAL FM JAN 1  2673    HIGHEST SLP M ON M
DPTR FM NORMAL     M    LOWEST  SLP M ON M

[REMARKS]
