799
CXUS53 KIWX 290910
CF6FWA
PRELIMINARY LOCAL CLIMATOLOGICAL DATA (WS FORM: F-6)

                                          STATION:   FORT WAYNE
                                          MONTH:     NOVEMBER
                                          YEAR:      2020
                                          LATITUDE:   41  0 N
                                          LONGITUDE:  85 12 W

  TEMPERATURE IN F:       :PCPN:    SNOW:  WIND      :SUNSHINE: SKY     :PK WND
================================================================================
1   2   3   4   5  6A  6B    7    8   9   10  11  12  13   14  15   16   17  18
                                     12Z  AVG MX 2MIN
DY MAX MIN AVG DEP HDD CDD  WTR  SNW DPTH SPD SPD DIR MIN PSBL S-S WX    SPD DR
================================================================================

 1  51  30  41  -6  24   0 0.01    T    0 19.0 33 280   M    M   6        46 280
 2  48  27  38  -9  27   0 0.00  0.0    0 13.4 23 240   M    M   5        30 240
 3  66  31  49   2  16   0 0.00  0.0    0 10.3 17 230   M    M   1        23 230
 4  72  43  58  12   7   0 0.00  0.0    0 12.1 21 210   M    M   2        28 230
 5  66  45  56  10   9   0 0.00  0.0    0 11.8 18 230   M    M   7        24 240
 6  71  40  56  10   9   0 0.00  0.0    0  9.4 17 240   M    M   3        23 220
 7  70  38  54   9  11   0 0.00  0.0    0  4.8 13 220   M    M   2 1      17 220
 8  78  42  60  15   5   0 0.00  0.0    0  5.3 16 170   M    M   3 8      21 170
 9  77  48  63  19   2   0 0.00  0.0    0  6.6 21 200   M    M   5        29 190
10  76  57  67  23   0   2 0.11  0.0    0 14.4 28 280   M    M   8 1      39 250
11  58  28  43  -1  22   0    T  0.0    0 11.0 24 260   M    M   6 1      31 260
12  49  26  38  -5  27   0 0.00  0.0    0  3.8 12 100   M    M   2 1      15 100
13  46  24  35  -8  30   0    T  0.0    0  6.6 21 280   M    M   5 1      28 310
14  46  21  34  -8  31   0 0.19  0.0    0  8.2 17 140   M    M   6 18     24 150
15  55  37  46   4  19   0 0.66  0.0    0 24.4 46 250   M    M   9 13     63 260
16  46  31  39  -2  26   0 0.00  0.0    0 15.3 28 260   M    M   3        38 280
17  42  26  34  -7  31   0    T  0.0    0 12.6 22 290   M    M   5        33 310
18  47  25  36  -4  29   0 0.00  0.0    0 10.0 21 180   M    M   7        26 190
19  66  38  52  12  13   0 0.00  0.0    0 19.0 37 220   M    M   8        51 220
20  65  48  57  17   8   0 0.00  0.0    0 14.4 26 230   M    M   6        37 240
21  49  40  45   6  20   0 0.00  0.0    0  7.2 13  70   M    M   9        16  70
22  40  32  36  -2  29   0 0.94  0.4    T 10.3 16  30   M    M  10 1      22  40
23  46  31  39   1  26   0 0.00  0.0    0  6.9 14 270   M    M   7 12     19 250
24  43  31  37  -1  28   0 0.06  0.0    0  7.2 15 150   M    M  10 1      22 130
25  54  41  48  11  17   0 0.76    M    M  9.3 21 250   M    M  10 1      29 250
26  52  38  45   8  20   0    T  0.0    0 12.5 24 270   M    M  10 1      32 260
27  45  37  41   5  24   0 0.00  0.0    0  7.4 14 290   M    M   9        21 300
28  46  29  38   2  27   0 0.00  0.0    0  8.1 14 270   M    M   1        18 260
================================================================================
SM 1570  984       537   2  2.73  0.4    301.3          M      165
================================================================================
AV 56.1 35.1                              10.8 FASTST   M    M   6    MAX(MPH)
                                 MISC ---->    46 250                 63 260
================================================================================
NOTES:
# LAST OF SEVERAL OCCURRENCES

COLUMN 17 PEAK WIND IN M.P.H.

PRELIMINARY LOCAL CLIMATOLOGICAL DATA (WS FORM: F-6) , PAGE 2

                                          STATION:   FORT WAYNE
                                          MONTH:     NOVEMBER
                                          YEAR:      2020
                                          LATITUDE:   41  0 N
                                          LONGITUDE:  85 12 W

[TEMPERATURE DATA]      [PRECIPITATION DATA]       SYMBOLS USED IN COLUMN 16

AVERAGE MONTHLY: 45.6   TOTAL FOR MONTH:   2.73    1 = FOG OR MIST
DPTR FM NORMAL:   3.8   DPTR FM NORMAL:   -0.15    2 = FOG REDUCING VISIBILITY
HIGHEST:    78 ON  8    GRTST 24HR  0.94 ON 22-22      TO 1/4 MILE OR LESS
LOWEST:     21 ON 14                               3 = THUNDER
                        SNOW, ICE PELLETS, HAIL    4 = ICE PELLETS
                        TOTAL MONTH:   0.4 INCH    5 = HAIL
                        GRTST 24HR   0.4 ON 22-22  6 = FREEZING RAIN OR DRIZZLE
                        GRTST DEPTH:  T            7 = DUSTSTORM OR SANDSTORM:
                                                       VSBY 1/2 MILE OR LESS
                                                   8 = SMOKE OR HAZE
[NO. OF DAYS WITH]      [WEATHER - DAYS WITH]      9 = BLOWING SNOW
                                                   X = TORNADO
MAX 32 OR BELOW:   0    0.01 INCH OR MORE:   7
MAX 90 OR ABOVE:   0    0.10 INCH OR MORE:   5
MIN 32 OR BELOW:  14    0.50 INCH OR MORE:   3
MIN  0 OR BELOW:   0    1.00 INCH OR MORE:   0

[HDD (BASE 65) ]
TOTAL THIS MO.   537    CLEAR  (SCALE 0-3)   8
DPTR FM NORMAL  -111    PTCLDY (SCALE 4-7)  13
TOTAL FM JUL 1  1056    CLOUDY (SCALE 8-10)  7
DPTR FM NORMAL  -101

[CDD (BASE 65) ]
TOTAL THIS MO.     2
DPTR FM NORMAL     2    [PRESSURE DATA]
TOTAL FM JAN 1   938    HIGHEST SLP M ON M
DPTR FM NORMAL   129    LOWEST  SLP 29.37 ON 15

[REMARKS]
