000
CXUS53 KFGF 300915
CF6GFK
PRELIMINARY LOCAL CLIMATOLOGICAL DATA (WS FORM: F-6)

                                          STATION:   GRAND FORKS INTL AP ND
                                          MONTH:     NOVEMBER
                                          YEAR:      2020
                                          LATITUDE:   47 57 N
                                          LONGITUDE:  97 11 W

  TEMPERATURE IN F:       :PCPN:    SNOW:  WIND      :SUNSHINE: SKY     :PK WND
================================================================================
1   2   3   4   5  6A  6B    7    8   9   10  11  12  13   14  15   16   17  18
                                     12Z  AVG MX 2MIN
DY MAX MIN AVG DEP HDD CDD  WTR  SNW DPTH SPD SPD DIR MIN PSBL S-S WX    SPD DR
================================================================================

 1  39  14  27  -8  38   0 0.00  0.0    0 10.6 24 320   M    M   4        34 320
 2  64  26  45  11  20   0 0.00  0.0    0  9.4 16 310   M    M   3        22 320
 3  71  31  51  17  14   0 0.00  0.0    0  8.7 17 250   M    M   1        22 240
 4  74  28  51  18  14   0 0.00  0.0    0 12.2 23 260   M    M   4        31 260
 5  61  28  45  13  20   0 0.00  0.0    0 11.0 22 180   M    M   6        30 180
 6  54  31  43  11  22   0 0.00  0.0    0 12.1 21 360   M    M   5        29 360
 7  45  30  38   7  27   0 0.00  0.0    0  9.4 21 350   M    M   8        28 340
 8  72  36  54  23  11   0 0.00  0.0    0 17.3 35 190   M    M   4        47 170
 9  37  20  29  -1  36   0 0.00  0.0    0 12.7 24 290   M    M   4 8      32 280
10  30  10  20  -9  45   0 0.00  0.0    0  3.7 12 320   M    M   2        14 320
11  35  10  23  -6  42   0 0.02  0.3    0  8.9 24 280   M    M   6 1      32 270
12  24   5  15 -13  50   0    T  0.3    T  9.4 20 270   M    M   6 8      26 270
13  41   6  24  -4  41   0 0.00  0.0    T 12.3 20 180   M    M   2        27 180
14  47  27  37  10  28   0 0.00  0.0    0 13.8 30 290   M    M   7        43 300
15  31  10  21  -5  44   0 0.02  0.2    T 14.3 30 320   M    M   7 18     39 310
16  26   6  16 -10  49   0 0.03  0.2    T  9.1 21 350   M    M   5 1      28 360
17  27   5  16  -9  49   0 0.00  0.0    T  6.3 15 140   M    M   5 1      19 140
18  42  24  33   9  32   0    T  0.0    T 11.1 20 150   M    M   7        27 150
19  43  29  36  12  29   0    T    T    0  7.1 17 350   M    M   9 14     22 360
20  33  19  26   3  39   0    T    T    M  9.4 22 320   M    M  10        29 320
21  39  17  28   5  37   0 0.00  0.0    T  9.7 20 180   M    M   6        24 180
22  33  19  26   4  39   0 0.00  0.0    0  9.4 22 350   M    M   8        30 300
23  35  14  25   4  40   0    T    T    0 14.0 24 140   M    M   4 6      31 150
24  38  24  31  10  34   0 0.03  0.0    0 12.7 23 150   M    M  10 168    30 150
25  32  15  24   4  41   0 0.00  0.0    0 13.7 22 180   M    M   8 18     32 190
26  41  26  34  14  31   0 0.02  0.2    T 12.6 24 300   M    M   8 1      35 300
27  39  12  26   7  39   0 0.00  0.0    0 11.1 21 200   M    M   5        26 190
28  46  20  33  14  32   0 0.00  0.0    0 10.8 31 300   M    M   4        42 310
29  34   8  21   3  44   0    T    T    0 12.5 29 320   M    M   6        40 300
================================================================================
SM 1233  550       987   0  0.12  1.2    315.3          M      164
================================================================================
AV 42.5 19.0                              10.9 FASTST   M    M   6    MAX(MPH)
                                 MISC ---->    35 190                 47 170
================================================================================
NOTES:
# LAST OF SEVERAL OCCURRENCES

COLUMN 17 PEAK WIND IN M.P.H.

PRELIMINARY LOCAL CLIMATOLOGICAL DATA (WS FORM: F-6) , PAGE 2

                                          STATION:   GRAND FORKS INTL AP ND
                                          MONTH:     NOVEMBER
                                          YEAR:      2020
                                          LATITUDE:   47 57 N
                                          LONGITUDE:  97 11 W

[TEMPERATURE DATA]      [PRECIPITATION DATA]       SYMBOLS USED IN COLUMN 16

AVERAGE MONTHLY: 30.7   TOTAL FOR MONTH:   0.12    1 = FOG OR MIST
DPTR FM NORMAL:   4.4   DPTR FM NORMAL:   -0.81    2 = FOG REDUCING VISIBILITY
HIGHEST:    74 ON  4    GRTST 24HR  0.04 ON 15-16      TO 1/4 MILE OR LESS
LOWEST:      5 ON 17,12                             3 = THUNDER
                        SNOW, ICE PELLETS, HAIL    4 = ICE PELLETS
                        TOTAL MONTH:   1.2 INCHES  5 = HAIL
                        GRTST 24HR   0.3 ON 11-11  6 = FREEZING RAIN OR DRIZZLE
                        GRTST DEPTH:  T            7 = DUSTSTORM OR SANDSTORM:
                                                       VSBY 1/2 MILE OR LESS
                                                   8 = SMOKE OR HAZE
[NO. OF DAYS WITH]      [WEATHER - DAYS WITH]      9 = BLOWING SNOW
                                                   X = TORNADO
MAX 32 OR BELOW:   6    0.01 INCH OR MORE:   5
MAX 90 OR ABOVE:   0    0.10 INCH OR MORE:   0
MIN 32 OR BELOW:  28    0.50 INCH OR MORE:   0
MIN  0 OR BELOW:   0    1.00 INCH OR MORE:   0

[HDD (BASE 65) ]
TOTAL THIS MO.   987    CLEAR  (SCALE 0-3)   4
DPTR FM NORMAL  -134    PTCLDY (SCALE 4-7)  21
TOTAL FM JUL 1  2062    CLOUDY (SCALE 8-10)  4
DPTR FM NORMAL   -90

[CDD (BASE 65) ]
TOTAL THIS MO.     0
DPTR FM NORMAL     0    [PRESSURE DATA]
TOTAL FM JAN 1   541    HIGHEST SLP M ON M
DPTR FM NORMAL   162    LOWEST  SLP 29.35 ON 14

[REMARKS]
