187
CXUS52 KJAX 300900
CF6GNV
PRELIMINARY LOCAL CLIMATOLOGICAL DATA (WS FORM: F-6)

                                          STATION:   GAINESVILLE
                                          MONTH:     NOVEMBER
                                          YEAR:      2020
                                          LATITUDE:   29 40 N
                                          LONGITUDE:  82 16 W

  TEMPERATURE IN F:       :PCPN:    SNOW:  WIND      :SUNSHINE: SKY     :PK WND
================================================================================
1   2   3   4   5  6A  6B    7    8   9   10  11  12  13   14  15   16   17  18
                                     12Z  AVG MX 2MIN
DY MAX MIN AVG DEP HDD CDD  WTR  SNW DPTH SPD SPD DIR MIN PSBL S-S WX    SPD DR
================================================================================

 1  83  61  72   6   0   7 0.26  0.0    0  4.1 21 320   M    M   6 13     28 300
 2  66  41  54 -12  11   0 0.00  0.0    0  8.9 22  40   M    M   0        30  30
 3  72  41  57  -9   8   0 0.00  0.0    0  4.1 12  40   M    M   0        14  10
 4  79  45  62  -4   3   0    T  0.0    0  7.4 18  70   M    M   2        23  60
 5  81  60  71   6   0   6 0.00  0.0    0  8.7 18  50   M    M   5        23  50
 6  82  67  75  10   0  10    T  0.0    0  9.6 21  50   M    M   7 1      24  50
 7  85  67  76  11   0  11    T  0.0    0  9.6 24  70   M    M   5 1      33  90
 8  82  68  75  10   0  10 0.03  0.0    0 11.5 21  70   M    M   3 1      30  80
 9  80  72  76  12   0  11 0.62  0.0    0 12.4 24  70   M    M   9 1      35  50
10  84  72  78  14   0  13 0.15  0.0    0  9.0 28 110   M    M   7 13     37 120
11  81  73  77  13   0  12 0.19  0.0    0  8.2 24 110   M    M   8 1      32 100
12  79  67  73   9   0   8 0.48  0.0    0 12.3 31 130   M    M   8 1      43 130
13  73  58  66   3   0   1 0.00  0.0    0  3.0  8 340   M    M   6 12     11 360
14  79  57  68   5   0   3 0.00  0.0    0  3.3 12 130   M    M   4 12     14 110
15  84  60  72   9   0   7 0.05  0.0    0  2.4 14 170   M    M   3 12     18 170
16  78  53  66   3   0   1 0.00  0.0    0  5.7 14  10   M    M   4 12     19  20
17  73  47  60  -2   5   0 0.00  0.0    0  6.7 17  30   M    M   0        24  10
18  70  46  58  -4   7   0 0.00  0.0    0 11.2 24  40   M    M   0        30  30
19  71  47  59  -3   6   0 0.00  0.0    0  8.5 18  40   M    M   6        26  30
20  74  57  66   4   0   1    T  0.0    0  7.9 18  60   M    M   8 1      23  60
21  78  62  70   9   0   5 0.08  0.0    0  9.2 20  60   M    M   8 1      25  40
22  76  61  69   8   0   4 0.04  0.0    0  7.5 15  50   M    M   9 1      18  50
23  76  51  64   3   1   0 0.00  0.0    0  5.5 14  10   M    M   4 1      20  20
24  77  48  63   2   2   0 0.00  0.0    0  5.7 16 100   M    M   1        21  70
25  80  55  68   8   0   3 0.00  0.0    0  3.1 13 120   M    M   3 1      17 160
26  81  58  70  10   0   5 0.00  0.0    0  2.9 14 190   M    M   4 1      17 180
27  82  57  70  10   0   5 0.00  0.0    0  1.2 10 300   M    M   0 1      14 290
28  78  62  70  10   0   5    T  0.0    0  4.4 16 250   M    M   6 1      19 250
29  74  62  68   8   0   3 0.00  0.0    0  4.9 10  30   M    M   8 1      12  40
================================================================================
SM 2258 1675        43 131  1.90  0.0    198.9          M      134
================================================================================
AV 77.9 57.8                               6.9 FASTST   M    M   5    MAX(MPH)
                                 MISC ---->    31 130                 43 130
================================================================================
NOTES:
# LAST OF SEVERAL OCCURRENCES

COLUMN 17 PEAK WIND IN M.P.H.

PRELIMINARY LOCAL CLIMATOLOGICAL DATA (WS FORM: F-6) , PAGE 2

                                          STATION:   GAINESVILLE
                                          MONTH:     NOVEMBER
                                          YEAR:      2020
                                          LATITUDE:   29 40 N
                                          LONGITUDE:  82 16 W

[TEMPERATURE DATA]      [PRECIPITATION DATA]       SYMBOLS USED IN COLUMN 16

AVERAGE MONTHLY: 67.8   TOTAL FOR MONTH:   1.90    1 = FOG OR MIST
DPTR FM NORMAL:   4.9   DPTR FM NORMAL:   -0.08    2 = FOG REDUCING VISIBILITY
HIGHEST:    85 ON  7    GRTST 24HR  0.66 ON  9-10      TO 1/4 MILE OR LESS
LOWEST:     41 ON  3, 2                             3 = THUNDER
                        SNOW, ICE PELLETS, HAIL    4 = ICE PELLETS
                        TOTAL MONTH:   0.0 INCH    5 = HAIL
                        GRTST 24HR  0.0            6 = FREEZING RAIN OR DRIZZLE
                        GRTST DEPTH:  0            7 = DUSTSTORM OR SANDSTORM:
                                                       VSBY 1/2 MILE OR LESS
                                                   8 = SMOKE OR HAZE
[NO. OF DAYS WITH]      [WEATHER - DAYS WITH]      9 = BLOWING SNOW
                                                   X = TORNADO
MAX 32 OR BELOW:   0    0.01 INCH OR MORE:   9
MAX 90 OR ABOVE:   0    0.10 INCH OR MORE:   5
MIN 32 OR BELOW:   0    0.50 INCH OR MORE:   1
MIN  0 OR BELOW:   0    1.00 INCH OR MORE:   0

[HDD (BASE 65) ]
TOTAL THIS MO.    43    CLEAR  (SCALE 0-3)   8
DPTR FM NORMAL   -84    PTCLDY (SCALE 4-7)  19
TOTAL FM JUL 1    45    CLOUDY (SCALE 8-10)  2
DPTR FM NORMAL  -109

[CDD (BASE 65) ]
TOTAL THIS MO.   131
DPTR FM NORMAL    65    [PRESSURE DATA]
TOTAL FM JAN 1  3076    HIGHEST SLP M ON M
DPTR FM NORMAL   460    LOWEST  SLP 29.62 ON 12

[REMARKS]
