000
CXUS54 KFWD 300830
CF6GOP
PRELIMINARY LOCAL CLIMATOLOGICAL DATA (WS FORM: F-6)

                                          STATION:   GATESVILLE
                                          MONTH:     NOVEMBER
                                          YEAR:      2020
                                          LATITUDE:   31 25 N
                                          LONGITUDE:  97 48 W

  TEMPERATURE IN F:       :PCPN:    SNOW:  WIND      :SUNSHINE: SKY     :PK WND
================================================================================
1   2   3   4   5  6A  6B    7    8   9   10  11  12  13   14  15   16   17  18
                                     12Z  AVG MX 2MIN
DY MAX MIN AVG DEP HDD CDD  WTR  SNW DPTH SPD SPD DIR MIN PSBL S-S WX    SPD DR
================================================================================

 1  73  45  59  -2   6   0 0.00    M    M  4.1 12  40   M    M   0        21  30
 2  72  37  55  -6  10   0 0.00    M    M  1.3  6 140   M    M   0         M   M
 3  79  41  60   0   5   0 0.00    M    M  4.5 14 180   M    M   0        16 160
 4  77  48  63   3   2   0 0.00    M    M  7.4 16 180   M    M   0        21 180
 5  81  57  69   9   0   4 0.00    M    M  5.3 13 190   M    M   2        17 200
 6  77  57  67   8   0   2 0.00    M    M  3.6  9 150   M    M   3        14 160
 7  75  48  62   3   3   0 0.00    M    M  1.4  9 140   M    M   0        15 140
 8  77  54  66   7   0   1 0.00    M    M  4.1 12 150   M    M   3 1      20 150
 9  81  61  71  13   0   6 0.00    M    M  6.9 15 190   M    M   4 1      21 160
10  77  48  63   5   2   0 0.00    M    M  4.5 10 350   M    M   3 8      17 310
11  77  41  59   1   6   0 0.00    M    M  0.3  5  40   M    M   0 8       M   M
12  79  52  66   9   0   1 0.00  0.0    0  4.1 13 220   M    M   2 8      20 170
13  75  55  65   8   0   0 0.00  0.0    0  1.3  8 150   M    M   1 1       M   M
14  81  66  74  18   0   9 0.00  0.0    0  8.7 18 200   M    M   4 8      25 200
15  70  39  55  -1  10   0 0.00  0.0    0  7.3 17 360   M    M   0 8      33 310
16  70  32  51  -5  14   0 0.00  0.0    0  0.8  7 140   M    M   0 8      12 160
17  73  34  54  -1  11   0 0.00  0.0    0  1.1  5  99   M    M   0 8       M   M
18  75  37  56   1   9   0 0.00  0.0    0  4.8 13 150   M    M   0        18 160
19  79  54  67  13   0   2 0.00    M    M  8.8 16 200   M    M   3 8      22 170
20  79  55  67  13   0   2 0.00    M    M  5.9 14 180   M    M   2 18     20 180
21  77  59  68  14   0   3 0.00    M    M  2.7 10 180   M    M   5 1      13 140
22  70  50  60   7   5   0 0.00    M    M  5.2 13  10   M    M   7        18  10
23  59  46  53   0  12   0 0.00    M    M  4.6 12 140   M    M   9        16 140
24  79  57  68  16   0   3 0.45    M    M 10.0 22 200   M    M   6 18     24 200
25  66  45  56   4   9   0 0.00    M    M  3.8 14 310   M    M   1 8      21 310
26  77  39  58   6   7   0 0.00    M    M  4.0 13 190   M    M   0 8      17 140
27  63  55  59   8   6   0 0.13    M    M  4.1 10 360   M    M   8 1      17 350
28  57  46  52   1  13   0 0.10    M    M  6.6  9 320   M    M  10 1      18 320
29  52  43  48  -3  17   0 0.00    M    M 10.4 20 340   M    M   7        27 340
================================================================================
SM 2127 1401       147  33  0.68  0.0    137.6          M       80
================================================================================
AV 73.3 48.3                               4.7 FASTST   M    M   3    MAX(MPH)
                                 MISC ---->    22 200                 33 310
================================================================================
NOTES:
# LAST OF SEVERAL OCCURRENCES

COLUMN 17 PEAK WIND IN M.P.H.

PRELIMINARY LOCAL CLIMATOLOGICAL DATA (WS FORM: F-6) , PAGE 2

                                          STATION:   GATESVILLE
                                          MONTH:     NOVEMBER
                                          YEAR:      2020
                                          LATITUDE:   31 25 N
                                          LONGITUDE:  97 48 W

[TEMPERATURE DATA]      [PRECIPITATION DATA]       SYMBOLS USED IN COLUMN 16

AVERAGE MONTHLY: 60.8   TOTAL FOR MONTH:   0.68    1 = FOG OR MIST
DPTR FM NORMAL:   4.9   DPTR FM NORMAL:    0.68    2 = FOG REDUCING VISIBILITY
HIGHEST:    81 ON 14, 9  GRTST 24HR  0.45 ON 24-24      TO 1/4 MILE OR LESS
LOWEST:     32 ON 16                               3 = THUNDER
                        SNOW, ICE PELLETS, HAIL    4 = ICE PELLETS
                        TOTAL MONTH:   0.0 INCH    5 = HAIL
                        GRTST 24HR  0.0            6 = FREEZING RAIN OR DRIZZLE
                        GRTST DEPTH:  0            7 = DUSTSTORM OR SANDSTORM:
                                                       VSBY 1/2 MILE OR LESS
                                                   8 = SMOKE OR HAZE
[NO. OF DAYS WITH]      [WEATHER - DAYS WITH]      9 = BLOWING SNOW
                                                   X = TORNADO
MAX 32 OR BELOW:   0    0.01 INCH OR MORE:   3
MAX 90 OR ABOVE:   0    0.10 INCH OR MORE:   2
MIN 32 OR BELOW:   1    0.50 INCH OR MORE:   0
MIN  0 OR BELOW:   0    1.00 INCH OR MORE:   0

[HDD (BASE 65) ]
TOTAL THIS MO.   147    CLEAR  (SCALE 0-3)  20
DPTR FM NORMAL  -139    PTCLDY (SCALE 4-7)   7
TOTAL FM JUL 1   270    CLOUDY (SCALE 8-10)  2
DPTR FM NORMAL  -108

[CDD (BASE 65) ]
TOTAL THIS MO.    33
DPTR FM NORMAL    11    [PRESSURE DATA]
TOTAL FM JAN 1  2740    HIGHEST SLP M ON M
DPTR FM NORMAL   428    LOWEST  SLP M ON M

[REMARKS]
