000
CXUS55 KBOU 301000
CF6GXY
PRELIMINARY LOCAL CLIMATOLOGICAL DATA (WS FORM: F-6)

                                          STATION:   GREELEY  CO
                                          MONTH:     NOVEMBER
                                          YEAR:      2020
                                          LATITUDE:   40 25 N
                                          LONGITUDE: 104 38 W

  TEMPERATURE IN F:       :PCPN:    SNOW:  WIND      :SUNSHINE: SKY     :PK WND
================================================================================
1   2   3   4   5  6A  6B    7    8   9   10  11  12  13   14  15   16   17  18
                                     12Z  AVG MX 2MIN
DY MAX MIN AVG DEP HDD CDD  WTR  SNW DPTH SPD SPD DIR MIN PSBL S-S WX    SPD DR
================================================================================

 1  65  23  44   M  21   0 0.00    M    M  3.0  7 310   M    M   0         M   M
 2  73  25  49   M  16   0 0.00    M    M  3.8  9 310   M    M   0         M   M
 3  77  26  52   M  13   0 0.00    M    M  3.9  7 290   M    M   0         M   M
 4  78  32  55   M  10   0 0.00    M    M  8.0 22 330   M    M   0        31 340
 5  76  31  54   M  11   0 0.00    M    M  3.2  9 320   M    M   0         M   M
 6  68  27  48   M  17   0 0.00    M    M  3.3  8 280   M    M   0         M   M
 7  64  38  51   M  14   0 0.00    M    M  3.6 15 160   M    M   0         M   M
 8  60  36  48   M  17   0    T    M    M 10.2 25 260   M    M   3        33 280
 9  42  24  33   M  32   0    T    M    M  8.6 17  10   M    M   9 1      31 360
10  35  18  27   M  38   0    T    M    M  4.3 10 100   M    M   9 12      M   M
11  49  16  33   M  32   0 0.00    M    M  7.9 13 170   M    M   5         M   M
12  46  16  31   M  34   0 0.00    M    M 10.0 22 340   M    M   1        30 350
13  60   9  35   M  30   0 0.00    M    M  4.1 12 100   M    M   0         M   M
14  50  26  38   M  27   0 0.00    M    M 20.6 36 290   M    M   1        46 290
15  59  18  39   M  26   0 0.00    M    M  5.8 12 310   M    M   0         M   M
16  66  26  46   M  19   0 0.00    M    M  6.4 13 130   M    M   0         M   M
17  66  22  44   M  21   0 0.00    M    M  3.7  9 300   M    M   0         M   M
18  63  27  45   M  20   0 0.00    M    M  3.4  9  40   M    M   0         M   M
19  62  30  46   M  19   0 0.00    M    M  5.4 13 260   M    M   0        22 260
20  51  27  39   M  26   0 0.00    M    M  6.5 15 120   M    M   1        18 110
21  51  18  35   M  30   0 0.00    M    M  4.2  9  40   M    M   0         M   M
22  47  13  30   M  35   0 0.00    M    M  4.8  9 130   M    M   0        16 160
23  58  19  39   M  26   0 0.00    M    M  4.2  9  50   M    M   2         M   M
24  46  18  32   M  33   0 0.02    M    M  9.3 24 350   M    M   5 1      33 350
25  49  12  31   M  34   0 0.00    M    M  2.5  7 180   M    M   0         M   M
26  45  16  31   M  34   0    T    M    M  5.9 16  10   M    M   3         M   M
27  44  13  29   M  36   0 0.00    M    M  3.3  9 150   M    M   1         M   M
28  55  10  33   M  32   0 0.00    M    M  3.0 13 360   M    M   0         M   M
29  43  14  29   M  36   0 0.00    M    M  8.4 24  10   M    M   0        35  10
================================================================================
SM 1648  630       739   0  0.02    M    171.1          M       40
================================================================================
AV 56.8 21.7                               5.9 FASTST   M    M   1    MAX(MPH)
                                 MISC ---->    36 290                 46 290
================================================================================
NOTES:
# LAST OF SEVERAL OCCURRENCES

COLUMN 17 PEAK WIND IN M.P.H.

PRELIMINARY LOCAL CLIMATOLOGICAL DATA (WS FORM: F-6) , PAGE 2

                                          STATION:   GREELEY  CO
                                          MONTH:     NOVEMBER
                                          YEAR:      2020
                                          LATITUDE:   40 25 N
                                          LONGITUDE: 104 38 W

[TEMPERATURE DATA]      [PRECIPITATION DATA]       SYMBOLS USED IN COLUMN 16

AVERAGE MONTHLY: 39.3   TOTAL FOR MONTH:   0.02    1 = FOG OR MIST
DPTR FM NORMAL:   0.0   DPTR FM NORMAL:    0.02    2 = FOG REDUCING VISIBILITY
HIGHEST:    78 ON  4    GRTST 24HR  0.02 ON 24-24      TO 1/4 MILE OR LESS
LOWEST:      9 ON 13                               3 = THUNDER
                        SNOW, ICE PELLETS, HAIL    4 = ICE PELLETS
                        TOTAL MONTH:  M            5 = HAIL
                        GRTST 24HR    M  ON   M    6 = FREEZING RAIN OR DRIZZLE
                        GRTST DEPTH:  M  ON   M    7 = DUSTSTORM OR SANDSTORM:
                                                       VSBY 1/2 MILE OR LESS
                                                   8 = SMOKE OR HAZE
[NO. OF DAYS WITH]      [WEATHER - DAYS WITH]      9 = BLOWING SNOW
                                                   X = TORNADO
MAX 32 OR BELOW:   0    0.01 INCH OR MORE:   1
MAX 90 OR ABOVE:   0    0.10 INCH OR MORE:   0
MIN 32 OR BELOW:  27    0.50 INCH OR MORE:   0
MIN  0 OR BELOW:   0    1.00 INCH OR MORE:   0

[HDD (BASE 65) ]
TOTAL THIS MO.   739    CLEAR  (SCALE 0-3)  25
DPTR FM NORMAL     M    PTCLDY (SCALE 4-7)   2
TOTAL FM JUL 1  1448    CLOUDY (SCALE 8-10)  2
DPTR FM NORMAL     M

[CDD (BASE 65) ]
TOTAL THIS MO.     0
DPTR FM NORMAL     M    [PRESSURE DATA]
TOTAL FM JAN 1   924    HIGHEST SLP M ON M
DPTR FM NORMAL     M    LOWEST  SLP M ON M

[REMARKS]
