000
CXUS52 KGSP 300917
CF6HKY
PRELIMINARY LOCAL CLIMATOLOGICAL DATA (WS FORM: F-6)

                                          STATION:   HICKORY NC
                                          MONTH:     NOVEMBER
                                          YEAR:      2020
                                          LATITUDE:   35 45 N
                                          LONGITUDE:  81 23 W

  TEMPERATURE IN F:       :PCPN:    SNOW:  WIND      :SUNSHINE: SKY     :PK WND
================================================================================
1   2   3   4   5  6A  6B    7    8   9   10  11  12  13   14  15   16   17  18
                                     12Z  AVG MX 2MIN
DY MAX MIN AVG DEP HDD CDD  WTR  SNW DPTH SPD SPD DIR MIN PSBL S-S WX    SPD DR
================================================================================

 1  69  45  57   2   8   0 0.15    M    M  8.3 25 320   M    M   5 1      38 320
 2  54  34  44 -10  21   0 0.00    M    M  6.8 18 320   M    M   0        31 350
 3  66  35  51  -3  14   0 0.00    M    M  4.6 12 350   M    M   0        16 280
 4  67  39  53  -1  12   0 0.00    M    M  1.2  8 210   M    M   0        11 210
 5  67  39  53   0  12   0 0.00    M    M  1.4  8 190   M    M   0        11 190
 6  72  46  59   6   6   0 0.00    M    M  1.9  8 360   M    M   0        12  60
 7  75  50  63  10   2   0 0.00    M    M  1.5  7 310   M    M   5 1       9 330
 8  75  53  64  12   1   0 0.00    M    M  3.3 12  60   M    M   4 1      14  60
 9  74  55  65  13   0   0 0.04    M    M  3.6 12  70   M    M   6 18     15  60
10  69  60  65  13   0   0 0.03    M    M  2.9  9 210   M    M  10 128    12 220
11  73  66  70  18   0   5 1.50    M    M  2.5  9 190   M    M   9 123    13 200
12  68  59  64  13   1   0 4.27    M    M  4.6 13 360   M    M  10 1      16 350
13  72  51  62  11   3   0 0.04    M    M  4.2 10 290   M    M   5 1      15 280
14  64  42  53   3  12   0 0.00    M    M  1.3  9 190   M    M   1        12 200
15  66  49  58   8   7   0 0.00    M    M  6.9 23 190   M    M   7 12     34 210
16  61  41  51   1  14   0 0.00    M    M  5.0 14 310   M    M   0        20 330
17  58  39  49   0  16   0 0.00    M    M  7.2 20 300   M    M   0        29 320
18  57  32  45  -4  20   0 0.00    M    M  3.3 13 310   M    M   0        20 330
19  56  29  43  -6  22   0 0.00    M    M  2.0 10 200   M    M   0 1      14 230
20  67  32  50   2  15   0 0.00    M    M  1.5  8 210   M    M   0        10 190
21  71  40  56   8   9   0 0.00    M    M  1.6  7  70   M    M   0         9  60
22  64  42  53   5  12   0 0.00    M    M  2.7 10 210   M    M   3        14 220
23  60  37  49   2  16   0 0.00    M    M  5.8 18 310   M    M   1        25 340
24  51  31  41  -6  24   0 0.00    M    M  1.4  8 220   M    M   0        12 200
25  51  38  45  -2  20   0 0.11    M    M  1.6  7 300   M    M  10 18      9 320
26  66  49  58  12   7   0 0.30    M    M  1.6 10 200   M    M   7 12     13 210
27  67  47  57  11   8   0 0.00    M    M  2.0  7 240   M    M   4 12      9 290
28  67  45  56  10   9   0    T    M    M  2.7 10 340   M    M   3        12 330
29  56  37  47   2  18   0 0.43    M    M  1.8  9  20   M    M   4 1      12  70
================================================================================
SM 1883 1262       309   5  6.87    M     95.2          M       94
================================================================================
AV 64.9 43.5                               3.3 FASTST   M    M   3    MAX(MPH)
                                 MISC ---->    25 320                 38 320
================================================================================
NOTES:
# LAST OF SEVERAL OCCURRENCES

COLUMN 17 PEAK WIND IN M.P.H.

PRELIMINARY LOCAL CLIMATOLOGICAL DATA (WS FORM: F-6) , PAGE 2

                                          STATION:   HICKORY NC
                                          MONTH:     NOVEMBER
                                          YEAR:      2020
                                          LATITUDE:   35 45 N
                                          LONGITUDE:  81 23 W

[TEMPERATURE DATA]      [PRECIPITATION DATA]       SYMBOLS USED IN COLUMN 16

AVERAGE MONTHLY: 54.2   TOTAL FOR MONTH:   6.87    1 = FOG OR MIST
DPTR FM NORMAL:   4.2   DPTR FM NORMAL:    3.54    2 = FOG REDUCING VISIBILITY
HIGHEST:    75 ON  8, 7  GRTST 24HR  4.86 ON 11-12      TO 1/4 MILE OR LESS
LOWEST:     29 ON 19                               3 = THUNDER
                        SNOW, ICE PELLETS, HAIL    4 = ICE PELLETS
                        TOTAL MONTH:  M            5 = HAIL
                        GRTST 24HR    M  ON   M    6 = FREEZING RAIN OR DRIZZLE
                        GRTST DEPTH:  M  ON   M    7 = DUSTSTORM OR SANDSTORM:
                                                       VSBY 1/2 MILE OR LESS
                                                   8 = SMOKE OR HAZE
[NO. OF DAYS WITH]      [WEATHER - DAYS WITH]      9 = BLOWING SNOW
                                                   X = TORNADO
MAX 32 OR BELOW:   0    0.01 INCH OR MORE:   9
MAX 90 OR ABOVE:   0    0.10 INCH OR MORE:   6
MIN 32 OR BELOW:   4    0.50 INCH OR MORE:   2
MIN  0 OR BELOW:   0    1.00 INCH OR MORE:   2

[HDD (BASE 65) ]
TOTAL THIS MO.   309    CLEAR  (SCALE 0-3)  16
DPTR FM NORMAL  -127    PTCLDY (SCALE 4-7)   9
TOTAL FM JUL 1   495    CLOUDY (SCALE 8-10)  4
DPTR FM NORMAL  -175

[CDD (BASE 65) ]
TOTAL THIS MO.     5
DPTR FM NORMAL     5    [PRESSURE DATA]
TOTAL FM JAN 1  1392    HIGHEST SLP M ON M
DPTR FM NORMAL    32    LOWEST  SLP 29.79 ON 29

[REMARKS]
