000
CXUS54 KLZK 301510
CF6HOT
PRELIMINARY LOCAL CLIMATOLOGICAL DATA (WS FORM: F-6)

                                          STATION:   HOT SPRINGS MEMORIAL FIELD
                                          MONTH:     NOVEMBER
                                          YEAR:      2020
                                          LATITUDE:   34 28 N
                                          LONGITUDE:  93  6 W

  TEMPERATURE IN F:       :PCPN:    SNOW:  WIND      :SUNSHINE: SKY     :PK WND
================================================================================
1   2   3   4   5  6A  6B    7    8   9   10  11  12  13   14  15   16   17  18
                                     12Z  AVG MX 2MIN
DY MAX MIN AVG DEP HDD CDD  WTR  SNW DPTH SPD SPD DIR MIN PSBL S-S WX    SPD DR
================================================================================

 1  70  43  57  -1   8   0 0.00    M    M  3.8 13 340   M    M   0 1      19 330
 2  63  36  50  -8  15   0 0.00    M    M  1.5  9 130   M    M   0        12 130
 3  73  37  55  -2  10   0 0.00    M    M  2.9 12 190   M    M   0 1      17 230
 4  73  41  57   0   8   0 0.00    M    M  3.6 12 250   M    M   0        15 190
 5  73  47  60   3   5   0 0.00    M    M  2.1  9 140   M    M   0        13 150
 6  74  44  59   3   6   0 0.00    M    M  2.0 10 150   M    M   1 12     13 120
 7  78  49  64   8   1   0 0.00    M    M  3.0 12  80   M    M   3 1      16 120
 8  73  61  67  11   0   2 0.03    M    M  5.8 10  90   M    M   7 1      13  90
 9  78  66  72  17   0   7 0.02    M    M  6.4 13 130   M    M  10 1      20 120
10  80  57  69  14   0   4    T    M    M  6.3 14 200   M    M   9 8      18 200
11  68  41  55   1  10   0 0.00    M    M  3.5 12  50   M    M   2 8      15  70
12  69  38  54   0  11   0 0.00    M    M  2.2  9 150   M    M   2        12 130
13  67  53  60   6   5   0 0.03    M    M  6.1 13  60   M    M   8        16  60
14  74  50  62   9   3   0 0.03    M    M  8.0 18 200   M    M   7        28 180
15  74  38  56   3   9   0 0.11    M    M  6.9 23 320   M    M   2 1      35 250
16  68  34  51  -1  14   0 0.00    M    M  2.5 10 230   M    M   0        14 240
17  69  38  54   2  11   0 0.00    M    M  5.1 16  80   M    M   0        20  80
18  67  38  53   1  12   0 0.00    M    M  6.7 12 140   M    M   0        17 180
19  71  46  59   8   6   0 0.00    M    M  7.2 18 200   M    M   0        26 200
20  64  53  59   8   6   0 0.00    M    M  3.0 13 200   M    M   8 12     18 190
21  74  55  65  14   0   0 0.00    M    M  1.9 12 260   M    M   5 12     15 260
22  63  39  51   1  14   0 0.13    M    M  3.9 12 350   M    M   9 1      18 360
23  58  35  47  -3  18   0 0.00    M    M  4.7 13 100   M    M   1 12     17  90
24  65  41  53   3  12   0 0.21    M    M  6.7 14 140   M    M   7 13     23 150
25  66  38  52   3  13   0 0.35    M    M  6.6 22 250   M    M   5 13     33 240
26  63  38  51   2  14   0    M    M    M  3.5  9  80   M    M   5 12      M   M
27  63  47  55   7  10   0 0.00    M    M  2.6  8  40   M    M   7 1      14  20
28  57  40  49   1  16   0 0.00    M    M  5.4 16  70   M    M   0        21  70
29  49  41  45  -3  20   0 0.37    M    M  5.8 25  80   M    M   8 18     32  90
================================================================================
SM 1984 1284       257  13  1.28    M    129.7          M      106
================================================================================
AV 68.4 44.3                               4.5 FASTST   M    M   4    MAX(MPH)
                                 MISC ---->    25  80                 35 250
================================================================================
NOTES:
# LAST OF SEVERAL OCCURRENCES

COLUMN 17 PEAK WIND IN M.P.H.

PRELIMINARY LOCAL CLIMATOLOGICAL DATA (WS FORM: F-6) , PAGE 2

                                          STATION:   HOT SPRINGS MEMORIAL FIELD
                                          MONTH:     NOVEMBER
                                          YEAR:      2020
                                          LATITUDE:   34 28 N
                                          LONGITUDE:  93  6 W

[TEMPERATURE DATA]      [PRECIPITATION DATA]       SYMBOLS USED IN COLUMN 16

AVERAGE MONTHLY: 56.3   TOTAL FOR MONTH:   1.28    1 = FOG OR MIST
DPTR FM NORMAL:   3.4   DPTR FM NORMAL:   -3.93    2 = FOG REDUCING VISIBILITY
HIGHEST:    80 ON 10    GRTST 24HR  0.56 ON 24-25      TO 1/4 MILE OR LESS
LOWEST:     34 ON 16                               3 = THUNDER
                        SNOW, ICE PELLETS, HAIL    4 = ICE PELLETS
                        TOTAL MONTH:  M            5 = HAIL
                        GRTST 24HR    M  ON   M    6 = FREEZING RAIN OR DRIZZLE
                        GRTST DEPTH:  M  ON   M    7 = DUSTSTORM OR SANDSTORM:
                                                       VSBY 1/2 MILE OR LESS
                                                   8 = SMOKE OR HAZE
[NO. OF DAYS WITH]      [WEATHER - DAYS WITH]      9 = BLOWING SNOW
                                                   X = TORNADO
MAX 32 OR BELOW:   0    0.01 INCH OR MORE:   9
MAX 90 OR ABOVE:   0    0.10 INCH OR MORE:   5
MIN 32 OR BELOW:   0    0.50 INCH OR MORE:   0
MIN  0 OR BELOW:   0    1.00 INCH OR MORE:   0

[HDD (BASE 65) ]
TOTAL THIS MO.   257    CLEAR  (SCALE 0-3)  15
DPTR FM NORMAL  -104    PTCLDY (SCALE 4-7)   9
TOTAL FM JUL 1   431    CLOUDY (SCALE 8-10)  5
DPTR FM NORMAL   -66

[CDD (BASE 65) ]
TOTAL THIS MO.    13
DPTR FM NORMAL     5    [PRESSURE DATA]
TOTAL FM JAN 1  1999    HIGHEST SLP M ON M
DPTR FM NORMAL  -138    LOWEST  SLP 29.73 ON 15

[REMARKS]
