000
CXUS52 KMHX 300700
CF6HSE
PRELIMINARY LOCAL CLIMATOLOGICAL DATA (WS FORM: F-6)

                                          STATION:   CAPE HATTERAS NC
                                          MONTH:     NOVEMBER
                                          YEAR:      2020
                                          LATITUDE:   35 13 N
                                          LONGITUDE:  75 37 W

  TEMPERATURE IN F:       :PCPN:    SNOW:  WIND      :SUNSHINE: SKY     :PK WND
================================================================================
1   2   3   4   5  6A  6B    7    8   9   10  11  12  13   14  15   16   17  18
                                     12Z  AVG MX 2MIN
DY MAX MIN AVG DEP HDD CDD  WTR  SNW DPTH SPD SPD DIR MIN PSBL S-S WX    SPD DR
================================================================================

 1  77  59  68   7   0   3 0.00  0.0    0 14.2 36 210   M    M   3 12     50 210
 2  61  45  53  -8  12   0 0.00  0.0    0 13.8 23 310   M    M   0        37 320
 3  60  44  52  -9  13   0 0.00  0.0    0  6.4 14 300   M    M   0        23 310
 4  69  43  56  -5   9   0 0.00  0.0    0  5.1 12 150   M    M   1        16 150
 5  77  60  69   9   0   4 0.78  0.0    0  5.8 14 120   M    M   6 1      17 120
 6  76  64  70  10   0   5    T  0.0    0  5.6 10 120   M    M   6 1      15  70
 7  75  64  70  10   0   5 0.00  0.0    0  6.5 12  60   M    M   3        18  50
 8  77  66  72  12   0   7 0.00  0.0    0  6.7 10  50   M    M   1        17  70
 9  79  66  73  14   0   8 0.00  0.0    0  7.0 13 110   M    M   2 18     16 110
10  81  67  74  15   0   9 0.00  0.0    0  9.2 17 180   M    M   4 18     23 170
11  80  73  77  18   0  12 0.02  0.0    0 13.3 18 190   M    M   4 18     25 180
12  79  65  72  13   0   7 1.00  0.0    0 15.9 26 140   M    M   9 18     35 150
13  72  59  66   8   0   1 0.09  0.0    0  7.6 30 130   M    M   9 18     39 140
14  66  56  61   3   4   0 0.00  0.0    0  5.7 10  30   M    M   0        15  20
15  76  58  67   9   0   2 0.00  0.0    0 14.0 25 210   M    M   2        34 210
16  73  53  63   5   2   0 0.00  0.0    0  7.7 21 230   M    M   2 1      30 220
17  64  50  57   0   8   0 0.00  0.0    0 11.1 18 320   M    M   0        34 320
18  50  45  48  -9  17   0 0.00  0.0    0  9.2 15  10   M    M   1        27  20
19  58  47  53  -4  12   0 0.00  0.0    0  6.1 13  30   M    M   0        19  30
20  71  46  59   3   6   0 0.00  0.0    0  2.5  6 170   M    M   0         8 170
21  68  50  59   3   6   0 0.00  0.0    0  3.5  8 300   M    M   0        10 300
22  71  56  64   8   1   0 0.20  0.0    0  6.6 17 140   M    M   7 138    25 140
23  69  51  60   4   5   0 0.51  0.0    0  9.6 29 150   M    M   5 13     38 150
24  56  47  52  -3  13   0 0.00  0.0    0  6.0 14  10   M    M   1        24  10
25  69  51  60   5   5   0 0.00  0.0    0  5.7 18 170   M    M   3        24 160
26  72  65  69  14   0   4 0.28  0.0    0 13.9 24 190   M    M   4 18     35 190
27  69  59  64  10   1   0 0.41  0.0    0  4.7  9 120   M    M   7 123    14 250
28  63  52  58   4   7   0    T  0.0    0  3.7  9 300   M    M   5 1      16  10
29  69  48  59   5   6   0 0.00  0.0    0  8.3 17 140   M    M   0        26 130
================================================================================
SM 2027 1609       127  67  3.29     0.0 235.4          M       85
================================================================================
AV 69.9 55.5                               8.1 FASTST   M    M   3    MAX(MPH)
                                 MISC ---->  # 36 210               # 50  210
================================================================================
NOTES:
# LAST OF SEVERAL OCCURRENCES

COLUMN 17 PEAK WIND IN M.P.H.

PRELIMINARY LOCAL CLIMATOLOGICAL DATA (WS FORM: F-6) , PAGE 2

                                          STATION:  CAPE HATTERAS NC
                                          MONTH:    NOVEMBER
                                          YEAR:     2020
                                          LATITUDE:   35 13 N
                                          LONGITUDE:  75 37 W

[TEMPERATURE DATA]      [PRECIPITATION DATA]       SYMBOLS USED IN COLUMN 16

AVERAGE MONTHLY: 62.7   TOTAL FOR MONTH:   3.29    1 = FOG OR MIST
DPTR FM NORMAL:   5.0   DPTR FM NORMAL:   -1.51    2 = FOG REDUCING VISIBILITY
HIGHEST:    81 ON 10    GRTST 24HR  1.00 ON 12-12      TO 1/4 MILE OR LESS
LOWEST:     43 ON  4                               3 = THUNDER
                        SNOW, ICE PELLETS, HAIL    4 = ICE PELLETS
                        TOTAL MONTH:   0.0 INCH    5 = HAIL
                        GRTST 24HR     0.0         6 = FREEZING RAIN OR DRIZZLE
                        GRTST DEPTH:   0           7 = DUSTSTORM OR SANDSTORM:
                                                       VSBY 1/2 MILE OR LESS
                                                   8 = SMOKE OR HAZE
[NO. OF DAYS WITH]      [WEATHER - DAYS WITH]      9 = BLOWING SNOW
                                                   X = TORNADO
MAX 32 OR BELOW:   0    0.01 INCH OR MORE:   8
MAX 90 OR ABOVE:   0    0.10 INCH OR MORE:   6
MIN 32 OR BELOW:   0    0.50 INCH OR MORE:   3
MIN  0 OR BELOW:   0    1.00 INCH OR MORE:   1

[HDD (BASE 65) ]
TOTAL THIS MO.   127    CLEAR  (SCALE 0-3)  16
DPTR FM NORMAL  -103    PTCLDY (SCALE 4-7)  11
TOTAL FM JUL 1   136    CLOUDY (SCALE 8-10)  2
DPTR FM NORMAL  -169

[CDD (BASE 65) ]
TOTAL THIS MO.    67
DPTR FM NORMAL    45    [PRESSURE DATA]
TOTAL FM JAN 1  2367    HIGHEST SLP M ON M
DPTR FM NORMAL   655    LOWEST  SLP 29.81 ON  1

[REMARKS]
