000
CXUS56 KTFX 301210
CF6HVR
PRELIMINARY LOCAL CLIMATOLOGICAL DATA (WS FORM: F-6)

                                          STATION:   HAVRE MT
                                          MONTH:     NOVEMBER
                                          YEAR:      2020
                                          LATITUDE:   48 32 N
                                          LONGITUDE: 109 46 W

  TEMPERATURE IN F:       :PCPN:    SNOW:  WIND      :SUNSHINE: SKY     :PK WND
================================================================================
1   2   3   4   5  6A  6B    7    8   9   10  11  12  13   14  15   16   17  18
                                     12Z  AVG MX 2MIN
DY MAX MIN AVG DEP HDD CDD  WTR  SNW DPTH SPD SPD DIR MIN PSBL S-S WX    SPD DR
================================================================================

 1  65  27  46   9  19   0 0.00  0.0    0 12.4 25 220   M    M   0        31 230
 2  75  34  55  18  10   0 0.00  0.0    0 15.0 28 250   M    M   0        36 260
 3  75  41  58  22   7   0 0.00  0.0    0 19.3 31 220   M    M   0        39 230
 4  71  46  59  23   6   0 0.00  0.0    0 16.2 31 270   M    M   1        42 270
 5  74  50  62  27   3   0 0.01  0.0    0 21.2 39 270   M    M   1        52 270
 6  50  38  44   9  21   0    T  0.0    0 10.6 22  80   M    M  10        28  80
 7  38  31  35   1  30   0 0.06  0.9    0 11.1 23 330   M    M   7 1      32 330
 8  31  15  23 -11  42   0 0.48  8.0    4 21.5 29 310   M    M  10 129    41 310
 9  21   7  14 -19  51   0 0.05  0.7    9 13.5 23 230   M    M   4 1      30 310
10  32   9  21 -12  44   0 0.01  0.2    7 18.0 28 220   M    M   4 1      35 210
11  30   5  18 -14  47   0 0.02  0.3    7 13.6 25 310   M    M   9 18     33 310
12  32  -2  15 -17  50   0 0.00  0.0    7 11.7 24 220   M    M   1        30 220
13  44  16  30  -1  35   0 0.00  0.0    7 17.0 35 220   M    M   2        43 230
14  35  20  28  -3  37   0    T    T    5 16.9 32 220   M    M   6        43 230
15  39  11  25  -5  40   0 0.00  0.0    5 12.8 29 260   M    M   2        35 270
16  40  27  34   4  31   0 0.00  0.0    3  8.5 25 210   M    M   2        32 200
17  38  24  31   2  34   0 0.00  0.0    3  5.4 20  60   M    M   1        23  60
18  44  25  35   6  30   0 0.00  0.0    2 10.7 22 220   M    M   2        24 210
19  34  12  23  -5  42   0 0.02    T    2  7.2 18 310   M    M   3 12     24 320
20  38  11  25  -3  40   0 0.00  0.0    2  8.1 22 220   M    M   1        26 220
21  39  21  30   2  35   0 0.00  0.0    1 12.4 24 230   M    M   3        30 240
22  31  19  25  -2  40   0 0.00  0.0    1  6.0 12  90   M    M   0        14 230
23  34  15  25  -2  40   0 0.00  0.0    1  6.5 16 290   M    M   1        20 290
24  41  15  28   2  37   0 0.00  0.0    T 12.6 26 220   M    M   0        34 220
25  40  27  34   8  31   0 0.00  0.0    T 13.2 25 220   M    M   6        34 220
26  35  24  30   5  35   0 0.00  0.0    T 13.6 26 220   M    M   2        35 220
27  45  35  40  15  25   0 0.00  0.0    0 26.9 41 220   M    M   0        53 230
28  45  21  33   9  32   0 0.00  0.0    0 14.6 29 220   M    M   3        39 220
29  36  15  26   2  39   0 0.00  0.0    0  6.8 22 230   M    M   0        28 230
================================================================================
SM 1252  639       933   0  0.65 10.1    383.3          M       81
================================================================================
AV 43.2 22.0                              13.2 FASTST   M    M   3    MAX(MPH)
                                 MISC ---->    41 220                 53 230
================================================================================
NOTES:
# LAST OF SEVERAL OCCURRENCES

COLUMN 17 PEAK WIND IN M.P.H.

PRELIMINARY LOCAL CLIMATOLOGICAL DATA (WS FORM: F-6) , PAGE 2

                                          STATION:   HAVRE MT
                                          MONTH:     NOVEMBER
                                          YEAR:      2020
                                          LATITUDE:   48 32 N
                                          LONGITUDE: 109 46 W

[TEMPERATURE DATA]      [PRECIPITATION DATA]       SYMBOLS USED IN COLUMN 16

AVERAGE MONTHLY: 32.6   TOTAL FOR MONTH:   0.65    1 = FOG OR MIST
DPTR FM NORMAL:   2.2   DPTR FM NORMAL:    0.23    2 = FOG REDUCING VISIBILITY
HIGHEST:    75 ON  3, 2  GRTST 24HR  0.51 ON  8- 9      TO 1/4 MILE OR LESS
LOWEST:     -2 ON 12                               3 = THUNDER
                        SNOW, ICE PELLETS, HAIL    4 = ICE PELLETS
                        TOTAL MONTH:  10.1 INCHES  5 = HAIL
                        GRTST 24HR   8.0 ON  8- 8  6 = FREEZING RAIN OR DRIZZLE
                        GRTST DEPTH:   9 ON  9     7 = DUSTSTORM OR SANDSTORM:
                                                       VSBY 1/2 MILE OR LESS
                                                   8 = SMOKE OR HAZE
[NO. OF DAYS WITH]      [WEATHER - DAYS WITH]      9 = BLOWING SNOW
                                                   X = TORNADO
MAX 32 OR BELOW:   6    0.01 INCH OR MORE:   7
MAX 90 OR ABOVE:   0    0.10 INCH OR MORE:   1
MIN 32 OR BELOW:  23    0.50 INCH OR MORE:   0
MIN  0 OR BELOW:   1    1.00 INCH OR MORE:   0

[HDD (BASE 65) ]
TOTAL THIS MO.   933    CLEAR  (SCALE 0-3)  20
DPTR FM NORMAL   -70    PTCLDY (SCALE 4-7)   6
TOTAL FM JUL 1  1971    CLOUDY (SCALE 8-10)  3
DPTR FM NORMAL   -31

[CDD (BASE 65) ]
TOTAL THIS MO.     0
DPTR FM NORMAL     0    [PRESSURE DATA]
TOTAL FM JAN 1   432    HIGHEST SLP M ON M
DPTR FM NORMAL    45    LOWEST  SLP 29.21 ON 13

[REMARKS]
