000
CXUS51 KOKX 300702
CF6ISP
PRELIMINARY LOCAL CLIMATOLOGICAL DATA (WS FORM: F-6)

                                          STATION:   ISLIP NY
                                          MONTH:     NOVEMBER
                                          YEAR:      2020
                                          LATITUDE:   40 47 N
                                          LONGITUDE:  73  6 W

  TEMPERATURE IN F:       :PCPN:    SNOW:  WIND      :SUNSHINE: SKY     :PK WND
================================================================================
1   2   3   4   5  6A  6B    7    8   9   10  11  12  13   14  15   16   17  18
                                     12Z  AVG MX 2MIN
DY MAX MIN AVG DEP HDD CDD  WTR  SNW DPTH SPD SPD DIR MIN PSBL S-S WX    SPD DR
================================================================================

 1  57  39  48  -1  17   0 0.75  0.0    0  9.2 26 310   M    M   9 18     35 310
 2  45  37  41  -8  24   0 0.00  0.0    0 18.0 37 300   M    M   4        49 290
 3  54  38  46  -3  19   0 0.00  0.0    0 12.6 28 250   M    M   6        37 250
 4  62  34  48   0  17   0 0.00  0.0    0  8.1 17 190   M    M   0        24 220
 5  64  44  54   6  11   0 0.00  0.0    0  6.7 15 190   M    M   6 12     18 210
 6  66  49  58  10   7   0 0.00  0.0    0  5.1 15 220   M    M   4 1      17 210
 7  74  43  59  11   6   0 0.00  0.0    0  3.1 12 230   M    M   2 1      13 230
 8  76  44  60  13   5   0 0.00  0.0    0  2.8  9  30   M    M   0 1      12  40
 9  74  44  59  12   6   0 0.00  0.0    0  2.3 13 210   M    M   1 128    16 210
10  69  50  60  13   5   0 0.00  0.0    0  7.5 15 210   M    M   4 12     20 220
11  68  60  64  17   1   0 0.79  0.0    0 10.3 17 220   M    M   7 1      24 220
12  66  47  57  11   8   0 0.48  0.0    0 10.7 25 330   M    M  10 1      32 320
13  54  40  47   1  18   0 0.12    M    0  8.1 17 340   M    M   8 1      21 330
14  52  36  44  -2  21   0 0.00  0.0    0  7.2 18 330   M    M   1        22 330
15  63  30  47   2  18   0 0.32  0.0    0 12.1 43 250   M    M   6 1      54 250
16  55  34  45   0  20   0    T  0.0    0 10.6 24 290   M    M   2        33 280
17  50  32  41  -4  24   0    T    M    0  8.8 22 310   M    M   5        30 320
18  37  24  31 -13  34   0 0.00  0.0    0 12.7 24 320   M    M   3        33 340
19  49  22  36  -8  29   0 0.00  0.0    0  9.4 22 220   M    M   5        28 210
20  58  47  53   9  12   0 0.00  0.0    0 13.0 23 220   M    M   4        32 230
21  65  41  53   9  12   0 0.00  0.0    0  6.4 16  10   M    M   5        20 360
22  57  44  51   8  14   0    T  0.0    0 12.9 24 110   M    M  10        30 110
23  59  38  49   6  16   0 0.77  0.0    0 13.8 28 310   M    M   7 13     36 290
24  48  32  40  -3  25   0 0.00  0.0    0  5.7 18 340   M    M   5        31 330
25  56  40  48   6  17   0 0.00  0.0    0  7.8 17 220   M    M   8        23 210
26  66  47  57  15   8   0 0.59  0.0    0  8.1 24 200   M    M   9 1      33 200
27  62  41  52  10  13   0 0.00  0.0    0  2.7  9 340   M    M   6 12     11 330
28  56  38  47   6  18   0 0.00  0.0    0  6.9 21 330   M    M   4        26 350
29  53  32  43   2  22   0 0.00  0.0    0  4.4 13 210   M    M   2        16 210
================================================================================
SM 1715 1147       447   0  3.82     0.0 247.0          M      143
================================================================================
AV 59.1 39.6                               8.5 FASTST   M    M   5    MAX(MPH)
                                 MISC ---->  # 43 250               # 54  250
================================================================================
NOTES:
# LAST OF SEVERAL OCCURRENCES

COLUMN 17 PEAK WIND IN M.P.H.

PRELIMINARY LOCAL CLIMATOLOGICAL DATA (WS FORM: F-6) , PAGE 2

                                          STATION:  ISLIP NY
                                          MONTH:    NOVEMBER
                                          YEAR:     2020
                                          LATITUDE:   40 47 N
                                          LONGITUDE:  73  6 W

[TEMPERATURE DATA]      [PRECIPITATION DATA]       SYMBOLS USED IN COLUMN 16

AVERAGE MONTHLY: 49.3   TOTAL FOR MONTH:   3.82    1 = FOG OR MIST
DPTR FM NORMAL:   4.1   DPTR FM NORMAL:    0.29    2 = FOG REDUCING VISIBILITY
HIGHEST:    76 ON  8    GRTST 24HR  0.79 ON 11-11      TO 1/4 MILE OR LESS
LOWEST:     22 ON 19                               3 = THUNDER
                        SNOW, ICE PELLETS, HAIL    4 = ICE PELLETS
                        TOTAL MONTH:   0.0 INCH    5 = HAIL
                        GRTST 24HR     0.0         6 = FREEZING RAIN OR DRIZZLE
                        GRTST DEPTH:   0           7 = DUSTSTORM OR SANDSTORM:
                                                       VSBY 1/2 MILE OR LESS
                                                   8 = SMOKE OR HAZE
[NO. OF DAYS WITH]      [WEATHER - DAYS WITH]      9 = BLOWING SNOW
                                                   X = TORNADO
MAX 32 OR BELOW:   0    0.01 INCH OR MORE:   7
MAX 90 OR ABOVE:   0    0.10 INCH OR MORE:   7
MIN 32 OR BELOW:   6    0.50 INCH OR MORE:   4
MIN  0 OR BELOW:   0    1.00 INCH OR MORE:   0

[HDD (BASE 65) ]
TOTAL THIS MO.   447    CLEAR  (SCALE 0-3)   8
DPTR FM NORMAL  -123    PTCLDY (SCALE 4-7)  15
TOTAL FM JUL 1   757    CLOUDY (SCALE 8-10)  6
DPTR FM NORMAL  -233

[CDD (BASE 65) ]
TOTAL THIS MO.     0
DPTR FM NORMAL     0    [PRESSURE DATA]
TOTAL FM JAN 1  1059    HIGHEST SLP M ON M
DPTR FM NORMAL   272    LOWEST  SLP 29.57 ON 15

[REMARKS]
