000
CXUS53 KGRB 300747
CF6ISW
PRELIMINARY LOCAL CLIMATOLOGICAL DATA (WS FORM: F-6)

                                          STATION:   WISCONSIN RAPIDS ASOS
                                          MONTH:     NOVEMBER
                                          YEAR:      2020
                                          LATITUDE:   44 22 N
                                          LONGITUDE:  89 50 W

  TEMPERATURE IN F:       :PCPN:    SNOW:  WIND      :SUNSHINE: SKY     :PK WND
================================================================================
1   2   3   4   5  6A  6B    7    8   9   10  11  12  13   14  15   16   17  18
                                     12Z  AVG MX 2MIN
DY MAX MIN AVG DEP HDD CDD  WTR  SNW DPTH SPD SPD DIR MIN PSBL S-S WX    SPD DR
================================================================================

 1  40  24  32  -8  33   0    T    T    0 15.4 32 310   M    M   5        48 290
 2  53  23  38  -2  27   0 0.00  0.0    0  8.7 18 240   M    M   0        24 230
 3  73  26  50  11  15   0 0.00  0.0    0  5.8 20 200   M    M   0        25 210
 4  72  45  59  20   6   0 0.00  0.0    0  7.8 13 220   M    M   0        16 230
 5  72  40  56  18   9   0 0.00  0.0    0  4.3 10 250   M    M   0        16 240
 6  72  37  55  17  10   0 0.00  0.0    0  7.0 16 200   M    M   0        24 210
 7  72  51  62  25   3   0 0.00  0.0    0  8.7 20 200   M    M   0        27 210
 8  75  47  61  24   4   0 0.00  0.0    0  8.3 18 180   M    M   3        26 200
 9  69  50  60  24   5   0 0.13  0.0    0 11.3 22 310   M    M   8 1      31 210
10  50  32  41   5  24   0 1.62    T    0 10.9 28 230   M    M  10 1      44 230
11  44  30  37   2  28   0 0.00  0.0    0 10.2 26 260   M    M   4        41 260
12  50  25  38   3  27   0 0.05  1.0    1  4.4 10 200   M    M   0        21 200
13   M   M   M   M   M   M 0.00  0.0    T    M  M   M   M    M   M         M   M
14   M   M   M   M   M   M 0.28  0.0    0    M  M   M   M    M   M         M   M
15  46  30  38   5  27   0 0.11  0.0    0 17.3 28 300   M    M  10 1      46 280
16  35  24  30  -3  35   0 0.03    T    0  8.4 21 320   M    M   7 18     31 260
17  38  19  29  -3  36   0 0.00  0.0    0  6.3 17 280   M    M   2        25 330
18  51  29  40   8  25   0 0.00  0.0    0 10.0 21 200   M    M   1        31 190
19  61  38  50  19  15   0 0.00    M    M  7.5 15 240   M    M   0        21 210
20  45  25  35   4  30   0 0.00    M    M  7.9 20 310   M    M   4        29 300
21  39  20  30   0  35   0 0.00    M    M  1.1 10 280   M    M   0        15 280
22  37  17  27  -3  38   0    T    M    M  4.8 14 300   M    M   7        21 290
23  40  23  32   3  33   0 0.00    M    M  4.9 13 300   M    M   2        19 300
24  34  26  30   2  35   0 0.07    M    M  6.3 13 130   M    M   9 12     18 130
25  36  33  35   7  30   0 0.00    M    M  5.3 12  10   M    M  10 12     16  20
26  38  34  36   9  29   0 0.00  0.0    0  6.4 14 260   M    M  10 1      20 260
27  39  24  32   5  33   0 0.00  0.0    0  7.1 17 300   M    M   5        24 290
28  52  24  38  12  27   0 0.00  0.0    0  7.6 14 210   M    M   0        21 190
29  41  25  33   7  32   0 0.00    M    0 11.0 24 310   M    M   5 1      36 350
================================================================================
SM 1374  821       651   0  2.29  1.0    214.7          M      102
================================================================================
AV 50.9 30.4                               8.0 FASTST   M    M   4    MAX(MPH)
                                 MISC ---->    32 310                 48 290
================================================================================
NOTES:
# LAST OF SEVERAL OCCURRENCES

COLUMN 17 PEAK WIND IN M.P.H.

PRELIMINARY LOCAL CLIMATOLOGICAL DATA (WS FORM: F-6) , PAGE 2

                                          STATION:   WISCONSIN RAPIDS ASOS
                                          MONTH:     NOVEMBER
                                          YEAR:      2020
                                          LATITUDE:   44 22 N
                                          LONGITUDE:  89 50 W

[TEMPERATURE DATA]      [PRECIPITATION DATA]       SYMBOLS USED IN COLUMN 16

AVERAGE MONTHLY: 40.6   TOTAL FOR MONTH:   2.29    1 = FOG OR MIST
DPTR FM NORMAL:   7.5   DPTR FM NORMAL:    0.29    2 = FOG REDUCING VISIBILITY
HIGHEST:    75 ON  8    GRTST 24HR  1.75 ON  9-10      TO 1/4 MILE OR LESS
LOWEST:     17 ON 22                               3 = THUNDER
                        SNOW, ICE PELLETS, HAIL    4 = ICE PELLETS
                        TOTAL MONTH:   1.0 INCH    5 = HAIL
                        GRTST 24HR   1.0 ON 12-12  6 = FREEZING RAIN OR DRIZZLE
                        GRTST DEPTH:   1 ON 12     7 = DUSTSTORM OR SANDSTORM:
                                                       VSBY 1/2 MILE OR LESS
                                                   8 = SMOKE OR HAZE
[NO. OF DAYS WITH]      [WEATHER - DAYS WITH]      9 = BLOWING SNOW
                                                   X = TORNADO
MAX 32 OR BELOW:   0    0.01 INCH OR MORE:   7
MAX 90 OR ABOVE:   0    0.10 INCH OR MORE:   4
MIN 32 OR BELOW:  18    0.50 INCH OR MORE:   1
MIN  0 OR BELOW:   0    1.00 INCH OR MORE:   1

[HDD (BASE 65) ]
TOTAL THIS MO.   651    CLEAR  (SCALE 0-3)  14
DPTR FM NORMAL  -273    PTCLDY (SCALE 4-7)   7
TOTAL FM JUL 1  1555    CLOUDY (SCALE 8-10)  8
DPTR FM NORMAL  -186

[CDD (BASE 65) ]
TOTAL THIS MO.     0
DPTR FM NORMAL     0    [PRESSURE DATA]
TOTAL FM JAN 1   620    HIGHEST SLP M ON M
DPTR FM NORMAL   158    LOWEST  SLP 29.25 ON 15

[REMARKS]
