000
CXUS55 KGGW 300910
CF6JDN
PRELIMINARY LOCAL CLIMATOLOGICAL DATA (WS FORM: F-6)

                                          STATION:   JORDAN  ASOS MT
                                          MONTH:     NOVEMBER
                                          YEAR:      2020
                                          LATITUDE:   47 19 N
                                          LONGITUDE: 106 50 W

  TEMPERATURE IN F:       :PCPN:    SNOW:  WIND      :SUNSHINE: SKY     :PK WND
================================================================================
1   2   3   4   5  6A  6B    7    8   9   10  11  12  13   14  15   16   17  18
                                     12Z  AVG MX 2MIN
DY MAX MIN AVG DEP HDD CDD  WTR  SNW DPTH SPD SPD DIR MIN PSBL S-S WX    SPD DR
================================================================================

 1  65  22  44   7  21   0 0.00    M    M  5.9 18 250   M    M   0        26 250
 2  77  28  53  16  12   0 0.00    M    M  7.2 17 240   M    M   0        24 300
 3  78  29  54  18  11   0 0.00    M    M  7.0 21 270   M    M   0        27 270
 4  74  36  55  19  10   0 0.00    M    M  9.8 30 280   M    M   0        40 280
 5  76  36  56  21   9   0 0.00    M    M  9.3 26 230   M    M   0        37 230
 6  56  36  46  11  19   0 0.00    M    M  8.2 18  10   M    M   0        23  10
 7  44  34  39   5  26   0 0.00    M    M  9.9 21 350   M    M   0        28 340
 8  34  18  26  -8  39   0 0.00    M    M 17.6 29 270   M    M   0        39 270
 9  25  -2  12 -21  53   0 0.00    M    M  7.4 26 310   M    M   0        37 290
10  35  -4  16 -17  49   0 0.01    M    M  7.6 24 270   M    M   0        33 270
11  31  10  21 -11  44   0 0.00    M    M 15.9 29 310   M    M   0        36 310
12  34  -1  17 -15  48   0 0.00    M    M  5.0 15 200   M    M   0        19 200
13  43   4  24  -7  41   0 0.00    M    M  8.7 25 230   M    M   0        37 230
14  41  21  31   0  34   0 0.00    M    M 13.2 30 310   M    M   0        41 310
15  23  14  19 -11  46   0 0.00    M    M  6.4 10 300   M    M   0         M   M
16  45  26  36   6  29   0 0.00    M    M  5.4 18 280   M    M   0        26 270
17  54  32  43  14  22   0 0.00    M    M  5.6 15 150   M    M   0        21 170
18  56  29  43  14  22   0 0.00    M    M  4.9 15 190   M    M   0        19 190
19  52  22  37   9  28   0 0.00    M    M  6.9 23 280   M    M   0        32 270
20  46  18  32   4  33   0 0.00    M    M  6.0 21 280   M    M   0        28 270
21  47  22  35   8  30   0 0.00    M    M  9.2 28 280   M    M   0        36 280
22  45  18  32   5  33   0 0.00    M    M  5.6 15 200   M    M   0        18 200
23  43  14  29   3  36   0 0.00    M    M  6.9 18 310   M    M   0        23 300
24  48  13  31   5  34   0 0.00    M    M  5.1 16 230   M    M   0        21 240
25  51  20  36  10  29   0 0.00    M    M  7.6 22 310   M    M   0        28 310
26  41  17  29   4  36   0 0.00    M    M  8.6 26 310   M    M   0        37 320
27  56  24  40  15  25   0 0.00    M    M  7.9 23 260   M    M   0        31 250
28  56  19  38  14  27   0 0.00    M    M 12.5 31 330   M    M   0        41 340
29  45   8  27   3  38   0 0.00    M    M  6.2 22 210   M    M   0        27 210
================================================================================
SM 1421  563       884   0  0.01    M    237.5          M        0
================================================================================
AV 49.0 19.4                               8.2 FASTST   M    M   0    MAX(MPH)
                                 MISC ---->    31 330               # 41 310
================================================================================
NOTES:
# LAST OF SEVERAL OCCURRENCES

COLUMN 17 PEAK WIND IN M.P.H.

PRELIMINARY LOCAL CLIMATOLOGICAL DATA (WS FORM: F-6) , PAGE 2

                                          STATION:   JORDAN  ASOS MT
                                          MONTH:     NOVEMBER
                                          YEAR:      2020
                                          LATITUDE:   47 19 N
                                          LONGITUDE: 106 50 W

[TEMPERATURE DATA]      [PRECIPITATION DATA]       SYMBOLS USED IN COLUMN 16

AVERAGE MONTHLY: 34.2   TOTAL FOR MONTH:   0.01    1 = FOG OR MIST
DPTR FM NORMAL:   3.9   DPTR FM NORMAL:   -0.34    2 = FOG REDUCING VISIBILITY
HIGHEST:    78 ON  3    GRTST 24HR  0.01 ON 10-10      TO 1/4 MILE OR LESS
LOWEST:     -4 ON 10                               3 = THUNDER
                        SNOW, ICE PELLETS, HAIL    4 = ICE PELLETS
                        TOTAL MONTH:  M            5 = HAIL
                        GRTST 24HR    M  ON   M    6 = FREEZING RAIN OR DRIZZLE
                        GRTST DEPTH:  M  ON   M    7 = DUSTSTORM OR SANDSTORM:
                                                       VSBY 1/2 MILE OR LESS
                                                   8 = SMOKE OR HAZE
[NO. OF DAYS WITH]      [WEATHER - DAYS WITH]      9 = BLOWING SNOW
                                                   X = TORNADO
MAX 32 OR BELOW:   3    0.01 INCH OR MORE:   1
MAX 90 OR ABOVE:   0    0.10 INCH OR MORE:   0
MIN 32 OR BELOW:  25    0.50 INCH OR MORE:   0
MIN  0 OR BELOW:   3    1.00 INCH OR MORE:   0

[HDD (BASE 65) ]
TOTAL THIS MO.   884    CLEAR  (SCALE 0-3)  29
DPTR FM NORMAL  -121    PTCLDY (SCALE 4-7)   0
TOTAL FM JUL 1  1836    CLOUDY (SCALE 8-10)  0
DPTR FM NORMAL  -142

[CDD (BASE 65) ]
TOTAL THIS MO.     0
DPTR FM NORMAL     0    [PRESSURE DATA]
TOTAL FM JAN 1   637    HIGHEST SLP M ON M
DPTR FM NORMAL   216    LOWEST  SLP 29.30 ON 13

[REMARKS]
