000
CXUS52 KTBW 291000
CF6LAL
PRELIMINARY LOCAL CLIMATOLOGICAL DATA (WS FORM: F-6)

                                          STATION:   Lakeland Linder
                                          MONTH:     NOVEMBER
                                          YEAR:      2020
                                          LATITUDE:   28  0 N
                                          LONGITUDE:  82  3 W

  TEMPERATURE IN F:       :PCPN:    SNOW:  WIND      :SUNSHINE: SKY     :PK WND
================================================================================
1   2   3   4   5  6A  6B    7    8   9   10  11  12  13   14  15   16   17  18
                                     12Z  AVG MX 2MIN
DY MAX MIN AVG DEP HDD CDD  WTR  SNW DPTH SPD SPD DIR MIN PSBL S-S WX    SPD DR
================================================================================

 1  86  72  79   6   0  14 0.00  0.0    0  4.1 13  10   M    M   6        20 360
 2  83  60  72   0   0   7 0.31  0.0    0 13.3 20  60   M    M   1        28  50
 3  78  53  66  -6   0   1 0.00  0.0    0 10.4 17  80   M    M   1        22  70
 4  81  58  70  -2   0   5 0.00  0.0    0  9.4 20  70   M    M   2        28  90
 5  85  63  74   2   0   9 0.00  0.0    0 10.2 18  70   M    M   3        23  70
 6  84  64  74   3   0   9 0.00  0.0    0 10.2 18  90   M    M   2        23  70
 7  84  70  77   6   0  12 0.00  0.0    0 13.2 21  70   M    M   6        30  80
 8  80  73  77   6   0  12 0.06  0.0    0 17.2 22  60   M    M   7        31  50
 9  82  75  79   8   0  14 0.43  0.0    0 16.2 24  70   M    M   9        40  80
10  85  76  81  11   0  16 0.00  0.0    0 12.0 21 120   M    M   6        31 120
11  83  72  78   8   0  13 0.69  0.0    0 13.8 24 140   M    M   8 1      35 160
12  82  73  78   8   0  13 3.55  0.0    0 11.8 27 190   M    M   9        44 190
13  84  72  78   8   0  13 0.00  0.0    0  4.6 12  40   M    M   5 1       M  M
14  84  68  76   6   0  11 0.00  0.0    0  7.1 12  80   M    M   4 1      16  60
15  88  72  80  11   0  15 0.00  0.0    0  3.2  9 130   M    M   7         M  M
16  85  72  79  10   0  14 0.00  0.0    0  5.9 12 360   M    M   5 1       M  M
17  81  58  70   1   0   5 0.00  0.0    0  8.4 16  30   M    M   0        23  30
18  77  53  65  -4   0   0 0.00  0.0    0 11.1 22  60   M    M   2        30  60
19  76  56  66  -2   0   1 0.05  0.0    0 10.1 18  70   M    M   6        23 100
20  80  62  71   3   0   6 0.00  0.0    0  9.1 15  70   M    M   6        25  50
21  79  62  71   3   0   6 0.06  0.0    0  8.0 14  20   M    M   7 1      23  20
22  80  62  71   3   0   6 0.00  0.0    0  5.3  9  30   M    M   7 1       M  M
23  75  65  70   2   0   5 0.03  0.0    0  8.4 15  10   M    M   5        22  10
24  77  57  67   0   0   2 0.00  0.0    0  6.8 12  80   M    M   3        18  70
25  79  61  70   3   0   5 0.00  0.0    0  6.1 13 140   M    M   5        20 140
26  81  60  71   4   0   6 0.00  0.0    0  2.6  9 150   M    M   1         M  M
27  80  62  71   4   0   6 0.00  0.0    0  0.6  7  70   M    M   1         M  M
28  81  61  71   5   0   6 0.00  0.0    0  3.2 13 230   M    M   1         M  M
================================================================================
SM 2280 1812         0 232  5.18     0.0 242.3          M      125
================================================================================
AV 81.4 64.7                               8.7 FASTST   M    M   4    MAX(MPH)
                                 MISC ---->  # 27 190               # 44  190
================================================================================
NOTES:
# LAST OF SEVERAL OCCURRENCES

COLUMN 17 PEAK WIND IN M.P.H.

PRELIMINARY LOCAL CLIMATOLOGICAL DATA (WS FORM: F-6) , PAGE 2

                                          STATION:  Lakeland Linder
                                          MONTH:    NOVEMBER
                                          YEAR:     2020
                                          LATITUDE:   28  0 N
                                          LONGITUDE:  82  3 W

[TEMPERATURE DATA]      [PRECIPITATION DATA]       SYMBOLS USED IN COLUMN 16

AVERAGE MONTHLY: 73.1   TOTAL FOR MONTH:   5.18    1 = FOG OR MIST
DPTR FM NORMAL:   3.6   DPTR FM NORMAL:    3.55    2 = FOG REDUCING VISIBILITY
HIGHEST:    88 ON 15    GRTST 24HR  3.55 ON 12-12      TO 1/4 MILE OR LESS
LOWEST:     53 ON 18, 3                            3 = THUNDER
                        SNOW, ICE PELLETS, HAIL    4 = ICE PELLETS
                        TOTAL MONTH:   0.0 INCH    5 = HAIL
                        GRTST 24HR     0.0         6 = FREEZING RAIN OR DRIZZLE
                        GRTST DEPTH:   0           7 = DUSTSTORM OR SANDSTORM:
                                                       VSBY 1/2 MILE OR LESS
                                                   8 = SMOKE OR HAZE
[NO. OF DAYS WITH]      [WEATHER - DAYS WITH]      9 = BLOWING SNOW
                                                   X = TORNADO
MAX 32 OR BELOW:   0    0.01 INCH OR MORE:   8
MAX 90 OR ABOVE:   0    0.10 INCH OR MORE:   4
MIN 32 OR BELOW:   0    0.50 INCH OR MORE:   2
MIN  0 OR BELOW:   0    1.00 INCH OR MORE:   1

[HDD (BASE 65) ]
TOTAL THIS MO.     0    CLEAR  (SCALE 0-3)  11
DPTR FM NORMAL   -34    PTCLDY (SCALE 4-7)  14
TOTAL FM JUL 1     0    CLOUDY (SCALE 8-10)  3
DPTR FM NORMAL   -38

[CDD (BASE 65) ]
TOTAL THIS MO.   232
DPTR FM NORMAL    73    [PRESSURE DATA]
TOTAL FM JAN 1  4309    HIGHEST SLP M ON M
DPTR FM NORMAL   675    LOWEST  SLP M ON M

[REMARKS]
