000
CXUS54 KMAF 301210
CF6LUV
PRELIMINARY LOCAL CLIMATOLOGICAL DATA (WS FORM: F-6)

                                          STATION:   LAMESA MUNICIPAL AIRPORT
                                          MONTH:     NOVEMBER
                                          YEAR:      2020
                                          LATITUDE:   32 45 N
                                          LONGITUDE: 101-55 E

  TEMPERATURE IN F:       :PCPN:    SNOW:  WIND      :SUNSHINE: SKY     :PK WND
================================================================================
1   2   3   4   5  6A  6B    7    8   9   10  11  12  13   14  15   16   17  18
                                     12Z  AVG MX 2MIN
DY MAX MIN AVG DEP HDD CDD  WTR  SNW DPTH SPD SPD DIR MIN PSBL S-S WX    SPD DR
================================================================================

 1  70  45  58   M   7   0    M    M    M 10.2 18  80   M    M   4        21 100
 2  73  41  57   M   8   0    M    M    M 10.3 16 170   M    M   2        22 210
 3  77  41  59   M   6   0    M    M    M 10.8 18 190   M    M   8        25 190
 4  86  45  66   M   0   1    M    M    M 11.0 16 210   M    M   6        22 220
 5  84  45  65   M   0   0    M    M    M  8.3 15  30   M    M   1        23  50
 6  79  43  61   M   4   0    M    M    M  7.6 12 140   M    M   6         M   M
 7  73  46  60   M   5   0    M    M    M 15.1 24 160   M    M   4        30 170
 8  81  54  68   M   0   3    M    M    M 18.7 25 180   M    M   4        33 180
 9  84  59  72   M   0   7    M    M    M 15.8 22 200   M    M   7        31 210
10  66  41  54   M  11   0    M    M    M 12.2 22 320   M    M   7        23 270
11  72  36  54   M  11   0    M    M    M  7.4 10 230   M    M   8         M   M
12  75  39  57   M   8   0    M    M    M  6.6 13  70   M    M   8        23  70
13  54  45  50   M  15   0    M    M    M 10.3 22  70   M    M   9        29  70
14  81  50  66   M   0   1    M    M    M 16.0 29 250   M    M   5 8      37 240
15  61  34  48   M  17   0    M    M    M  8.2 18  30   M    M   6        24 320
16  79  36  58   M   7   0    M    M    M  8.6 15 230   M    M   5        17 230
17  72  39  56   M   9   0    M    M    M 11.1 22 170   M    M   7        23 170
18  75  39  57   M   8   0    M    M    M 14.1 24 190   M    M   8        29 190
19  81  45  63   M   2   0    M    M    M 12.8 17 180   M    M   7        22 190
20  75  48  62   M   3   0    M    M    M  7.5 15 190   M    M   8 18      M   M
21  72  46  59   M   6   0    M    M    M  9.7 15 160   M    M   8        20 160
22  55  46  51   M  14   0    M    M    M 13.4 21  50   M    M  10 128    24  60
23  63  43  53   M  12   0    M    M    M 13.2 17 170   M    M   9 128    17 120
24  73  41  57   M   8   0 0.04    M    M 18.4 28 310   M    M   8 8      40 270
25  64  30  47   M  18   0    M    M    M  9.1 18 340   M    M   8        21 200
26  77  36  57   M   8   0    M    M    M  8.5 20 270   M    M   5        21 270
27  55  41  48   M  17   0    M    M    M 15.0 23  60   M    M   9        26  60
28  50  37  44   M  21   0 0.30    M    M  9.6 17  70   M    M   9        25  70
29  52  32  42   M  23   0    M    M    M 11.5 22  20   M    M   7 2      32  10
================================================================================
SM 2059 1223       248  12  0.34    M    331.0          M      193
================================================================================
AV 71.0 42.2                              11.4 FASTST   M    M   7    MAX(MPH)
                                 MISC ---->    29 250                 40 270
================================================================================
NOTES:
# LAST OF SEVERAL OCCURRENCES

COLUMN 17 PEAK WIND IN M.P.H.

PRELIMINARY LOCAL CLIMATOLOGICAL DATA (WS FORM: F-6) , PAGE 2

                                          STATION:   LAMESA MUNICIPAL AIRPORT
                                          MONTH:     NOVEMBER
                                          YEAR:      2020
                                          LATITUDE:   32 45 N
                                          LONGITUDE: 101-55 E

[TEMPERATURE DATA]      [PRECIPITATION DATA]       SYMBOLS USED IN COLUMN 16

AVERAGE MONTHLY: 56.6   TOTAL FOR MONTH:   0.34    1 = FOG OR MIST
DPTR FM NORMAL:   0.0   DPTR FM NORMAL:    0.34    2 = FOG REDUCING VISIBILITY
HIGHEST:    86 ON  4    GRTST 24HR  0.30 ON 28-28      TO 1/4 MILE OR LESS
LOWEST:     30 ON 25                               3 = THUNDER
                        SNOW, ICE PELLETS, HAIL    4 = ICE PELLETS
                        TOTAL MONTH:  M            5 = HAIL
                        GRTST 24HR    M  ON   M    6 = FREEZING RAIN OR DRIZZLE
                        GRTST DEPTH:  M  ON   M    7 = DUSTSTORM OR SANDSTORM:
                                                       VSBY 1/2 MILE OR LESS
                                                   8 = SMOKE OR HAZE
[NO. OF DAYS WITH]      [WEATHER - DAYS WITH]      9 = BLOWING SNOW
                                                   X = TORNADO
MAX 32 OR BELOW:   0    0.01 INCH OR MORE:   2
MAX 90 OR ABOVE:   0    0.10 INCH OR MORE:   1
MIN 32 OR BELOW:   2    0.50 INCH OR MORE:   0
MIN  0 OR BELOW:   0    1.00 INCH OR MORE:   0

[HDD (BASE 65) ]
TOTAL THIS MO.   248    CLEAR  (SCALE 0-3)   2
DPTR FM NORMAL     M    PTCLDY (SCALE 4-7)  18
TOTAL FM JUL 1   428    CLOUDY (SCALE 8-10)  9
DPTR FM NORMAL     M

[CDD (BASE 65) ]
TOTAL THIS MO.    12
DPTR FM NORMAL     M    [PRESSURE DATA]
TOTAL FM JAN 1    90    HIGHEST SLP M ON M
DPTR FM NORMAL     M    LOWEST  SLP M ON M

[REMARKS]
