000
CXUS53 KDMX 300920
CF6LWD
PRELIMINARY LOCAL CLIMATOLOGICAL DATA (WS FORM: F-6)

                                          STATION:   LAMONI IA
                                          MONTH:     NOVEMBER
                                          YEAR:      2020
                                          LATITUDE:   40 37 N
                                          LONGITUDE:  93 56 W

  TEMPERATURE IN F:       :PCPN:    SNOW:  WIND      :SUNSHINE: SKY     :PK WND
================================================================================
1   2   3   4   5  6A  6B    7    8   9   10  11  12  13   14  15   16   17  18
                                     12Z  AVG MX 2MIN
DY MAX MIN AVG DEP HDD CDD  WTR  SNW DPTH SPD SPD DIR MIN PSBL S-S WX    SPD DR
================================================================================

 1  47  30  39  -8  26   0 0.00  0.0    0 12.1 25 320   M    M   0        37 340
 2  62  27  45  -1  20   0 0.00  0.0    0  9.5 23 230   M    M   0        29 230
 3  75  37  56  10   9   0 0.00  0.0    0 10.7 20 200   M    M   0        27 200
 4  70  44  57  12   8   0 0.00  0.0    0 10.6 20 210   M    M   0        25 210
 5  72  45  59  14   6   0 0.00  0.0    0  5.2 12 190   M    M   0 8      14 200
 6  73  46  60  16   5   0 0.00  0.0    0 10.2 20 200   M    M   0 1      26 200
 7  71  51  61  17   4   0 0.00  0.0    0 12.5 23 180   M    M   0        32 180
 8  74  54  64  20   1   0 0.00  0.0    0 14.0 28 170   M    M   3        43 170
 9  69  45  57  14   8   0    T  0.0    0 12.8 22 180   M    M   8 8      34 180
10  50  30  40  -2  25   0 1.13  0.0    0 14.2 28 270   M    M  10 1      39 250
11  53  25  39  -3  26   0 0.00  0.0    0  8.1 17 220   M    M   1        21 220
12  55  24  40  -2  25   0 0.00  0.0    0 10.4 24 320   M    M   2        30 320
13  43  18  31 -10  34   0 0.00  0.0    0  7.3 15 160   M    M   0        23 160
14  59  33  46   6  19   0    T  0.0    0 13.7 25 320   M    M   6 1      35 310
15  50  33  42   2  23   0 0.02  0.0    0 19.5 35 290   M    M   3        48 300
16  60  29  45   6  20   0 0.00  0.0    0 12.7 29 300   M    M   0        37 300
17  48  26  37  -2  28   0 0.00  0.0    0  6.6 14 140   M    M   2        20 160
18  66  38  52  14  13   0 0.00  0.0    0 15.8 29 180   M    M   0        41 190
19  69  49  59  21   6   0 0.00  0.0    0 16.6 28 210   M    M   0        39 210
20  59  38  49  12  16   0 0.00  0.0    0  8.2 18  20   M    M   0        27  20
21  44  36  40   3  25   0 0.00  0.0    0  7.8 14  50   M    M   5        18  50
22  53  28  41   5  24   0 0.01  0.0    0  9.1 23 300   M    M   3 1      30 300
23  36  26  31  -5  34   0 0.63    M    0  6.9 14 110   M    M   6 18     21 120
24  47  34  41   6  24   0 1.19  0.0    0  7.9 16  10   M    M  10 12     26 190
25  43  37  40   5  25   0 0.43  0.0    0 12.1 25  20   M    M  10 1      35  20
26  52  30  41   7  24   0 0.00  0.0    0  9.4 18 200   M    M   M 1      24 200
27  49  27  38   4  27   0 0.00  0.0    0  8.0 16 360   M    M   1 1      22 350
28  57  33  45  12  20   0 0.00  0.0    0 12.2 21 230   M    M   0        27 230
29  41  27  34   1  31   0 0.00  0.0    0 16.1 35 340   M    M   1        47 340
================================================================================
SM 1647 1000       556   0  3.41     0.0 320.2          M       71
================================================================================
AV 56.8 34.5                              11.0 FASTST   M    M   3    MAX(MPH)
                                 MISC ---->  # 35 290               # 48  300
================================================================================
NOTES:
# LAST OF SEVERAL OCCURRENCES

COLUMN 17 PEAK WIND IN M.P.H.

PRELIMINARY LOCAL CLIMATOLOGICAL DATA (WS FORM: F-6) , PAGE 2

                                          STATION:  LAMONI IA
                                          MONTH:    NOVEMBER
                                          YEAR:     2020
                                          LATITUDE:   40 37 N
                                          LONGITUDE:  93 56 W

[TEMPERATURE DATA]      [PRECIPITATION DATA]       SYMBOLS USED IN COLUMN 16

AVERAGE MONTHLY: 45.6   TOTAL FOR MONTH:   3.41    1 = FOG OR MIST
DPTR FM NORMAL:   5.8   DPTR FM NORMAL:    1.27    2 = FOG REDUCING VISIBILITY
HIGHEST:    75 ON  3    GRTST 24HR  1.19 ON 24-24      TO 1/4 MILE OR LESS
LOWEST:     18 ON 13                               3 = THUNDER
                        SNOW, ICE PELLETS, HAIL    4 = ICE PELLETS
                        TOTAL MONTH:   0.0 INCH    5 = HAIL
                        GRTST 24HR     0.0         6 = FREEZING RAIN OR DRIZZLE
                        GRTST DEPTH:   0           7 = DUSTSTORM OR SANDSTORM:
                                                       VSBY 1/2 MILE OR LESS
                                                   8 = SMOKE OR HAZE
[NO. OF DAYS WITH]      [WEATHER - DAYS WITH]      9 = BLOWING SNOW
                                                   X = TORNADO
MAX 32 OR BELOW:   0    0.01 INCH OR MORE:   6
MAX 90 OR ABOVE:   0    0.10 INCH OR MORE:   4
MIN 32 OR BELOW:  13    0.50 INCH OR MORE:   3
MIN  0 OR BELOW:   0    1.00 INCH OR MORE:   2

[HDD (BASE 65) ]
TOTAL THIS MO.   556    CLEAR  (SCALE 0-3)  20
DPTR FM NORMAL  -174    PTCLDY (SCALE 4-7)   5
TOTAL FM JUL 1  1159    CLOUDY (SCALE 8-10)  3
DPTR FM NORMAL   -55

[CDD (BASE 65) ]
TOTAL THIS MO.     0
DPTR FM NORMAL     0    [PRESSURE DATA]
TOTAL FM JAN 1  1110    HIGHEST SLP M ON M
DPTR FM NORMAL   164    LOWEST  SLP 29.41 ON 14

[REMARKS]
