000
CXUS53 KGID 300830
CF6LXN
PRELIMINARY LOCAL CLIMATOLOGICAL DATA (WS FORM: F-6)

                                          STATION:   LEXINGTON
                                          MONTH:     NOVEMBER
                                          YEAR:      2020
                                          LATITUDE:   40 47 N
                                          LONGITUDE:  99 46 W

  TEMPERATURE IN F:       :PCPN:    SNOW:  WIND      :SUNSHINE: SKY     :PK WND
================================================================================
1   2   3   4   5  6A  6B    7    8   9   10  11  12  13   14  15   16   17  18
                                     12Z  AVG MX 2MIN
DY MAX MIN AVG DEP HDD CDD  WTR  SNW DPTH SPD SPD DIR MIN PSBL S-S WX    SPD DR
================================================================================

 1  55  20  38   M  27   0 0.00    M    M  6.9 13 180   M    M   0        18 190
 2  77  27  52   M  13   0 0.00    M    M  4.1 10 290   M    M   0 8       M   M
 3  83  30  57   M   8   0 0.00    M    M  5.8 10 240   M    M   0         M   M
 4  82  36  59   M   6   0 0.00    M    M  6.0 12 300   M    M   0 8       M   M
 5  77  36  57   M   8   0 0.00    M    M  6.7 13 290   M    M   0         M   M
 6  83  43  63   M   2   0 0.00    M    M 12.7 23 180   M    M   0        31 180
 7  78  53  66   M   0   1 0.00    M    M 21.6 33 180   M    M   0        43 180
 8  73  54  64   M   1   0 0.42    M    M 23.7 31 190   M    M   4 8      45 190
 9  61  30  46   M  19   0 0.22    M    M 17.9 27 180   M    M  10 1      39 180
10  40  26  33   M  32   0    M    M    M  8.8 18 310   M    M   5 8      21  20
11  54  27  41   M  24   0 0.00    M    M  9.1 18 290   M    M   1        23 290
12  40  24  32   M  33   0 0.00    M    M  8.4 17 330   M    M   2        22 350
13  53  21  37   M  28   0 0.00    M    M 13.0 33 200   M    M   0        41 200
14  58  28  43   M  22   0 0.00    M    M 15.2 39 320   M    M   2        55 320
15  52  28  40   M  25   0 0.00    M    M 13.4 21 300   M    M   0        29 300
16  58  23  41   M  24   0 0.00    M    M  6.1 14 290   M    M   1        17 310
17  68  29  49   M  16   0 0.00    M    M  8.2 18 180   M    M   0        27 180
18  66  27  47   M  18   0 0.00    M    M  6.0 13 180   M    M   0         M   M
19  73  35  54   M  11   0 0.00    M    M  9.1 17 360   M    M   0        23 360
20  55  30  43   M  22   0 0.00    M    M  4.8  8 290   M    M   1         M   M
21  47  30  39   M  26   0 0.00    M    M  7.0 16 170   M    M   6         M   M
22  51  22  37   M  28   0 0.00    M    M  7.5 16 290   M    M   0        20 320
23  42  24  33   M  32   0 0.00    M    M 16.5 27 170   M    M   9 1      35 170
24  42  30  36   M  29   0 0.05    M    M 12.6 20 350   M    M  10 123    29 350
25  53  23  38   M  27   0 0.00    M    M  8.7 13 180   M    M   0        17 210
26  49  24  37   M  28   0 0.00    M    M  7.4 13  10   M    M   1        17  10
27  51  20  36   M  29   0 0.00    M    M  6.3  9 290   M    M   0         M   M
28  58  19  39   M  26   0 0.00    M    M  6.4 13 200   M    M   0        18 220
29  40  13  27   M  38   0 0.00    M    M 17.6 27 360   M    M   0        37 360
================================================================================
SM 1719  832       602   1  0.69    M    297.5          M       52
================================================================================
AV 59.3 28.7                              10.3 FASTST   M    M   2    MAX(MPH)
                                 MISC ---->    39 320                 55 320
================================================================================
NOTES:
# LAST OF SEVERAL OCCURRENCES

COLUMN 17 PEAK WIND IN M.P.H.

PRELIMINARY LOCAL CLIMATOLOGICAL DATA (WS FORM: F-6) , PAGE 2

                                          STATION:   LEXINGTON
                                          MONTH:     NOVEMBER
                                          YEAR:      2020
                                          LATITUDE:   40 47 N
                                          LONGITUDE:  99 46 W

[TEMPERATURE DATA]      [PRECIPITATION DATA]       SYMBOLS USED IN COLUMN 16

AVERAGE MONTHLY: 44.0   TOTAL FOR MONTH:   0.69    1 = FOG OR MIST
DPTR FM NORMAL:   0.0   DPTR FM NORMAL:    0.69    2 = FOG REDUCING VISIBILITY
HIGHEST:    83 ON  6, 3  GRTST 24HR  0.42 ON  8- 8      TO 1/4 MILE OR LESS
LOWEST:     13 ON 29                               3 = THUNDER
                        SNOW, ICE PELLETS, HAIL    4 = ICE PELLETS
                        TOTAL MONTH:  M            5 = HAIL
                        GRTST 24HR    M  ON   M    6 = FREEZING RAIN OR DRIZZLE
                        GRTST DEPTH:  M  ON   M    7 = DUSTSTORM OR SANDSTORM:
                                                       VSBY 1/2 MILE OR LESS
                                                   8 = SMOKE OR HAZE
[NO. OF DAYS WITH]      [WEATHER - DAYS WITH]      9 = BLOWING SNOW
                                                   X = TORNADO
MAX 32 OR BELOW:   0    0.01 INCH OR MORE:   3
MAX 90 OR ABOVE:   0    0.10 INCH OR MORE:   2
MIN 32 OR BELOW:  23    0.50 INCH OR MORE:   0
MIN  0 OR BELOW:   0    1.00 INCH OR MORE:   0

[HDD (BASE 65) ]
TOTAL THIS MO.   602    CLEAR  (SCALE 0-3)  23
DPTR FM NORMAL     M    PTCLDY (SCALE 4-7)   3
TOTAL FM JUL 1  1240    CLOUDY (SCALE 8-10)  3
DPTR FM NORMAL     M

[CDD (BASE 65) ]
TOTAL THIS MO.     1
DPTR FM NORMAL     M    [PRESSURE DATA]
TOTAL FM JAN 1  1102    HIGHEST SLP M ON M
DPTR FM NORMAL     M    LOWEST  SLP M ON M

[REMARKS]
