000
CXUS55 KEAX 300836
CF6LXT
PRELIMINARY LOCAL CLIMATOLOGICAL DATA (WS FORM: F-6)

                                          STATION:   LEE`S SUMMIT MO
                                          MONTH:     NOVEMBER
                                          YEAR:      2020
                                          LATITUDE:   38 57 N
                                          LONGITUDE:  94 22 W

  TEMPERATURE IN F:       :PCPN:    SNOW:  WIND      :SUNSHINE: SKY     :PK WND
================================================================================
1   2   3   4   5  6A  6B    7    8   9   10  11  12  13   14  15   16   17  18
                                     12Z  AVG MX 2MIN
DY MAX MIN AVG DEP HDD CDD  WTR  SNW DPTH SPD SPD DIR MIN PSBL S-S WX    SPD DR
================================================================================

 1  53  36  45  -6  20   0 0.00    M    M  9.5 21 340   M    M   0        29 340
 2  65  34  50   0  15   0 0.00    M    M 11.3 23 230   M    M   0        32 240
 3  75  42  59   9   6   0 0.00    M    M 10.7 16 210   M    M   0        23 210
 4  71  50  61  11   4   0 0.00    M    M 12.7 22 190   M    M   0        29 180
 5  73  49  61  12   4   0 0.00    M    M  7.3 15 230   M    M   0        20 210
 6  73  52  63  14   2   0 0.00    M    M 10.9 18 200   M    M   3 1      24 200
 7  72  52  62  14   3   0 0.00    M    M 12.4 22 200   M    M   0        27 190
 8  76  58  67  19   0   2 0.00    M    M 14.5 28 190   M    M   4        40 170
 9  74  63  69  22   0   4 0.00    M    M 14.6 33 190   M    M   8        43 200
10  67  30  49   2  16   0 0.45    M    M 12.1 24 270   M    M   8 13     37 270
11  56  28  42  -4  23   0 0.00    M    M  3.7  9 240   M    M   0        13 260
12  56  31  44  -2  21   0 0.00    M    M  9.9 25 330   M    M   3        33 330
13  47  23  35 -10  30   0 0.00    M    M  6.4 16 350   M    M   0        20 340
14  66  42  54   9  11   0 0.23    M    M 16.8 29 290   M    M   8 13     47 270
15  54  39  47   3  18   0 0.00    M    M 14.5 33 300   M    M   1        49 290
16  64  36  50   6  15   0 0.00    M    M 10.7 21 270   M    M   0        28 270
17  57  34  46   3  19   0 0.00    M    M  7.8 14 160   M    M   0        22 160
18  67  45  56  13   9   0 0.00    M    M 20.0 35 200   M    M   0        45 200
19  71  58  65  23   0   0 0.00    M    M 20.3 38 220   M    M   0        54 220
20  62  50  56  14   9   0 0.00    M    M  8.8 18  60   M    M   6        26  60
21  50  41  46   5  19   0 0.22    M    M 10.8 17  50   M    M   9 1      23  40
22  54  37  46   5  19   0 0.00    M    M  7.4 21 330   M    M   6        25 330
23  44  31  38  -2  27   0 0.17    M    M  7.3 16 100   M    M   6 1      25 110
24  52  44  48   8  17   0 0.50    M    M 11.5 24  50   M    M  10 13     34  40
25  51  35  43   4  22   0    T    M    M 10.2 22 320   M    M  10 1      32 310
26  56  31  44   5  21   0 0.00    M    M  6.2 12 210   M    M   3 12      M   M
27  52  36  44   6  21   0 0.00    M    M  8.2 16 360   M    M   2        21 360
28  56  33  45   7  20   0 0.00    M    M  8.2 17 210   M    M   0        23 220
29  46  30  38   0  27   0 0.00    M    M 15.5 32 340   M    M   0        42 350
================================================================================
SM 1760 1170       418   6  1.57    M    320.2          M       87
================================================================================
AV 60.7 40.3                              11.0 FASTST   M    M   3    MAX(MPH)
                                 MISC ---->    38 220                 54 220
================================================================================
NOTES:
# LAST OF SEVERAL OCCURRENCES

COLUMN 17 PEAK WIND IN M.P.H.

PRELIMINARY LOCAL CLIMATOLOGICAL DATA (WS FORM: F-6) , PAGE 2

                                          STATION:   LEE`S SUMMIT MO
                                          MONTH:     NOVEMBER
                                          YEAR:      2020
                                          LATITUDE:   38 57 N
                                          LONGITUDE:  94 22 W

[TEMPERATURE DATA]      [PRECIPITATION DATA]       SYMBOLS USED IN COLUMN 16

AVERAGE MONTHLY: 50.5   TOTAL FOR MONTH:   1.57    1 = FOG OR MIST
DPTR FM NORMAL:   6.3   DPTR FM NORMAL:   -0.83    2 = FOG REDUCING VISIBILITY
HIGHEST:    76 ON  8    GRTST 24HR  0.50 ON 24-24      TO 1/4 MILE OR LESS
LOWEST:     23 ON 13                               3 = THUNDER
                        SNOW, ICE PELLETS, HAIL    4 = ICE PELLETS
                        TOTAL MONTH:  M            5 = HAIL
                        GRTST 24HR    M  ON   M    6 = FREEZING RAIN OR DRIZZLE
                        GRTST DEPTH:  M  ON   M    7 = DUSTSTORM OR SANDSTORM:
                                                       VSBY 1/2 MILE OR LESS
                                                   8 = SMOKE OR HAZE
[NO. OF DAYS WITH]      [WEATHER - DAYS WITH]      9 = BLOWING SNOW
                                                   X = TORNADO
MAX 32 OR BELOW:   0    0.01 INCH OR MORE:   5
MAX 90 OR ABOVE:   0    0.10 INCH OR MORE:   5
MIN 32 OR BELOW:   7    0.50 INCH OR MORE:   1
MIN  0 OR BELOW:   0    1.00 INCH OR MORE:   0

[HDD (BASE 65) ]
TOTAL THIS MO.   418    CLEAR  (SCALE 0-3)  18
DPTR FM NORMAL  -183    PTCLDY (SCALE 4-7)   7
TOTAL FM JUL 1   828    CLOUDY (SCALE 8-10)  4
DPTR FM NORMAL  -108

[CDD (BASE 65) ]
TOTAL THIS MO.     6
DPTR FM NORMAL     6    [PRESSURE DATA]
TOTAL FM JAN 1  1588    HIGHEST SLP M ON M
DPTR FM NORMAL   274    LOWEST  SLP 29.43 ON 14

[REMARKS]
