000
CXAK56 PAFG 300954
CF6MCG
PRELIMINARY LOCAL CLIMATOLOGICAL DATA (WS FORM: F-6)

                                          STATION:   MCGRATH AK
                                          MONTH:     NOVEMBER
                                          YEAR:      2020
                                          LATITUDE:   62 57 N
                                          LONGITUDE: 155 36 W

  TEMPERATURE IN F:       :PCPN:    SNOW:  WIND      :SUNSHINE: SKY     :PK WND
================================================================================
1   2   3   4   5  6A  6B    7    8   9   10  11  12  13   14  15   16   17  18
                                     12Z  AVG MX 2MIN
DY MAX MIN AVG DEP HDD CDD  WTR  SNW DPTH SPD SPD DIR MIN PSBL S-S WX    SPD DR
================================================================================

 1  11  -7   2 -11  63   0 0.00    M    M  6.1 13 310   M    M   M 2      16 330
 2   5 -11  -3 -16  68   0 0.00    M    M  6.1 16 320   M    M   M 18     17 320
 3  -3 -17 -10 -22  75   0 0.00    M    M  4.8  9 310   M    M   M 18     10 310
 4   M   M   M   M   M   M 0.00    M    M    M  M   M   M    M   M         M   M
 5   9 -12  -1 -12  66   0 0.23    M    M  5.7 13  70   M    M  10        15  70
 6  36   9  23  13  42   0 0.04    M    M 14.2 26 200   M    M   9        38 200
 7  36  29  33  24  32   0 0.32    M    M  7.0 22 200   M    M   7        34 200
 8  33  26  30  21  35   0 0.42    M    M 11.5 22 300   M    M   9        28 300
 9  37  14  26  18  39   0 0.25    M    M  7.9 18 200   M    M   7        26 200
10  41  36  39  31  26   0 0.04    M    M 10.6 22 200   M    M   9 8      34 200
11  38  20  29  22  36   0 0.05    M    M  5.0 14  40   M    M   6 1      17  70
12  24   9  17  10  48   0 0.10    M    M  4.0 10 320   M    M   5 1      11 320
13  24  16  20  14  45   0    T    M    M  2.2 10 320   M    M  10 1      13  30
14  19  -1   9   3  56   0    T    M    M  7.4 15 330   M    M  10 18     18 330
15   8 -14  -3  -8  68   0    T    M    M  8.2 14 320   M    M   4 1      17 330
16  -3 -16  -9 -14  74   0 0.00    M    M  4.2 13 320   M    M   0 128    14 320
17  -6 -18 -12 -16  77   0 0.00    M    M  4.7 10 320   M    M   0 18     11 320
18  -9 -20 -14 -18  79   0 0.00    M    M  7.1 12 330   M    M   0 8      13 320
19  -2 -21 -11 -15  76   0 0.00    M    M  6.3 12 320   M    M   3 8      13 320
20   9 -12  -1  -4  66   0 0.00    M    M  5.1 13 320   M    M   1        14 320
21  15   1   8   5  57   0 0.00    M    M  4.6 12  50   M    M   3        12  50
22  11  -2   5   3  60   0    T    M    M  5.0 13 320   M    M   9 1      17 320
23  16  -4   6   4  59   0 0.00    M    M  7.5 14 320   M    M   6 1      16 320
24  16  -7   5   3  60   0 0.03    M    M  5.5 12 320   M    M   6 18     13 320
25  31  16  24  22  41   0    T    M    M  9.2 22  80   M    M  10 1      32  80
26  30  11  21  20  44   0 0.00    M    M  5.3 12 210   M    M   6 12     18 210
27  15   4  10   9  55   0 0.04    M    M  3.8 12 320   M    M   9 1      12 320
28  15   3   9   8  56   0 0.00    M    M  9.6 15 320   M    M   4 1      18 320
29  10   1   6   6  59   0 0.01    M    M  5.4 12 320   M    M   9 1      12 320
================================================================================
SM  466   33      1562   0  1.53    M    184.0          M      152
================================================================================
AV 16.6  1.2                               6.6 FASTST   M    M   6    MAX(MPH)
                                 MISC ---->    26 200                 38 200
================================================================================
NOTES:
# LAST OF SEVERAL OCCURRENCES

COLUMN 17 PEAK WIND IN M.P.H.

PRELIMINARY LOCAL CLIMATOLOGICAL DATA (WS FORM: F-6) , PAGE 2

                                          STATION:   MCGRATH AK
                                          MONTH:     NOVEMBER
                                          YEAR:      2020
                                          LATITUDE:   62 57 N
                                          LONGITUDE: 155 36 W

[TEMPERATURE DATA]      [PRECIPITATION DATA]       SYMBOLS USED IN COLUMN 16

AVERAGE MONTHLY:  8.9   TOTAL FOR MONTH:   1.53    1 = FOG OR MIST
DPTR FM NORMAL:   3.1   DPTR FM NORMAL:    0.16    2 = FOG REDUCING VISIBILITY
HIGHEST:    41 ON 10    GRTST 24HR  0.65 ON  7- 8      TO 1/4 MILE OR LESS
LOWEST:    -21 ON 19                               3 = THUNDER
                        SNOW, ICE PELLETS, HAIL    4 = ICE PELLETS
                        TOTAL MONTH:  M            5 = HAIL
                        GRTST 24HR    M  ON   M    6 = FREEZING RAIN OR DRIZZLE
                        GRTST DEPTH:  M  ON   M    7 = DUSTSTORM OR SANDSTORM:
                                                       VSBY 1/2 MILE OR LESS
                                                   8 = SMOKE OR HAZE
[NO. OF DAYS WITH]      [WEATHER - DAYS WITH]      9 = BLOWING SNOW
                                                   X = TORNADO
MAX 32 OR BELOW:  22    0.01 INCH OR MORE:  11
MAX 90 OR ABOVE:   0    0.10 INCH OR MORE:   5
MIN 32 OR BELOW:  27    0.50 INCH OR MORE:   0
MIN  0 OR BELOW:  14    1.00 INCH OR MORE:   0

[HDD (BASE 65) ]
TOTAL THIS MO.  1562    CLEAR  (SCALE 0-3)   5
DPTR FM NORMAL  -157    PTCLDY (SCALE 4-7)  10
TOTAL FM JUL 1  3573    CLOUDY (SCALE 8-10) 14
DPTR FM NORMAL  -486

[CDD (BASE 65) ]
TOTAL THIS MO.     0
DPTR FM NORMAL     0    [PRESSURE DATA]
TOTAL FM JAN 1     1    HIGHEST SLP M ON M
DPTR FM NORMAL   -19    LOWEST  SLP 28.86 ON 25

[REMARKS]
