000
CXUS54 KBRO 300900
CF6MFE
PRELIMINARY LOCAL CLIMATOLOGICAL DATA (WS FORM: F-6)

                                          STATION:   MCALLEN
                                          MONTH:     NOVEMBER
                                          YEAR:      2020
                                          LATITUDE:   26 10 N
                                          LONGITUDE:  98 14 W

  TEMPERATURE IN F:       :PCPN:    SNOW:  WIND      :SUNSHINE: SKY     :PK WND
================================================================================
1   2   3   4   5  6A  6B    7    8   9   10  11  12  13   14  15   16   17  18
                                     12Z  AVG MX 2MIN
DY MAX MIN AVG DEP HDD CDD  WTR  SNW DPTH SPD SPD DIR MIN PSBL S-S WX    SPD DR
================================================================================

 1  85  56  71  -3   0   6 0.00  0.0    0  6.3 18  70   M    M   0        24  70
 2  82  58  70  -3   0   5 0.00  0.0    0  7.5 16  70   M    M   1        20  40
 3  82  53  68  -5   0   3 0.00  0.0    0  5.3 14 100   M    M   0        17 100
 4  85  54  70  -3   0   5 0.00  0.0    0  6.2 15 110   M    M   0        21 100
 5  87  61  74   2   0   9 0.00  0.0    0  4.0 16  80   M    M   1        19  80
 6  85  58  72   0   0   7 0.00  0.0    0  4.9 18  80   M    M   1 1      24  80
 7  86  58  72   0   0   7 0.00  0.0    0  5.7 15  80   M    M   0 1      20  80
 8  89  64  77   5   0  12 0.00  0.0    0  7.5 20 100   M    M   3 12     23 110
 9  90  67  79   8   0  14 0.00  0.0    0  9.9 17 140   M    M   2 8      21 140
10  88  68  78   7   0  13 0.00  0.0    0  7.3 16  80   M    M   7        20  80
11  86  69  78   7   0  13 0.00  0.0    0  5.7 13 100   M    M   5        17 110
12  86  67  77   7   0  12 0.00  0.0    0  7.3 17 120   M    M   8 12     21 110
13  92  73  83  13   0  18 0.00  0.0    0 11.0 21 130   M    M   6        24 130
14  92  69  81  11   0  16 0.00  0.0    0 12.8 24 150   M    M   3 1      34 140
15  88  71  80  10   0  15 0.00  0.0    0  9.4 22 360   M    M   4 1      32  10
16  85  67  76   7   0  11 0.00  0.0    0  8.0 17  80   M    M   5        21  80
17  84  60  72   3   0   7 0.00  0.0    0  8.1 17  40   M    M   0        23  50
18  85  56  71   2   0   6 0.00  0.0    0  6.8 16  80   M    M   1        19  80
19  86  57  72   4   0   7 0.00  0.0    0  6.3 18 110   M    M   1        23 150
20  89  58  74   6   0   9 0.00  0.0    0  7.2 20 100   M    M   3        23  80
21  83  65  74   6   0   9 0.00  0.0    0  5.7 13 100   M    M   4        15 100
22  87  62  75   8   0  10 0.00  0.0    0  5.2 16  60   M    M   6 12     22  80
23  85  60  73   6   0   8 0.00  0.0    0  7.2 18  90   M    M   2 1      23 100
24  89  67  78  11   0  13    T  0.0    0 16.5 29 160   M    M   2 1      35 150
25  87  71  79  13   0  14 0.00  0.0    0  7.8 16 160   M    M   5 8      22 150
26  90  71  81  15   0  16 0.00  0.0    0  7.6 16 150   M    M   4        23 150
27  89  73  81  15   0  16 0.00  0.0    0 12.3 22 140   M    M   3 1      28 150
28  87  62  75   9   0  10 0.00  0.0    0 12.0 21 320   M    M   9 1      27 320
29  76  57  67   2   0   2    T  0.0    0 10.8 22  10   M    M   6 1      28 360
================================================================================
SM 2505 1832         0 293    T      0.0 232.3          M       92
================================================================================
AV 86.4 63.2                               8.0 FASTST   M    M   3    MAX(MPH)
                                 MISC ---->  # 29 160               # 35  150
================================================================================
NOTES:
# LAST OF SEVERAL OCCURRENCES

COLUMN 17 PEAK WIND IN M.P.H.

PRELIMINARY LOCAL CLIMATOLOGICAL DATA (WS FORM: F-6) , PAGE 2

                                          STATION:  MCALLEN
                                          MONTH:    NOVEMBER
                                          YEAR:     2020
                                          LATITUDE:   26 10 N
                                          LONGITUDE:  98 14 W

[TEMPERATURE DATA]      [PRECIPITATION DATA]       SYMBOLS USED IN COLUMN 16

AVERAGE MONTHLY: 74.8   TOTAL FOR MONTH:      T    1 = FOG OR MIST
DPTR FM NORMAL:   5.3   DPTR FM NORMAL:   -0.86    2 = FOG REDUCING VISIBILITY
HIGHEST:    92 ON 14,13 GRTST 24HR    T  ON 29-29      TO 1/4 MILE OR LESS
LOWEST:     53 ON  3                               3 = THUNDER
                        SNOW, ICE PELLETS, HAIL    4 = ICE PELLETS
                        TOTAL MONTH:   0.0 INCH    5 = HAIL
                        GRTST 24HR     0.0         6 = FREEZING RAIN OR DRIZZLE
                        GRTST DEPTH:   0           7 = DUSTSTORM OR SANDSTORM:
                                                       VSBY 1/2 MILE OR LESS
                                                   8 = SMOKE OR HAZE
[NO. OF DAYS WITH]      [WEATHER - DAYS WITH]      9 = BLOWING SNOW
                                                   X = TORNADO
MAX 32 OR BELOW:   0    0.01 INCH OR MORE:   0
MAX 90 OR ABOVE:   4    0.10 INCH OR MORE:   0
MIN 32 OR BELOW:   0    0.50 INCH OR MORE:   0
MIN  0 OR BELOW:   0    1.00 INCH OR MORE:   0

[HDD (BASE 65) ]
TOTAL THIS MO.     0    CLEAR  (SCALE 0-3)  14
DPTR FM NORMAL   -53    PTCLDY (SCALE 4-7)  13
TOTAL FM JUL 1    12    CLOUDY (SCALE 8-10)  2
DPTR FM NORMAL   -46

[CDD (BASE 65) ]
TOTAL THIS MO.   293
DPTR FM NORMAL   110    [PRESSURE DATA]
TOTAL FM JAN 1  4987    HIGHEST SLP 30.41 ON  2
DPTR FM NORMAL   622    LOWEST  SLP 29.77 ON 10

[REMARKS]
