000
CXUS56 KMFR 301710
CF6MFR
PRELIMINARY LOCAL CLIMATOLOGICAL DATA (WS FORM: F-6)

                                          STATION:   MEDFORD OR
                                          MONTH:     NOVEMBER
                                          YEAR:      2020
                                          LATITUDE:   42 22 N
                                          LONGITUDE: 122 52 W

  TEMPERATURE IN F:       :PCPN:    SNOW:  WIND      :SUNSHINE: SKY     :PK WND
================================================================================
1   2   3   4   5  6A  6B    7    8   9   10  11  12  13   14  15   16   17  18
                                     12Z  AVG MX 2MIN
DY MAX MIN AVG DEP HDD CDD  WTR  SNW DPTH SPD SPD DIR MIN PSBL S-S WX    SPD DR
================================================================================

 1   M   M   M   M   M   M 0.00  0.0    0  0.9  9 200   M    M   0        11 190
 2  74  41  58   9   7   0 0.00  0.0    0  0.9  8 180   M    M   0 8      11 180
 3  74  35  55   6  10   0 0.00  0.0    0  2.2  9 190   M    M   2        11 190
 4  77  43  60  12   5   0 0.00  0.0    0  1.9  7  60   M    M   1         9 190
 5  73  41  57   9   8   0    T  0.0    0  3.3 20 320   M    M   3        25 310
 6  55  43  49   1  16   0 0.10  0.0    0  5.7 17 310   M    M   9 1      21 310
 7  50  40  45  -2  20   0 0.02  0.0    0  5.4 18 270   M    M   9 1      21 260
 8  45  28  37 -10  28   0 0.02  0.0    0  3.5 18  10   M    M   5        23  20
 9  45  22  34 -12  31   0 0.00  0.0    0  2.1  8 330   M    M   4        10 320
10  47  36  42  -4  23   0    T  0.0    0  1.9 13 280   M    M   9        16 280
11  49  27  38  -8  27   0 0.01  0.0    0  1.9  9  10   M    M   5 1      11  30
12   M   M   M   M   M   M 0.00  0.0    0  1.8  7  50   M    M   3 18      9 180
13   M   M   M   M   M   M 0.23  0.0    0  6.3 30 270   M    M   8 8      40 290
14  47  37  42  -3  23   0 0.02  0.0    0  2.2  8  30   M    M   9 1      13  50
15  51  45  48   3  17   0 1.75    M    M  1.6  7  10   M    M  10 1       9 340
16  56  45  51   7  14   0 0.00  0.0    M  1.8  6 300   M    M   8 12      8  20
17  64  44  54  10  11   0 0.17  0.0    M  6.2 24 160   M    M   8 12     32 150
18  56  41  49   5  16   0 0.57  0.0    M  5.5 17 320   M    M   9 1      21 330
19  53  33  43   0  22   0 0.21  0.0    0  1.9 10 320   M    M   5 1      13 320
20  45  30  38  -5  27   0 0.00  0.0    0  1.0  6 170   M    M   5 128     7 170
21  42  31  37  -6  28   0 0.00  0.0    0  1.1  6  20   M    M   8 128     7 360
22  38  29  34  -9  31   0 0.01  0.0    0  1.5  8 360   M    M  10 12      8 320
23  48  38  43   1  22   0 0.00  0.0    M  1.0  6 360   M    M   9 18      7  10
24  50  43  47   5  18   0 0.10  0.0    M  2.7 15 300   M    M   8 18     19 300
25  50  38  44   2  21   0 0.01  0.0    M  3.0  9 330   M    M   9 1      12 270
26  51  32  42   0  23   0 0.00  0.0    M  1.9  7 180   M    M   5 12      9 300
27  44  29  37  -5  28   0 0.00  0.0    M  1.2  6 360   M    M   6 128     7 360
28  36  31  34  -7  31   0 0.00  0.0    M  1.2  6 360   M    M  10 12      7 300
29  36  31  34  -7  31   0 0.00  0.0    0  1.1  6  40   M    M  10 128     7  30
================================================================================
SM 1356  933       538   0  3.22  0.0     72.7          M      187
================================================================================
AV 52.2 35.9                               2.5 FASTST   M    M   6    MAX(MPH)
                                 MISC ---->    30 270                 40 290
================================================================================
NOTES:
# LAST OF SEVERAL OCCURRENCES

COLUMN 17 PEAK WIND IN M.P.H.

PRELIMINARY LOCAL CLIMATOLOGICAL DATA (WS FORM: F-6) , PAGE 2

                                          STATION:   MEDFORD OR
                                          MONTH:     NOVEMBER
                                          YEAR:      2020
                                          LATITUDE:   42 22 N
                                          LONGITUDE: 122 52 W

[TEMPERATURE DATA]      [PRECIPITATION DATA]       SYMBOLS USED IN COLUMN 16

AVERAGE MONTHLY: 44.0   TOTAL FOR MONTH:   3.22    1 = FOG OR MIST
DPTR FM NORMAL:  -0.8   DPTR FM NORMAL:    0.32    2 = FOG REDUCING VISIBILITY
HIGHEST:    77 ON  4    GRTST 24HR  1.77 ON 14-15      TO 1/4 MILE OR LESS
LOWEST:     22 ON  9                               3 = THUNDER
                        SNOW, ICE PELLETS, HAIL    4 = ICE PELLETS
                        TOTAL MONTH:   0.0 INCH    5 = HAIL
                        GRTST 24HR  0.0            6 = FREEZING RAIN OR DRIZZLE
                        GRTST DEPTH:  0            7 = DUSTSTORM OR SANDSTORM:
                                                       VSBY 1/2 MILE OR LESS
                                                   8 = SMOKE OR HAZE
[NO. OF DAYS WITH]      [WEATHER - DAYS WITH]      9 = BLOWING SNOW
                                                   X = TORNADO
MAX 32 OR BELOW:   0    0.01 INCH OR MORE:  13
MAX 90 OR ABOVE:   0    0.10 INCH OR MORE:   7
MIN 32 OR BELOW:  10    0.50 INCH OR MORE:   2
MIN  0 OR BELOW:   0    1.00 INCH OR MORE:   1

[HDD (BASE 65) ]
TOTAL THIS MO.   538    CLEAR  (SCALE 0-3)   6
DPTR FM NORMAL   -47    PTCLDY (SCALE 4-7)  11
TOTAL FM JUL 1   693    CLOUDY (SCALE 8-10) 12
DPTR FM NORMAL  -252

[CDD (BASE 65) ]
TOTAL THIS MO.     0
DPTR FM NORMAL     0    [PRESSURE DATA]
TOTAL FM JAN 1  1155    HIGHEST SLP M ON M
DPTR FM NORMAL   326    LOWEST  SLP 29.50 ON 17

[REMARKS]
