000
CXUS53 KIND 300700
CF6MIE
PRELIMINARY LOCAL CLIMATOLOGICAL DATA (WS FORM: F-6)

                                          STATION:   MUNCIE IN
                                          MONTH:     NOVEMBER
                                          YEAR:      2020
                                          LATITUDE:   40 13 N
                                          LONGITUDE:  85 23 W

  TEMPERATURE IN F:       :PCPN:    SNOW:  WIND      :SUNSHINE: SKY     :PK WND
================================================================================
1   2   3   4   5  6A  6B    7    8   9   10  11  12  13   14  15   16   17  18
                                     12Z  AVG MX 2MIN
DY MAX MIN AVG DEP HDD CDD  WTR  SNW DPTH SPD SPD DIR MIN PSBL S-S WX    SPD DR
================================================================================

 1  54  32  43  -6  22   0    T    M    M 16.6 32 290   M    M   6        48 290
 2  50  28  39  -9  26   0 0.00    M    M 10.1 20 260   M    M   0        26 250
 3  67  39  53   5  12   0 0.00    M    M  9.4 17 250   M    M   0        25 250
 4  76  50  63  15   2   0 0.00    M    M 10.4 18 210   M    M   0        26 210
 5  69  55  62  15   3   0 0.00    M    M  9.9 16 220   M    M   0        26 200
 6  73  49  61  14   4   0 0.00    M    M  6.9 14 250   M    M   0        22 210
 7  74  44  59  13   6   0 0.00    M    M  5.8 12 210   M    M   0        17 240
 8  81  48  65  19   0   0 0.00    M    M  5.6 15 150   M    M   2        20 150
 9  80  55  68  22   0   3 0.00    M    M  7.7 16 190   M    M   2        21 200
10  79  59  69  24   0   4 0.13    M    M 13.2 26 190   M    M   7        37 180
11  59  31  45   0  20   0 0.02    M    M  9.3 22 300   M    M   5 18     29 280
12  53  28  41  -3  24   0 0.00    M    M  4.1 15  90   M    M   0 18     19 110
13  50  27  39  -5  26   0 0.00    M    M  7.2 18 320   M    M   3 8      24 330
14  52  24  38  -6  27   0 0.18    M    M  9.1 23 170   M    M   4 18     40 180
15  63  43  53  10  12   0 0.38    M    M 18.2 41 270   M    M   9 13     64 260
16  53  35  44   1  21   0 0.00    M    M 13.4 28 270   M    M   1        43 280
17  47  31  39  -3  26   0 0.00    M    M 13.1 25 310   M    M   4        32 320
18  51  29  40  -2  25   0 0.00    M    M  9.3 23 190   M    M   4        36 180
19  67  45  56  15   9   0 0.00    M    M 17.5 28 210   M    M   0        43 210
20  67  51  59  18   6   0 0.12    M    M 11.1 20 250   M    M   5        31 250
21  51  44  48   8  17   0 0.10    M    M  7.4 13  80   M    M  10        17  80
22  44  38  41   1  24   0 0.90    M    M 11.3 23  80   M    M  10 18     25  80
23  47  37  42   3  23   0 0.00    M    M  5.3 13 270   M    M   6        19 250
24  47  35  41   2  24   0 0.01    M    M  7.5 17 140   M    M   8        24 160
25  58  47  53  15  12   0 0.82    M    M 13.5 24 270   M    M  10 18     36 270
26  54  48  51  13  14   0    T    M    M  9.9 21 270   M    M  10 8      36 270
27  51  41  46   8  19   0 0.00    M    M  6.2 20 330   M    M  10        25 320
28  49  31  40   3  25   0 0.00    M    M  5.9 15 320   M    M   1 18     20 320
29  54  31  43   7  22   0 0.00    M    M  4.3 12 220   M    M   0        16 210
================================================================================
SM 1720 1155       451   7  2.66    M    279.2          M      117
================================================================================
AV 59.3 39.8                               9.6 FASTST   M    M   4    MAX(MPH)
                                 MISC ---->    41 270                 64 260
================================================================================
NOTES:
# LAST OF SEVERAL OCCURRENCES

COLUMN 17 PEAK WIND IN M.P.H.

PRELIMINARY LOCAL CLIMATOLOGICAL DATA (WS FORM: F-6) , PAGE 2

                                          STATION:   MUNCIE IN
                                          MONTH:     NOVEMBER
                                          YEAR:      2020
                                          LATITUDE:   40 13 N
                                          LONGITUDE:  85 23 W

[TEMPERATURE DATA]      [PRECIPITATION DATA]       SYMBOLS USED IN COLUMN 16

AVERAGE MONTHLY: 49.6   TOTAL FOR MONTH:   2.66    1 = FOG OR MIST
DPTR FM NORMAL:   6.7   DPTR FM NORMAL:   -0.68    2 = FOG REDUCING VISIBILITY
HIGHEST:    81 ON  8    GRTST 24HR  0.92 ON 21-22      TO 1/4 MILE OR LESS
LOWEST:     24 ON 14                               3 = THUNDER
                        SNOW, ICE PELLETS, HAIL    4 = ICE PELLETS
                        TOTAL MONTH:  M            5 = HAIL
                        GRTST 24HR    M  ON   M    6 = FREEZING RAIN OR DRIZZLE
                        GRTST DEPTH:  M  ON   M    7 = DUSTSTORM OR SANDSTORM:
                                                       VSBY 1/2 MILE OR LESS
                                                   8 = SMOKE OR HAZE
[NO. OF DAYS WITH]      [WEATHER - DAYS WITH]      9 = BLOWING SNOW
                                                   X = TORNADO
MAX 32 OR BELOW:   0    0.01 INCH OR MORE:   9
MAX 90 OR ABOVE:   0    0.10 INCH OR MORE:   7
MIN 32 OR BELOW:  10    0.50 INCH OR MORE:   2
MIN  0 OR BELOW:   0    1.00 INCH OR MORE:   0

[HDD (BASE 65) ]
TOTAL THIS MO.   451    CLEAR  (SCALE 0-3)  13
DPTR FM NORMAL  -191    PTCLDY (SCALE 4-7)  10
TOTAL FM JUL 1   817    CLOUDY (SCALE 8-10)  6
DPTR FM NORMAL  -289

[CDD (BASE 65) ]
TOTAL THIS MO.     7
DPTR FM NORMAL     7    [PRESSURE DATA]
TOTAL FM JAN 1  1217    HIGHEST SLP M ON M
DPTR FM NORMAL   262    LOWEST  SLP 29.40 ON 15

[REMARKS]
