886
CXUS53 KMKX 300912
CF6MSN
PRELIMINARY LOCAL CLIMATOLOGICAL DATA (WS FORM: F-6)

                                          STATION:   MADISON WI
                                          MONTH:     NOVEMBER
                                          YEAR:      2020
                                          LATITUDE:   43  7 N
                                          LONGITUDE:  89 20 W

  TEMPERATURE IN F:       :PCPN:    SNOW:  WIND      :SUNSHINE: SKY     :PK WND
================================================================================
1   2   3   4   5  6A  6B    7    8   9   10  11  12  13   14  15   16   17  18
                                     12Z  AVG MX 2MIN
DY MAX MIN AVG DEP HDD CDD  WTR  SNW DPTH SPD SPD DIR MIN PSBL S-S WX    SPD DR
================================================================================

 1  43  27  35  -8  30   0    T    T    0 14.1 31 300   M    M   4        48 320
 2  51  25  38  -5  27   0 0.00  0.0    0  5.0 15 240   M    M   3        27 220
 3  68  30  49   7  16   0 0.00  0.0    0  5.7 13 200   M    M   0        21 200
 4  69  44  57  15   8   0 0.00  0.0    0  6.7 15 200   M    M   2        21 200
 5  72  42  57  16   8   0 0.00  0.0    0  2.3  9 180   M    M   2        11 200
 6  70  40  55  14  10   0 0.00  0.0    0  6.5 14 190   M    M   5 1      21 240
 7  70  52  61  21   4   0 0.00  0.0    0  8.7 18 200   M    M   2        29 200
 8  71  53  62  22   3   0 0.00  0.0    0  9.5 18 170   M    M   2        24 170
 9  73  59  66  26   0   1 0.00  0.0    0 11.8 22 200   M    M   4        33 200
10  66  34  50  11  15   0 0.83  0.0    0 10.5 23 230   M    M  10 13     45 250
11  44  32  38   0  27   0 0.00  0.0    0  7.6 16 290   M    M   4        31 260
12  52  31  42   4  23   0 0.01    T    0  7.3 16 330   M    M   5 1      25 340
13  36  24  30  -8  35   0    T    T    0  7.2 16 330   M    M   4        26 330
14  48  26  37   0  28   0 0.14  0.0    0 15.2 26 150   M    M   6 13     33 150
15  50  29  40   4  25   0 0.13    T    0 11.5 24 290   M    M   9 1      40 280
16  41  26  34  -2  31   0    T    T    0  7.4 18 330   M    M   5        31 330
17  39  23  31  -5  34   0 0.00  0.0    0  5.9 15 310   M    M   4        25 300
18  50  32  41   6  24   0 0.00  0.0    0 14.8 26 180   M    M   7        38 180
19  62  44  53  19  12   0 0.00  0.0    0  9.0 21 200   M    M   6        31 220
20  56  30  43   9  22   0 0.00  0.0    0  5.9 16 320   M    M   4        27 290
21  41  22  32  -1  33   0 0.00  0.0    0  1.2  7 350   M    M   3        12 350
22  42  21  32  -1  33   0 0.00  0.0    0  3.5 12 300   M    M   6 1      18 300
23  41  26  34   2  31   0 0.00  0.0    0  3.8  9 130   M    M   5         M   M
24  38  32  35   3  30   0 0.64  2.2    T  7.0 21 180   M    M  10 12     26 170
25  39  36  38   7  27   0 0.10  0.0    0  7.3 16  10   M    M  10 12     22  20
26  44  36  40   9  25   0 0.00  0.0    0  4.9 14 190   M    M  10 1      20 240
27  41  28  35   5  30   0 0.00  0.0    0  5.6 14 300   M    M   5        23 280
28  50  25  38   8  27   0 0.00  0.0    0  6.5 13 210   M    M   1        19 200
29  46  31  39  10  26   0 0.00  0.0    0  8.6 18 330   M    M   6        33 330
================================================================================
SM 1513  960       644   1  1.85  2.2    221.0          M      144
================================================================================
AV 52.2 33.1                               7.6 FASTST   M    M   5    MAX(MPH)
                                 MISC ---->    31 300                 48 320
================================================================================
NOTES:
# LAST OF SEVERAL OCCURRENCES

COLUMN 17 PEAK WIND IN M.P.H.

PRELIMINARY LOCAL CLIMATOLOGICAL DATA (WS FORM: F-6) , PAGE 2

                                          STATION:   MADISON WI
                                          MONTH:     NOVEMBER
                                          YEAR:      2020
                                          LATITUDE:   43  7 N
                                          LONGITUDE:  89 20 W

[TEMPERATURE DATA]      [PRECIPITATION DATA]       SYMBOLS USED IN COLUMN 16

AVERAGE MONTHLY: 42.6   TOTAL FOR MONTH:   1.85    1 = FOG OR MIST
DPTR FM NORMAL:   6.3   DPTR FM NORMAL:   -0.46    2 = FOG REDUCING VISIBILITY
HIGHEST:    73 ON  9    GRTST 24HR  0.83 ON 10-10      TO 1/4 MILE OR LESS
LOWEST:     21 ON 22                               3 = THUNDER
                        SNOW, ICE PELLETS, HAIL    4 = ICE PELLETS
                        TOTAL MONTH:   2.2 INCHES  5 = HAIL
                        GRTST 24HR   2.2 ON 24-24  6 = FREEZING RAIN OR DRIZZLE
                        GRTST DEPTH:  T            7 = DUSTSTORM OR SANDSTORM:
                                                       VSBY 1/2 MILE OR LESS
                                                   8 = SMOKE OR HAZE
[NO. OF DAYS WITH]      [WEATHER - DAYS WITH]      9 = BLOWING SNOW
                                                   X = TORNADO
MAX 32 OR BELOW:   0    0.01 INCH OR MORE:   6
MAX 90 OR ABOVE:   0    0.10 INCH OR MORE:   5
MIN 32 OR BELOW:  19    0.50 INCH OR MORE:   2
MIN  0 OR BELOW:   0    1.00 INCH OR MORE:   0

[HDD (BASE 65) ]
TOTAL THIS MO.   644    CLEAR  (SCALE 0-3)   7
DPTR FM NORMAL  -186    PTCLDY (SCALE 4-7)  17
TOTAL FM JUL 1  1426    CLOUDY (SCALE 8-10)  5
DPTR FM NORMAL  -117

[CDD (BASE 65) ]
TOTAL THIS MO.     1
DPTR FM NORMAL     1    [PRESSURE DATA]
TOTAL FM JAN 1   729    HIGHEST SLP M ON M
DPTR FM NORMAL   161    LOWEST  SLP 29.21 ON 15

[REMARKS]
