000
CXUS51 KBTV 300800
CF6MVL
PRELIMINARY LOCAL CLIMATOLOGICAL DATA (WS FORM: F-6)

                                          STATION:   MORRISVILLE VT
                                          MONTH:     NOVEMBER
                                          YEAR:      2020
                                          LATITUDE:   44 31 N
                                          LONGITUDE:  72 37 W

  TEMPERATURE IN F:       :PCPN:    SNOW:  WIND      :SUNSHINE: SKY     :PK WND
================================================================================
1   2   3   4   5  6A  6B    7    8   9   10  11  12  13   14  15   16   17  18
                                     12Z  AVG MX 2MIN
DY MAX MIN AVG DEP HDD CDD  WTR  SNW DPTH SPD SPD DIR MIN PSBL S-S WX    SPD DR
================================================================================

 1  50  21  36  -4  29   0 0.05    M    M  7.4 22 190   M    M   5 1      29 180
 2  40  27  34  -6  31   0 0.02    M    M  7.7 20 330   M    M   9 1      31 330
 3  34  17  26 -14  39   0 0.07    M    M  7.2 20 340   M    M   7 1      30 300
 4  47  23  35  -5  30   0 0.00    M    M  5.2 12 170   M    M   3        14 170
 5  67  26  47   8  18   0 0.00    M    M  4.0 16 200   M    M   0        21 200
 6  69  39  54  15  11   0 0.00    M    M  3.6 14 200   M    M   1        24 200
 7  72  40  56  18   9   0 0.00    M    M  3.0 12 220   M    M   0        17 240
 8  73  35  54  16  11   0 0.00    M    M  0.9  7  10   M    M   0 12      9  10
 9  71  33  52  14  13   0 0.00    M    M  0.8  7 170   M    M   4 12      9 170
10  75  32  54  17  11   0 0.00    M    M  2.3 12 210   M    M   2 12     15 220
11  70  43  57  20   8   0 0.07    M    M  6.2 18 210   M    M   5 1      29 220
12  59  26  43   6  22   0 0.00    M    M  7.0 20 330   M    M   3        26 340
13  43  21  32  -4  33   0 0.01    M    M  2.7 10 280   M    M   7 12     18 310
14  42  23  33  -3  32   0    T    M    M  4.0 14 320   M    M   7        23 310
15  42  20  31  -5  34   0 0.63    M    M  6.8 24 200   M    M   5 1      49 220
16  44  34  39   4  26   0 0.06    M    M  7.1 20 220   M    M   9 1      30 220
17  37  25  31  -4  34   0 0.02    M    M  4.6 17 330   M    M  10 18     24 330
18  25  15  20 -14  45   0    T    M    M  6.3 16 340   M    M  10        21  10
19  36  13  25  -9  40   0 0.00    M    M  3.0 13 170   M    M   4        18 160
20  58  28  43   9  22   0 0.00    M    M  3.1 14 200   M    M   7        19 200
21  54  30  42   9  23   0 0.00    M    M  6.2 15 340   M    M   9        22 350
22  39  20  30  -3  35   0    T    M    M  4.1 17 190   M    M   5        27 200
23  44  32  38   6  27   0 0.46    M    M  7.5 18 180   M    M  10 1      24 200
24  32  15  24  -8  41   0    T    M    M  6.4 18 360   M    M   7 1      26 320
25  33  17  25  -6  40   0 0.03    M    M  3.6 12 210   M    M   9 1      14 220
26  44  32  38   7  27   0 0.17    M    M  2.2  7 150   M    M  10 1       M   M
27  44  37  41  11  24   0 0.01    M    M  1.6 10 350   M    M  10 1      14 350
28  43  34  39   9  26   0 0.08    M    M  2.5  9 190   M    M  10 12     14  10
29  47  26  37   7  28   0 0.00    M    M  4.7 13 210   M    M   3 1      16 200
================================================================================
SM 1434  784       769   0  1.68    M    131.7          M      171
================================================================================
AV 49.4 27.0                               4.5 FASTST   M    M   6    MAX(MPH)
                                 MISC ---->    24 200                 49 220
================================================================================
NOTES:
# LAST OF SEVERAL OCCURRENCES

COLUMN 17 PEAK WIND IN M.P.H.

PRELIMINARY LOCAL CLIMATOLOGICAL DATA (WS FORM: F-6) , PAGE 2

                                          STATION:   MORRISVILLE VT
                                          MONTH:     NOVEMBER
                                          YEAR:      2020
                                          LATITUDE:   44 31 N
                                          LONGITUDE:  72 37 W

[TEMPERATURE DATA]      [PRECIPITATION DATA]       SYMBOLS USED IN COLUMN 16

AVERAGE MONTHLY: 38.2   TOTAL FOR MONTH:   1.68    1 = FOG OR MIST
DPTR FM NORMAL:   2.9   DPTR FM NORMAL:   -1.33    2 = FOG REDUCING VISIBILITY
HIGHEST:    75 ON 10    GRTST 24HR  0.68 ON 15-16      TO 1/4 MILE OR LESS
LOWEST:     13 ON 19                               3 = THUNDER
                        SNOW, ICE PELLETS, HAIL    4 = ICE PELLETS
                        TOTAL MONTH:  M            5 = HAIL
                        GRTST 24HR    M  ON   M    6 = FREEZING RAIN OR DRIZZLE
                        GRTST DEPTH:  M  ON   M    7 = DUSTSTORM OR SANDSTORM:
                                                       VSBY 1/2 MILE OR LESS
                                                   8 = SMOKE OR HAZE
[NO. OF DAYS WITH]      [WEATHER - DAYS WITH]      9 = BLOWING SNOW
                                                   X = TORNADO
MAX 32 OR BELOW:   2    0.01 INCH OR MORE:  13
MAX 90 OR ABOVE:   0    0.10 INCH OR MORE:   3
MIN 32 OR BELOW:  21    0.50 INCH OR MORE:   1
MIN  0 OR BELOW:   0    1.00 INCH OR MORE:   0

[HDD (BASE 65) ]
TOTAL THIS MO.   769    CLEAR  (SCALE 0-3)   5
DPTR FM NORMAL   -93    PTCLDY (SCALE 4-7)  14
TOTAL FM JUL 1  1624    CLOUDY (SCALE 8-10) 10
DPTR FM NORMAL  -169

[CDD (BASE 65) ]
TOTAL THIS MO.     0
DPTR FM NORMAL     0    [PRESSURE DATA]
TOTAL FM JAN 1   455    HIGHEST SLP M ON M
DPTR FM NORMAL   190    LOWEST  SLP 29.46 ON  2

[REMARKS]
