538
CXUS51 KOKX 300702
CF6NYC
PRELIMINARY LOCAL CLIMATOLOGICAL DATA (WS FORM: F-6)

                                          STATION:   CENTRAL PARK NY
                                          MONTH:     NOVEMBER
                                          YEAR:      2020
                                          LATITUDE:   40 46 N
                                          LONGITUDE:  73 58 W

  TEMPERATURE IN F:       :PCPN:    SNOW:  WIND      :SUNSHINE: SKY     :PK WND
================================================================================
1   2   3   4   5  6A  6B    7    8   9   10  11  12  13   14  15   16   17  18
                                     12Z  AVG MX 2MIN
DY MAX MIN AVG DEP HDD CDD  WTR  SNW DPTH SPD SPD DIR MIN PSBL S-S WX    SPD DR
================================================================================

 1  55  43  49  -3  16   0 0.40  0.0    0  5.9 20 300   M    M   9 1      34 300
 2  44  38  41 -11  24   0    T  0.0    0 10.5 23 280   M    M   3        43 290
 3  53  40  47  -5  18   0 0.00  0.0    0  8.7 20 300   M    M   3        29 210
 4  62  40  51   0  14   0 0.00  0.0    0  3.4 10 220   M    M   0         M 120
 5  67  52  60   9   5   0 0.00  0.0    0  4.1 14 240   M    M   0 1      20 230
 6  70  56  63  12   2   0 0.00  0.0    0  4.7 12 210   M    M   0        17 240
 7  74  56  65  15   0   0 0.00  0.0    0  3.5  8 230   M    M   0        14 200
 8  75  56  66  16   0   1 0.00  0.0    0  1.8  7 280   M    M   0        10 270
 9  75  54  65  15   0   0 0.00  0.0    0  1.4 10 240   M    M   0 8      15 250
10  74  60  67  17   0   2 0.00  0.0    0  5.1 13 240   M    M   1        19 240
11  72  64  68  19   0   3 0.78  0.0    0  3.0 13 220   M    M   8 1      19 230
12  68  46  57   8   8   0 0.24  0.0    0  6.6 17  10   M    M  10 1      26  10
13  50  47  49   0  16   0 0.19  0.0    0  4.0 12 300   M    M   7 18     17  40
14  52  42  47  -1  18   0 0.00  0.0    0  4.6 14 310   M    M   0        21 300
15  64  41  53   5  12   0 0.07  0.0    0  7.3 23 270   M    M   5 1      41 260
16  55  44  50   2  15   0 0.00  0.0    0  6.7 18 280   M    M   0        28 250
17  50  36  43  -4  22   0 0.00  0.0    0  7.2 21 300   M    M   5        30 310
18  36  30  33 -14  32   0 0.00  0.0    0  9.1 21 300   M    M   2        33 300
19  48  30  39  -8  26   0 0.00  0.0    0  5.1 16 230   M    M   0        27 230
20  63  45  54   8  11   0 0.00  0.0    0  6.0 15 250   M    M   0        25 220
21  64  49  57  11   8   0 0.00  0.0    0  4.3 13  10   M    M   4        19  10
22  59  44  52   6  13   0    T  0.0    0  7.5 15  60   M    M  10 1      20  50
23  60  42  51   6  14   0 0.54  0.0    0  7.3 22 300   M    M   5 1      35 290
24  48  41  45   0  20   0 0.00  0.0    0  5.7 14 300   M    M   3        19 290
25  56  45  51   6  14   0 0.00  0.0    0  3.8 12 240   M    M   6        18 250
26  65  55  60  16   5   0 0.79  0.0    0  4.6 13 270   M    M   7 1      20 270
27  63  51  57  13   8   0 0.00  0.0    0  3.3  9 290   M    M   4        14 270
28  56  44  50   6  15   0    T  0.0    0  4.8 14 280   M    M   5        22  10
29  54  41  48   5  17   0 0.00  0.0    0  2.3  9 230   M    M   0        14 200
================================================================================
SM 1732 1332       353   6  3.01     0.0 152.3          M       97
================================================================================
AV 59.7 45.9                               5.3 FASTST   M    M   3    MAX(MPH)
                                 MISC ---->  # 23 280               # 43  290
================================================================================
NOTES:
# LAST OF SEVERAL OCCURRENCES

COLUMN 17 PEAK WIND IN M.P.H.

PRELIMINARY LOCAL CLIMATOLOGICAL DATA (WS FORM: F-6) , PAGE 2

                                          STATION:  CENTRAL PARK NY
                                          MONTH:    NOVEMBER
                                          YEAR:     2020
                                          LATITUDE:   40 46 N
                                          LONGITUDE:  73 58 W

[TEMPERATURE DATA]      [PRECIPITATION DATA]       SYMBOLS USED IN COLUMN 16

AVERAGE MONTHLY: 52.8   TOTAL FOR MONTH:   3.01    1 = FOG OR MIST
DPTR FM NORMAL:   4.9   DPTR FM NORMAL:   -0.86    2 = FOG REDUCING VISIBILITY
HIGHEST:    75 ON  9, 8 GRTST 24HR  0.79 ON 26-26      TO 1/4 MILE OR LESS
LOWEST:     30 ON 19,18                            3 = THUNDER
                        SNOW, ICE PELLETS, HAIL    4 = ICE PELLETS
                        TOTAL MONTH:   0.0 INCH    5 = HAIL
                        GRTST 24HR     0.0         6 = FREEZING RAIN OR DRIZZLE
                        GRTST DEPTH:   0           7 = DUSTSTORM OR SANDSTORM:
                                                       VSBY 1/2 MILE OR LESS
                                                   8 = SMOKE OR HAZE
[NO. OF DAYS WITH]      [WEATHER - DAYS WITH]      9 = BLOWING SNOW
                                                   X = TORNADO
MAX 32 OR BELOW:   0    0.01 INCH OR MORE:   7
MAX 90 OR ABOVE:   0    0.10 INCH OR MORE:   6
MIN 32 OR BELOW:   2    0.50 INCH OR MORE:   3
MIN  0 OR BELOW:   0    1.00 INCH OR MORE:   0

[HDD (BASE 65) ]
TOTAL THIS MO.   353    CLEAR  (SCALE 0-3)  14
DPTR FM NORMAL  -144    PTCLDY (SCALE 4-7)  12
TOTAL FM JUL 1   609    CLOUDY (SCALE 8-10)  3
DPTR FM NORMAL  -201

[CDD (BASE 65) ]
TOTAL THIS MO.     6
DPTR FM NORMAL     6    [PRESSURE DATA]
TOTAL FM JAN 1  1333    HIGHEST SLP M ON M
DPTR FM NORMAL   229    LOWEST  SLP 29.57 ON 15

[REMARKS]
