000
CXAK56 PAFG 300954
CF6OTZ
PRELIMINARY LOCAL CLIMATOLOGICAL DATA (WS FORM: F-6)

                                          STATION:   KOTZEBUE AK
                                          MONTH:     NOVEMBER
                                          YEAR:      2020
                                          LATITUDE:   66 52 N
                                          LONGITUDE: 162 38 W

  TEMPERATURE IN F:       :PCPN:    SNOW:  WIND      :SUNSHINE: SKY     :PK WND
================================================================================
1   2   3   4   5  6A  6B    7    8   9   10  11  12  13   14  15   16   17  18
                                     12Z  AVG MX 2MIN
DY MAX MIN AVG DEP HDD CDD  WTR  SNW DPTH SPD SPD DIR MIN PSBL S-S WX    SPD DR
================================================================================

 1  13   2   8  -7  57   0 0.00    M    M  3.5  8  80   M    M   6 12      9  60
 2  20   0  10  -4  55   0    T    M    M  2.8  7 160   M    M   9 1       8  60
 3  21   3  12  -2  53   0 0.02    M    M 14.0 24 110   M    M   9 1      28 120
 4  18   1  10  -3  55   0 0.06    M    M 18.5 29 130   M    M   7 19     33 120
 5  26  11  19   6  46   0 0.02    M    M 38.6 49 110   M    M  10 129    63 100
 6  37  19  28  16  37   0 0.00    M    M 21.5 24 200   M    M   5        33 210
 7  36  28  32  20  33   0 0.00    M    M 13.5 18 190   M    M   6 1      25 190
 8  30  19  25  14  40   0 0.00    M    M  9.8 16 310   M    M   1        16 310
 9  21   7  14   3  51   0 0.08    M    M 25.4 41 100   M    M   4 1      49 100
10  34  23  29  18  36   0 0.11    M    M 21.9 43 100   M    M   7 1      49 100
11  31  28  30  20  35   0    T    M    M 21.7 31  90   M    M  10 1      36  90
12  30  10  20  10  45   0 0.00    M    M  6.7 20  80   M    M   8        22  80
13  10   2   6  -4  59   0 0.00    M    M  5.0 12  20   M    M   1        14  20
14  10   4   7  -2  58   0 0.00    M    M  9.0 17  20   M    M   0        20  20
15  24   3  14   5  51   0 0.02    M    M  8.1 22 170   M    M   5 1      25 170
16  29  15  22  13  43   0 0.08    M    M 16.3 24 170   M    M  10 16     28 170
17  16  10  13   5  52   0 0.00    M    M 21.1 33 110   M    M   3 1      37 110
18  14   9  12   4  53   0 0.00    M    M 21.1 30 120   M    M   0        34 120
19  15  10  13   5  52   0 0.00    M    M 21.2 33 110   M    M   0        40 100
20  16  12  14   7  51   0 0.00    M    M 24.6 32 100   M    M   1        40 100
21  19  12  16   9  49   0 0.00    M    M 23.7 36 100   M    M   0 89     43 100
22  18  10  14   7  51   0    T    M    M 22.0 31 110   M    M   7 18     35 110
23  18   8  13   6  52   0 0.00    M    M 11.4 25 100   M    M   8        30 110
24  25   9  17  11  48   0 0.30    M    M 35.1 46  90   M    M   7 9      81 110
25  26  23  25  19  40   0 0.17    M    M 31.7 44 110   M    M  10 189    52  90
26  28  10  19  13  46   0 0.02    M    M 11.2 24 120   M    M   8 129    27 110
27  21   4  13   7  52   0 0.00    M    M  6.7 14  10   M    M   8 12     17  20
28   8  -3   3  -3  62   0 0.00    M    M  7.1 12  40   M    M   4        14  20
29   3  -8  -2  -7  67   0 0.00    M    M  5.2 10  60   M    M   5        11  60
================================================================================
SM  617  281      1429   0  0.88    M    478.4          M      159
================================================================================
AV 21.3  9.7                              16.5 FASTST   M    M   5    MAX(MPH)
                                 MISC ---->    49 110                 81 110
================================================================================
NOTES:
# LAST OF SEVERAL OCCURRENCES

COLUMN 17 PEAK WIND IN M.P.H.

PRELIMINARY LOCAL CLIMATOLOGICAL DATA (WS FORM: F-6) , PAGE 2

                                          STATION:   KOTZEBUE AK
                                          MONTH:     NOVEMBER
                                          YEAR:      2020
                                          LATITUDE:   66 52 N
                                          LONGITUDE: 162 38 W

[TEMPERATURE DATA]      [PRECIPITATION DATA]       SYMBOLS USED IN COLUMN 16

AVERAGE MONTHLY: 15.5   TOTAL FOR MONTH:   0.88    1 = FOG OR MIST
DPTR FM NORMAL:   6.2   DPTR FM NORMAL:    0.13    2 = FOG REDUCING VISIBILITY
HIGHEST:    37 ON  6    GRTST 24HR  0.30 ON 24-24      TO 1/4 MILE OR LESS
LOWEST:     -8 ON 29                               3 = THUNDER
                        SNOW, ICE PELLETS, HAIL    4 = ICE PELLETS
                        TOTAL MONTH:  M            5 = HAIL
                        GRTST 24HR    M  ON   M    6 = FREEZING RAIN OR DRIZZLE
                        GRTST DEPTH:  M  ON   M    7 = DUSTSTORM OR SANDSTORM:
                                                       VSBY 1/2 MILE OR LESS
                                                   8 = SMOKE OR HAZE
[NO. OF DAYS WITH]      [WEATHER - DAYS WITH]      9 = BLOWING SNOW
                                                   X = TORNADO
MAX 32 OR BELOW:  26    0.01 INCH OR MORE:  10
MAX 90 OR ABOVE:   0    0.10 INCH OR MORE:   3
MIN 32 OR BELOW:  29    0.50 INCH OR MORE:   0
MIN  0 OR BELOW:   3    1.00 INCH OR MORE:   0

[HDD (BASE 65) ]
TOTAL THIS MO.  1429    CLEAR  (SCALE 0-3)   7
DPTR FM NORMAL  -188    PTCLDY (SCALE 4-7)  15
TOTAL FM JUL 1  3843    CLOUDY (SCALE 8-10)  7
DPTR FM NORMAL  -455

[CDD (BASE 65) ]
TOTAL THIS MO.     0
DPTR FM NORMAL     0    [PRESSURE DATA]
TOTAL FM JAN 1     0    HIGHEST SLP M ON M
DPTR FM NORMAL    -5    LOWEST  SLP 28.85 ON 25

[REMARKS]
