000
CXUS55 KRIW 301110
CF6RKS
PRELIMINARY LOCAL CLIMATOLOGICAL DATA (WS FORM: F-6)

                                          STATION:   ROCK SPRINGS WY
                                          MONTH:     NOVEMBER
                                          YEAR:      2020
                                          LATITUDE:   41 35 N
                                          LONGITUDE: 109  4 W

  TEMPERATURE IN F:       :PCPN:    SNOW:  WIND      :SUNSHINE: SKY     :PK WND
================================================================================
1   2   3   4   5  6A  6B    7    8   9   10  11  12  13   14  15   16   17  18
                                     12Z  AVG MX 2MIN
DY MAX MIN AVG DEP HDD CDD  WTR  SNW DPTH SPD SPD DIR MIN PSBL S-S WX    SPD DR
================================================================================

 1  60  28  44   6  21   0 0.00    M    M  8.8 17 220   M    M   0        21 230
 2  63  26  45   7  20   0 0.00    M    M  4.1 14 250   M    M   0        18 270
 3  65  33  49  12  16   0 0.00    M    M  7.6 17 220   M    M   0        22 200
 4  65  37  51  14  14   0 0.00    M    M 10.4 24 280   M    M   0        32 290
 5  63  36  50  14  15   0 0.00    M    M 10.3 18 250   M    M   0        25 230
 6  60  36  48  12  17   0 0.00    M    M 14.3 32 180   M    M   1        44 190
 7  58  30  44   9  21   0 0.16    M    M 16.4 40 210   M    M   7 13     54 170
 8  36  23  30  -5  35   0 0.03    M    M 11.8 30 180   M    M   6 12     38 170
 9  29  19  24 -10  41   0    T    M    M  9.8 26 260   M    M   6 18     35 260
10  24  19  22 -12  43   0    T    M    M 21.3 33 260   M    M   9 1      43 260
11  30  18  24  -9  41   0    T    M    M 13.6 29 260   M    M   8 128    38 250
12  27  11  19 -14  46   0 0.00    M    M 13.8 33 260   M    M   1        43 270
13  42   2  22 -10  43   0 0.03    M    M  7.9 25 260   M    M   3 1      35 240
14  32  17  25  -7  40   0    T    M    M 25.9 43 260   M    M   5 189    64 260
15  38  20  29  -2  36   0 0.00    M    M 13.7 35 260   M    M  10        41 260
16  51  31  41  11  24   0 0.00    M    M  9.9 23 250   M    M   2        28 250
17  56  24  40  10  25   0 0.00    M    0 12.0 25 180   M    M   0        34 170
18  56  35  46  17  19   0    T    M    M 16.0 37 200   M    M   4        50 210
19  41  25  33   4  32   0    T    M    M 12.8 28 280   M    M   7        38 280
20  38  21  30   2  35   0 0.00    M    M  3.8 13 310   M    M   0        14 310
21  39  12  26  -2  39   0 0.00    M    M  7.8 18 250   M    M   0        24 260
22  37   9  23  -4  42   0 0.00    M    M  4.1  8 250   M    M   0        10 220
23  34  15  25  -2  40   0 0.00    M    M  6.8 20 270   M    M   4 18     25 270
24  34  17  26   0  39   0 0.00    M    M 16.2 26 250   M    M   0        33 260
25  41  18  30   4  35   0 0.00    M    M  9.3 20 240   M    M   2        26 230
26  32  15  24  -2  41   0 0.00    M    M 15.2 26 260   M    M   3        33 260
27  33  13  23  -2  42   0 0.00    M    M 14.0 21 230   M    M   0        26 230
28  41  16  29   4  36   0 0.00    M    M 11.6 22 280   M    M   0        30 280
29  37  17  27   3  38   0 0.00    M    M  2.6  9 240   M    M   0        11 240
================================================================================
SM 1262  623       936   0  0.22    M    331.8          M       78
================================================================================
AV 43.5 21.5                              11.4 FASTST   M    M   3    MAX(MPH)
                                 MISC ---->    43 260                 64 260
================================================================================
NOTES:
# LAST OF SEVERAL OCCURRENCES

COLUMN 17 PEAK WIND IN M.P.H.

PRELIMINARY LOCAL CLIMATOLOGICAL DATA (WS FORM: F-6) , PAGE 2

                                          STATION:   ROCK SPRINGS WY
                                          MONTH:     NOVEMBER
                                          YEAR:      2020
                                          LATITUDE:   41 35 N
                                          LONGITUDE: 109  4 W

[TEMPERATURE DATA]      [PRECIPITATION DATA]       SYMBOLS USED IN COLUMN 16

AVERAGE MONTHLY: 32.5   TOTAL FOR MONTH:   0.22    1 = FOG OR MIST
DPTR FM NORMAL:   1.4   DPTR FM NORMAL:   -0.26    2 = FOG REDUCING VISIBILITY
HIGHEST:    65 ON  4, 3  GRTST 24HR  0.19 ON  7- 8      TO 1/4 MILE OR LESS
LOWEST:      2 ON 13                               3 = THUNDER
                        SNOW, ICE PELLETS, HAIL    4 = ICE PELLETS
                        TOTAL MONTH:  M            5 = HAIL
                        GRTST 24HR    M  ON   M    6 = FREEZING RAIN OR DRIZZLE
                        GRTST DEPTH:  0            7 = DUSTSTORM OR SANDSTORM:
                                                       VSBY 1/2 MILE OR LESS
                                                   8 = SMOKE OR HAZE
[NO. OF DAYS WITH]      [WEATHER - DAYS WITH]      9 = BLOWING SNOW
                                                   X = TORNADO
MAX 32 OR BELOW:   6    0.01 INCH OR MORE:   3
MAX 90 OR ABOVE:   0    0.10 INCH OR MORE:   1
MIN 32 OR BELOW:  24    0.50 INCH OR MORE:   0
MIN  0 OR BELOW:   0    1.00 INCH OR MORE:   0

[HDD (BASE 65) ]
TOTAL THIS MO.   936    CLEAR  (SCALE 0-3)  19
DPTR FM NORMAL   -48    PTCLDY (SCALE 4-7)   8
TOTAL FM JUL 1  1834    CLOUDY (SCALE 8-10)  2
DPTR FM NORMAL  -117

[CDD (BASE 65) ]
TOTAL THIS MO.     0
DPTR FM NORMAL     0    [PRESSURE DATA]
TOTAL FM JAN 1   457    HIGHEST SLP M ON M
DPTR FM NORMAL   171    LOWEST  SLP 29.20 ON  7

[REMARKS]
