000
CXUS53 KLMK 290800
CF6SDF
PRELIMINARY LOCAL CLIMATOLOGICAL DATA (WS FORM: F-6)

                                          STATION:   LOUISVILLE KY
                                          MONTH:     NOVEMBER
                                          YEAR:      2020
                                          LATITUDE:   38 10 N
                                          LONGITUDE:  85 44 W

  TEMPERATURE IN F:       :PCPN:    SNOW:  WIND      :SUNSHINE: SKY     :PK WND
================================================================================
1   2   3   4   5  6A  6B    7    8   9   10  11  12  13   14  15   16   17  18
                                     12Z  AVG MX 2MIN
DY MAX MIN AVG DEP HDD CDD  WTR  SNW DPTH SPD SPD DIR MIN PSBL S-S WX    SPD DR
================================================================================

 1  58  38  48  -6  17   0 0.00  0.0    0 16.0 32 280   M    M   3        43 270
 2  52  30  41 -13  24   0 0.00  0.0    0  5.8 15 250   M    M   2        19 250
 3  67  38  53  -1  12   0 0.00  0.0    0  6.2 13 220   M    M   1 8      17 220
 4  74  44  59   6   6   0 0.00  0.0    0  6.9 14 170   M    M   1        20 180
 5  69  49  59   6   6   0 0.00  0.0    0  6.1 12 220   M    M   7 8      15 220
 6  73  45  59   6   6   0 0.00  0.0    0  3.5  9 160   M    M   2        12 140
 7  77  45  61   9   4   0 0.00  0.0    0  2.6  8 130   M    M   0        11 130
 8  82  52  67  15   0   2 0.00  0.0    0  2.8 10 120   M    M   1 8      13 100
 9  82  55  69  17   0   4 0.00  0.0    0  5.0 18 170   M    M   3        25 180
10  80  62  71  20   0   6 0.12  0.0    0 11.2 26 170   M    M   8 1      37 160
11  71  44  58   7   7   0 0.16  0.0    0  9.1 23 320   M    M   7 1      31 330
12  59  37  48  -2  17   0 0.00  0.0    0  5.8 13  10   M    M   1        17  60
13  61  40  51   1  14   0 0.00  0.0    0  5.4 15 330   M    M   3 8      19 280
14  65  39  52   3  13   0    T  0.0    0  5.0 21 180   M    M   9        30 190
15  67  47  57   8   8   0 0.71  0.0    0 17.9 38 280   M    M   6 13     56 280
16  59  39  49   0  16   0 0.00  0.0    0  9.6 17 250   M    M   1        24 240
17  52  36  44  -4  21   0 0.00  0.0    0 11.2 21 300   M    M   2        30 290
18  53  31  42  -6  23   0 0.00  0.0    0  6.8 15 140   M    M   3        21 140
19  68  41  55   8  10   0 0.00  0.0    0 12.9 24 200   M    M   3        36 210
20  66  54  60  13   5   0 0.00  0.0    0  9.5 20 230   M    M   6        27 220
21  63  48  56  10   9   0 0.07  0.0    0  6.7 13  10   M    M  10 1      16  50
22  58  39  49   3  16   0 0.11  0.0    0  9.9 22 290   M    M  10 1      29 260
23  52  38  45  -1  20   0 0.00  0.0    0  4.7 10 290   M    M   6        13 280
24  56  43  50   5  15   0 0.00  0.0    0  7.4 16 150   M    M  10        20 150
25  65  49  57  12   8   0 0.73  0.0    0 13.4 29 250   M    M   9 13     40 250
26  56  51  54  10  11   0 0.00  0.0    0  7.6 17 250   M    M  10        23 250
27  61  46  54  10  11   0 0.00  0.0    0  5.2 12 330   M    M   7        15 340
28  53  35  44   0  21   0 0.00  0.0    0  3.8 13 320   M    M   2        17 320
================================================================================
SM 1799 1215       320  12  1.90     0.0 218.0          M      133
================================================================================
AV 64.3 43.4                               7.8 FASTST   M    M   5    MAX(MPH)
                                 MISC ---->  # 38 280               # 56  280
================================================================================
NOTES:
# LAST OF SEVERAL OCCURRENCES

COLUMN 17 PEAK WIND IN M.P.H.

PRELIMINARY LOCAL CLIMATOLOGICAL DATA (WS FORM: F-6) , PAGE 2

                                          STATION:  LOUISVILLE KY
                                          MONTH:    NOVEMBER
                                          YEAR:     2020
                                          LATITUDE:   38 10 N
                                          LONGITUDE:  85 44 W

[TEMPERATURE DATA]      [PRECIPITATION DATA]       SYMBOLS USED IN COLUMN 16

AVERAGE MONTHLY: 53.8   TOTAL FOR MONTH:   1.90    1 = FOG OR MIST
DPTR FM NORMAL:   4.7   DPTR FM NORMAL:   -1.43    2 = FOG REDUCING VISIBILITY
HIGHEST:    82 ON  9, 8 GRTST 24HR  0.73 ON 25-25      TO 1/4 MILE OR LESS
LOWEST:     30 ON  2                               3 = THUNDER
                        SNOW, ICE PELLETS, HAIL    4 = ICE PELLETS
                        TOTAL MONTH:   0.0 INCH    5 = HAIL
                        GRTST 24HR     0.0         6 = FREEZING RAIN OR DRIZZLE
                        GRTST DEPTH:   0           7 = DUSTSTORM OR SANDSTORM:
                                                       VSBY 1/2 MILE OR LESS
                                                   8 = SMOKE OR HAZE
[NO. OF DAYS WITH]      [WEATHER - DAYS WITH]      9 = BLOWING SNOW
                                                   X = TORNADO
MAX 32 OR BELOW:   0    0.01 INCH OR MORE:   6
MAX 90 OR ABOVE:   0    0.10 INCH OR MORE:   5
MIN 32 OR BELOW:   2    0.50 INCH OR MORE:   2
MIN  0 OR BELOW:   0    1.00 INCH OR MORE:   0

[HDD (BASE 65) ]
TOTAL THIS MO.   320    CLEAR  (SCALE 0-3)  13
DPTR FM NORMAL  -128    PTCLDY (SCALE 4-7)   9
TOTAL FM JUL 1   535    CLOUDY (SCALE 8-10)  6
DPTR FM NORMAL  -155

[CDD (BASE 65) ]
TOTAL THIS MO.    12
DPTR FM NORMAL    12    [PRESSURE DATA]
TOTAL FM JAN 1  1758    HIGHEST SLP M ON M
DPTR FM NORMAL   149    LOWEST  SLP 29.64 ON 15

[REMARKS]
