773
CXUS53 KSGF 300638
CF6SGF
PRELIMINARY LOCAL CLIMATOLOGICAL DATA (WS FORM: F-6)

                                          STATION:   SPRINGFIELD MO
                                          MONTH:     NOVEMBER
                                          YEAR:      2020
                                          LATITUDE:   37 13 N
                                          LONGITUDE:  93 23 W

  TEMPERATURE IN F:       :PCPN:    SNOW:  WIND      :SUNSHINE: SKY     :PK WND
================================================================================
1   2   3   4   5  6A  6B    7    8   9   10  11  12  13   14  15   16   17  18
                                     12Z  AVG MX 2MIN
DY MAX MIN AVG DEP HDD CDD  WTR  SNW DPTH SPD SPD DIR MIN PSBL S-S WX    SPD DR
================================================================================

 1  56  31  44  -8  21   0 0.00  0.0    0  8.6 23 340   M    M   0        32 320
 2  64  29  47  -5  18   0 0.00  0.0    0  7.9 17 220   M    M   0        32 200
 3  75  38  57   5   8   0 0.00  0.0    0 10.1 17 220   M    M   0        24 210
 4  76  47  62  11   3   0 0.00  0.0    0 12.1 22 210   M    M   0        31 220
 5  75  51  63  12   2   0 0.00  0.0    0  9.1 14 190   M    M   0        19 210
 6  73  50  62  12   3   0 0.00  0.0    0  8.5 15 180   M    M   0        21 150
 7  73  49  61  11   4   0 0.00  0.0    0 10.9 18 190   M    M   1        24 150
 8  73  58  66  16   0   1 0.00  0.0    0 13.7 24 150   M    M   4        33 130
 9  74  61  68  19   0   3 0.00  0.0    0 14.1 25 180   M    M   4        33 200
10  73  33  53   4  12   0 0.12    M    0 13.6 31 220   M    M   4 1      43 210
11  57  28  43  -5  22   0 0.00  0.0    0  5.4 12 100   M    M   0        15 110
12  62  37  50   2  15   0    T  0.0    0 10.8 23 150   M    M   1        30 160
13  53  28  41  -6  24   0 0.00  0.0    0  9.1 23 150   M    M   1 1      30 160
14  63  45  54   7  11   0 0.86  0.0    0 16.1 38 230   M    M   8 13     58 210
15  53  33  43  -3  22   0 0.00  0.0    0 13.4 26 290   M    M   0        39 280
16  65  30  48   2  17   0 0.00  0.0    0  8.6 22 250   M    M   0        31 260
17  62  30  46   1  19   0 0.00  0.0    0  6.3 15 160   M    M   0        20 140
18  70  41  56  11   9   0 0.00  0.0    0 17.3 30 190   M    M   0        40 190
19  73  50  62  18   3   0 0.00  0.0    0 16.4 31 200   M    M   0        41 190
20  69  54  62  18   3   0 0.01  0.0    0 10.0 20 180   M    M   5 1      25 190
21  57  44  51   8  14   0 1.49  0.0    0 10.4 15  80   M    M  10 13     21  80
22  46  33  40  -3  25   0    T  0.0    0  8.4 17 330   M    M   8 1      22 340
23  51  27  39  -3  26   0 0.00  0.0    0 10.0 26 150   M    M   8 12     37 150
24  55  45  50   8  15   0 0.43  0.0    0 18.2 25 150   M    M   9 1      37 160
25  53  37  45   3  20   0 0.03  0.0    0 12.1 23 260   M    M   9 1      33 270
26  57  34  46   5  19   0 0.00  0.0    0  8.6 16 140   M    M   5 12      M   M
27  55  29  42   1  23   0 0.00  0.0    0  7.5 20 360   M    M   1        25 340
28  55  25  40   0  25   0 0.00  0.0    0  2.6  9 180   M    M   0        12 100
29  45  30  38  -2  27   0 0.06  0.0    0 10.2 31 340   M    M   7 1      44 350
================================================================================
SM 1813 1127       410   4  3.00  0.0    310.0          M       85
================================================================================
AV 62.5 38.9                              10.7 FASTST   M    M   3    MAX(MPH)
                                 MISC ---->    38 230                 58 210
================================================================================
NOTES:
# LAST OF SEVERAL OCCURRENCES

COLUMN 17 PEAK WIND IN M.P.H.

PRELIMINARY LOCAL CLIMATOLOGICAL DATA (WS FORM: F-6) , PAGE 2

                                          STATION:   SPRINGFIELD MO
                                          MONTH:     NOVEMBER
                                          YEAR:      2020
                                          LATITUDE:   37 13 N
                                          LONGITUDE:  93 23 W

[TEMPERATURE DATA]      [PRECIPITATION DATA]       SYMBOLS USED IN COLUMN 16

AVERAGE MONTHLY: 50.7   TOTAL FOR MONTH:   3.00    1 = FOG OR MIST
DPTR FM NORMAL:   4.5   DPTR FM NORMAL:   -1.09    2 = FOG REDUCING VISIBILITY
HIGHEST:    76 ON  4    GRTST 24HR  1.50 ON 20-21      TO 1/4 MILE OR LESS
LOWEST:     25 ON 28                               3 = THUNDER
                        SNOW, ICE PELLETS, HAIL    4 = ICE PELLETS
                        TOTAL MONTH:   0.0 INCH    5 = HAIL
                        GRTST 24HR  0.0            6 = FREEZING RAIN OR DRIZZLE
                        GRTST DEPTH:  0            7 = DUSTSTORM OR SANDSTORM:
                                                       VSBY 1/2 MILE OR LESS
                                                   8 = SMOKE OR HAZE
[NO. OF DAYS WITH]      [WEATHER - DAYS WITH]      9 = BLOWING SNOW
                                                   X = TORNADO
MAX 32 OR BELOW:   0    0.01 INCH OR MORE:   7
MAX 90 OR ABOVE:   0    0.10 INCH OR MORE:   4
MIN 32 OR BELOW:  10    0.50 INCH OR MORE:   2
MIN  0 OR BELOW:   0    1.00 INCH OR MORE:   1

[HDD (BASE 65) ]
TOTAL THIS MO.   410    CLEAR  (SCALE 0-3)  17
DPTR FM NORMAL  -136    PTCLDY (SCALE 4-7)   8
TOTAL FM JUL 1   760    CLOUDY (SCALE 8-10)  4
DPTR FM NORMAL   -94

[CDD (BASE 65) ]
TOTAL THIS MO.     4
DPTR FM NORMAL     4    [PRESSURE DATA]
TOTAL FM JAN 1  1462    HIGHEST SLP M ON M
DPTR FM NORMAL    75    LOWEST  SLP 29.53 ON 14

[REMARKS]
