000
CXUS56 KSLC 301230
CF6SLC
PRELIMINARY LOCAL CLIMATOLOGICAL DATA (WS FORM: F-6)

                                          STATION:   SALT LAKE CITY UT
                                          MONTH:     NOVEMBER
                                          YEAR:      2020
                                          LATITUDE:   40 46 N
                                          LONGITUDE: 111 58 W

  TEMPERATURE IN F:       :PCPN:    SNOW:  WIND      :SUNSHINE: SKY     :PK WND
================================================================================
1   2   3   4   5  6A  6B    7    8   9   10  11  12  13   14  15   16   17  18
                                     12Z  AVG MX 2MIN
DY MAX MIN AVG DEP HDD CDD  WTR  SNW DPTH SPD SPD DIR MIN PSBL S-S WX    SPD DR
================================================================================

 1  65  37  51   4  14   0 0.00  0.0    0  4.1 10 290   M    M   0        14 270
 2  65  37  51   5  14   0 0.00  0.0    0  3.1 10 280   M    M   0        14 310
 3  70  41  56  10   9   0 0.00  0.0    0  4.6 10 290   M    M   1 8      13 290
 4  73  42  58  13   7   0 0.00  0.0    0  4.3 10 140   M    M   0 8      13 320
 5  74  44  59  14   6   0 0.00  0.0    0  4.5 17 150   M    M   1        22 140
 6  75  55  65  21   0   0 0.00  0.0    0 13.7 28 150   M    M   1 8      37 150
 7  70  41  56  12   9   0 0.05  0.0    0 13.8 32 150   M    M   5 8      40 160
 8  44  28  36  -8  29   0 0.41  3.7    0 11.2 29 170   M    M   9 1238   37 160
 9  36  27  32 -11  33   0    T    T    3  9.1 21 340   M    M   9 128    25 340
10  39  29  34  -8  31   0 0.01    T    2  7.5 18 180   M    M   9 1      25 190
11  40  30  35  -7  30   0 0.11  0.7    0  7.5 20 220   M    M   9 18     24 230
12  42  26  34  -8  31   0    T    T    1  4.6 10 160   M    M   2 1      14 120
13  52  27  40  -1  25   0 0.05  0.0    0 11.4 31 170   M    M   5 1      37 160
14  43  34  39  -2  26   0 0.03    T    0 14.9 30 280   M    M   4 135    40 310
15  53  37  45   5  20   0 0.00  0.0    0  9.5 22 180   M    M  10        27 180
16  62  33  48   8  17   0 0.00  0.0    0  4.7 18 150   M    M   1        21 150
17  70  43  57  18   8   0 0.00  0.0    0 16.5 29 150   M    M   1        34 150
18  69  48  59  20   6   0 0.00  0.0    0 13.9 31 170   M    M   3        42 170
19  52  35  44   6  21   0    T  0.0    0  7.7 17  10   M    M   4        24  10
20  48  32  40   2  25   0 0.00  0.0    0  4.1 12 280   M    M   0        17 320
21  46  28  37   0  28   0 0.00  0.0    0  4.3 14 330   M    M   0        15 330
22  44  24  34  -3  31   0 0.00  0.0    0  4.1 12 340   M    M   0        14 320
23  41  24  33  -3  32   0    T    T    0  5.0 12 320   M    M   6 18     14 320
24  42  26  34  -2  31   0 0.00  0.0    0  4.9 12 330   M    M   3        15 320
25  49  29  39   3  26   0 0.02  0.2    0 10.1 22 150   M    M   3 1      27 150
26  40  26  33  -2  32   0 0.01  0.1    T  7.0 16 310   M    M   5 1      20 310
27  39  21  30  -5  35   0 0.00  0.0    0  3.8 10 340   M    M   0        13 310
28  45  24  35   1  30   0 0.00  0.0    0  4.8 12 350   M    M   0        13 360
29  42  22  32  -2  33   0 0.00  0.0    0  3.9  8 290   M    M   0        10 330
================================================================================
SM 1530  950       639   0  0.69     4.7 218.6          M       91
================================================================================
AV 52.8 32.8                               7.5 FASTST   M    M   3    MAX(MPH)
                                 MISC ---->  # 32 150               # 42  170
================================================================================
NOTES:
# LAST OF SEVERAL OCCURRENCES

COLUMN 17 PEAK WIND IN M.P.H.

PRELIMINARY LOCAL CLIMATOLOGICAL DATA (WS FORM: F-6) , PAGE 2

                                          STATION:  SALT LAKE CITY UT
                                          MONTH:    NOVEMBER
                                          YEAR:     2020
                                          LATITUDE:   40 46 N
                                          LONGITUDE: 111 58 W

[TEMPERATURE DATA]      [PRECIPITATION DATA]       SYMBOLS USED IN COLUMN 16

AVERAGE MONTHLY: 42.8   TOTAL FOR MONTH:   0.69    1 = FOG OR MIST
DPTR FM NORMAL:   2.6   DPTR FM NORMAL:   -0.71    2 = FOG REDUCING VISIBILITY
HIGHEST:    75 ON  6    GRTST 24HR  0.41 ON  8- 8      TO 1/4 MILE OR LESS
LOWEST:     21 ON 27                               3 = THUNDER
                        SNOW, ICE PELLETS, HAIL    4 = ICE PELLETS
                        TOTAL MONTH:   4.7 INCHES  5 = HAIL
                        GRTST 24HR   3.7 ON  8- 8  6 = FREEZING RAIN OR DRIZZLE
                        GRTST DEPTH:   3 ON  9     7 = DUSTSTORM OR SANDSTORM:
                                                       VSBY 1/2 MILE OR LESS
                                                   8 = SMOKE OR HAZE
[NO. OF DAYS WITH]      [WEATHER - DAYS WITH]      9 = BLOWING SNOW
                                                   X = TORNADO
MAX 32 OR BELOW:   0    0.01 INCH OR MORE:   8
MAX 90 OR ABOVE:   0    0.10 INCH OR MORE:   2
MIN 32 OR BELOW:  16    0.50 INCH OR MORE:   0
MIN  0 OR BELOW:   0    1.00 INCH OR MORE:   0

[HDD (BASE 65) ]
TOTAL THIS MO.   639    CLEAR  (SCALE 0-3)  17
DPTR FM NORMAL   -80    PTCLDY (SCALE 4-7)   7
TOTAL FM JUL 1   986    CLOUDY (SCALE 8-10)  5
DPTR FM NORMAL  -201

[CDD (BASE 65) ]
TOTAL THIS MO.     0
DPTR FM NORMAL     0    [PRESSURE DATA]
TOTAL FM JAN 1  1653    HIGHEST SLP M ON M
DPTR FM NORMAL   493    LOWEST  SLP 29.17 ON  7

[REMARKS]
