000
CXUS54 KEWX 301011
CF6T20
PRELIMINARY LOCAL CLIMATOLOGICAL DATA (WS FORM: F-6)

                                          STATION:   GONZALES
                                          MONTH:     NOVEMBER
                                          YEAR:      2020
                                          LATITUDE:   29 31 N
                                          LONGITUDE:  97 28 W

  TEMPERATURE IN F:       :PCPN:    SNOW:  WIND      :SUNSHINE: SKY     :PK WND
================================================================================
1   2   3   4   5  6A  6B    7    8   9   10  11  12  13   14  15   16   17  18
                                     12Z  AVG MX 2MIN
DY MAX MIN AVG DEP HDD CDD  WTR  SNW DPTH SPD SPD DIR MIN PSBL S-S WX    SPD DR
================================================================================

 1  82  46  64   M   1   0 0.00    M    M  4.7 14  10   M    M   1 1      21  10
 2  78  42  60   M   5   0 0.00    M    M  3.6  8 100   M    M   0         M  M
 3  81  38  60   M   5   0 0.00    M    M  3.3  8 140   M    M   0         M  M
 4  82  42  62   M   3   0 0.00    M    M  4.4 10 180   M    M   1 12     24 180
 5  83  54  69   M   0   4 0.00    M    M  2.8  8 140   M    M   3 12      M  M
 6  83  62  73   M   0   8 0.00    M    M  3.9  9 140   M    M   6 1       M  M
 7  83  50  67   M   0   2 0.00    M    M  3.0  8 130   M    M   2 12      M  M
 8  84  64  74   M   0   9 0.00    M    M  4.6  9 120   M    M   6 1      16 150
 9  87  67  77   M   0  12 0.00    M    M  7.5 12 160   M    M   5 2      18 160
10  80  66  73   M   0   8 0.00    M    M  3.3  9 330   M    M   9 12     18 330
11  86  57  72   M   0   7 0.00    M    M  3.5  8  50   M    M   2 8       M  M
12  86  66  76   M   0  11 0.00    M    M  2.0  7 160   M    M   5 12      M  M
13  85  65  75   M   0  10 0.00    M    M  4.7 12 150   M    M   9 12     17 150
14  90  72  81   M   0  16 0.00    M    M  9.8 18 190   M    M   6        27 200
15  77  53  65   M   0   0 0.00    M    M  9.7 23  10   M    M   2        40  10
16  77  39  58   M   7   0 0.00    M    M  3.6  9  90   M    M   0         M  M
17  78  37  58   M   7   0 0.00    M    M  2.6  9  90   M    M   0         M  M
18  82  40  61   M   4   0 0.00    M    M  4.8 14 140   M    M   0        18 140
19  83  51  67   M   0   2 0.00    M    M  6.0 14 180   M    M   3 1      20 180
20  86  63  75   M   0  10 0.00    M    M  4.7 12 150   M    M   5 12     16 120
21  82  64  73   M   0   8 0.00    M    M  4.7 10 130   M    M   9 1       M  M
22  80  61  71   M   0   6 0.01    M    M  3.4 12  10   M    M   9        16  10
23  70  54  62   M   3   0 0.00    M    M  6.4 10  20   M    M   8 1      16 130
24  85  61  73   M   0   8 0.00    M    M 10.5 17 170   M    M   7        25 180
25  75  53  64   M   1   0 0.00    M    M  7.4 13  20   M    M   5        22  10
26  81  47  64   M   1   0 0.00    M    M  1.2  5 130   M    M   5         M  M
27  78  59  69   M   0   4 0.34    M    M  6.6 14  10   M    M   8 1      21  10
28  65  54  60   M   5   0 1.69    M    M  7.0 15 340   M    M  10        21 340
29  63  47  55   M  10   0 0.00    M    M 11.5 17 360   M    M   6 1      24 340
================================================================================
SM 2332 1574        52 125  2.04    M    151.2          M      132
================================================================================
AV 80.4 54.3                               5.2 FASTST   M    M   5    MAX(MPH)
                                 MISC ---->  # 23  10               # 40   10
================================================================================
NOTES:
# LAST OF SEVERAL OCCURRENCES

COLUMN 17 PEAK WIND IN M.P.H.

PRELIMINARY LOCAL CLIMATOLOGICAL DATA (WS FORM: F-6) , PAGE 2

                                          STATION:  GONZALES
                                          MONTH:    NOVEMBER
                                          YEAR:     2020
                                          LATITUDE:   29 31 N
                                          LONGITUDE:  97 28 W

[TEMPERATURE DATA]      [PRECIPITATION DATA]       SYMBOLS USED IN COLUMN 16

AVERAGE MONTHLY: 67.3   TOTAL FOR MONTH:   2.04    1 = FOG OR MIST
DPTR FM NORMAL:     M   DPTR FM NORMAL:       M    2 = FOG REDUCING VISIBILITY
HIGHEST:    90 ON 14    GRTST 24HR  1.69 ON 28-28      TO 1/4 MILE OR LESS
LOWEST:     37 ON 17                               3 = THUNDER
                        SNOW, ICE PELLETS, HAIL    4 = ICE PELLETS
                        TOTAL MONTH:    M          5 = HAIL
                        GRTST 24HR    M  ON   M    6 = FREEZING RAIN OR DRIZZLE
                        GRTST DEPTH:  M  ON   M    7 = DUSTSTORM OR SANDSTORM:
                                                       VSBY 1/2 MILE OR LESS
                                                   8 = SMOKE OR HAZE
[NO. OF DAYS WITH]      [WEATHER - DAYS WITH]      9 = BLOWING SNOW
                                                   X = TORNADO
MAX 32 OR BELOW:   0    0.01 INCH OR MORE:   3
MAX 90 OR ABOVE:   1    0.10 INCH OR MORE:   2
MIN 32 OR BELOW:   0    0.50 INCH OR MORE:   1
MIN  0 OR BELOW:   0    1.00 INCH OR MORE:   1

[HDD (BASE 65) ]
TOTAL THIS MO.    52    CLEAR  (SCALE 0-3)  12
DPTR FM NORMAL     M    PTCLDY (SCALE 4-7)  12
TOTAL FM JUL 1   111    CLOUDY (SCALE 8-10)  5
DPTR FM NORMAL     M

[CDD (BASE 65) ]
TOTAL THIS MO.   125
DPTR FM NORMAL     M    [PRESSURE DATA]
TOTAL FM JAN 1  3619    HIGHEST SLP M ON M
DPTR FM NORMAL     M    LOWEST  SLP M ON M

[REMARKS]
