000
CXUS52 KTAE 300900
CF6TLH
PRELIMINARY LOCAL CLIMATOLOGICAL DATA (WS FORM: F-6)

                                          STATION:   TALLAHASSEE
                                          MONTH:     NOVEMBER
                                          YEAR:      2020
                                          LATITUDE:   30 22 N
                                          LONGITUDE:  84 22 W

  TEMPERATURE IN F:       :PCPN:    SNOW:  WIND      :SUNSHINE: SKY     :PK WND
================================================================================
1   2   3   4   5  6A  6B    7    8   9   10  11  12  13   14  15   16   17  18
                                     12Z  AVG MX 2MIN
DY MAX MIN AVG DEP HDD CDD  WTR  SNW DPTH SPD SPD DIR MIN PSBL S-S WX    SPD DR
================================================================================

 1  79  62  71   7   0   6 0.00  0.0    M  7.7 16 310   M    M   6        21 300
 2  66  42  54 -10  11   0 0.00  0.0    M  7.2 17 360   M    M   0        23  30
 3  71  37  54 -10  11   0 0.00  0.0    M  2.3  9  30   M    M   1        11 350
 4  76  39  58  -6   7   0 0.00  0.0    M  4.7 12  70   M    M   2        15  60
 5  80  58  69   6   0   4 0.00  0.0    M  6.5 16  80   M    M   3        20  40
 6  81  64  73  10   0   8 0.00  0.0    M  7.5 15  80   M    M   4 2      18  70
 7  82  70  76  13   0  11    T  0.0    M  8.2 18  60   M    M   7        25  50
 8  85  69  77  15   0  12 0.00  0.0    M 10.3 21  70   M    M   6        26  80
 9  83  72  78  16   0  13 0.00  0.0    M 11.7 20  60   M    M   9 1      27  60
10  87  73  80  18   0  15 0.07  0.0    0  9.0 26 110   M    M   8 13     31 110
11  86  73  80  18   0  15 0.97  0.0    0  6.8 24 100   M    M   9 1      29  90
12  83  66  75  14   0  10    T  0.0    0  8.9 18 310   M    M   7        22 310
13  80  56  68   7   0   3 0.00  0.0    M  5.8 13 340   M    M   3        16 330
14  81  52  67   6   0   2 0.00  0.0    M  3.2 13 100   M    M   1 1      16  80
15  86  58  72  12   0   7 0.00  0.0    M  3.3 14 280   M    M   5 12     18 300
16  73  45  59  -1   6   0 0.00  0.0    M  8.1 14 360   M    M   1        16 340
17  74  41  58  -2   7   0 0.00  0.0    M  6.0 15  20   M    M   0        20 350
18  67  41  54  -6  11   0 0.00  0.0    M  8.0 16  60   M    M   0        22  70
19  73  47  60   1   5   0 0.00  0.0    M  8.4 16  80   M    M   1        22 110
20  78  56  67   8   0   2 0.00  0.0    0  6.7 15 100   M    M   3        18  60
21  76  57  67   8   0   2 0.00  0.0    M  5.7 14  40   M    M   5        19  60
22  80  54  67   9   0   2 0.00  0.0    M  4.0 10  10   M    M   5        14 360
23  73  43  58   0   7   0 0.00  0.0    M  5.6 15 320   M    M   0        33 330
24  75  41  58   0   7   0 0.00  0.0    0  4.8 15 100   M    M   2        18 160
25  78  55  67   9   0   2 0.00  0.0    0  7.5 18 150   M    M   3        26 150
26  83  59  71  14   0   6 0.37  0.0    0  3.3 14 290   M    M   7 123    18 230
27  81  67  74  17   0   9 0.84  0.0    M  2.2 12 260   M    M   9 12     14 250
28  72  65  69  12   0   4 0.66  0.0    M  5.6 14 360   M    M   9 1      19 350
29  71  62  67  10   0   2 0.14  0.0    0  7.3 14 180   M    M   9 1      18 170
================================================================================
SM 2260 1624        72 135  3.05  0.0    186.3          M      125
================================================================================
AV 77.9 56.0                               6.4 FASTST   M    M   4    MAX(MPH)
                                 MISC ---->    26 110                 33 330
================================================================================
NOTES:
# LAST OF SEVERAL OCCURRENCES

COLUMN 17 PEAK WIND IN M.P.H.

PRELIMINARY LOCAL CLIMATOLOGICAL DATA (WS FORM: F-6) , PAGE 2

                                          STATION:   TALLAHASSEE
                                          MONTH:     NOVEMBER
                                          YEAR:      2020
                                          LATITUDE:   30 22 N
                                          LONGITUDE:  84 22 W

[TEMPERATURE DATA]      [PRECIPITATION DATA]       SYMBOLS USED IN COLUMN 16

AVERAGE MONTHLY: 67.0   TOTAL FOR MONTH:   3.05    1 = FOG OR MIST
DPTR FM NORMAL:   6.5   DPTR FM NORMAL:   -0.32    2 = FOG REDUCING VISIBILITY
HIGHEST:    87 ON 10    GRTST 24HR  1.50 ON 27-28      TO 1/4 MILE OR LESS
LOWEST:     37 ON  3                               3 = THUNDER
                        SNOW, ICE PELLETS, HAIL    4 = ICE PELLETS
                        TOTAL MONTH:   0.0 INCH    5 = HAIL
                        GRTST 24HR  0.0            6 = FREEZING RAIN OR DRIZZLE
                        GRTST DEPTH:  0            7 = DUSTSTORM OR SANDSTORM:
                                                       VSBY 1/2 MILE OR LESS
                                                   8 = SMOKE OR HAZE
[NO. OF DAYS WITH]      [WEATHER - DAYS WITH]      9 = BLOWING SNOW
                                                   X = TORNADO
MAX 32 OR BELOW:   0    0.01 INCH OR MORE:   6
MAX 90 OR ABOVE:   0    0.10 INCH OR MORE:   5
MIN 32 OR BELOW:   0    0.50 INCH OR MORE:   3
MIN  0 OR BELOW:   0    1.00 INCH OR MORE:   0

[HDD (BASE 65) ]
TOTAL THIS MO.    72    CLEAR  (SCALE 0-3)  14
DPTR FM NORMAL  -108    PTCLDY (SCALE 4-7)  10
TOTAL FM JUL 1    77    CLOUDY (SCALE 8-10)  5
DPTR FM NORMAL  -150

[CDD (BASE 65) ]
TOTAL THIS MO.   135
DPTR FM NORMAL    89    [PRESSURE DATA]
TOTAL FM JAN 1  3207    HIGHEST SLP M ON M
DPTR FM NORMAL   628    LOWEST  SLP 29.74 ON 12

[REMARKS]
