000
CXUS55 KCYS 301000
CF6TOR
PRELIMINARY LOCAL CLIMATOLOGICAL DATA (WS FORM: F-6)

                                          STATION:   TORRINGTON WY AIRPORT
                                          MONTH:     NOVEMBER
                                          YEAR:      2020
                                          LATITUDE:   42  3 N
                                          LONGITUDE: 104  9 W

  TEMPERATURE IN F:       :PCPN:    SNOW:  WIND      :SUNSHINE: SKY     :PK WND
================================================================================
1   2   3   4   5  6A  6B    7    8   9   10  11  12  13   14  15   16   17  18
                                     12Z  AVG MX 2MIN
DY MAX MIN AVG DEP HDD CDD  WTR  SNW DPTH SPD SPD DIR MIN PSBL S-S WX    SPD DR
================================================================================

 1  63  24  44   2  21   0 0.00    M    M  3.6 13  90   M    M   0        14  90
 2  76  28  52  10  13   0 0.00    M    M  4.1 10 330   M    M   0        13 330
 3  79  31  55  13  10   0 0.00    M    M  4.3 18 270   M    M   0 8      23 280
 4  78  37  58  17   7   0 0.00    M    M  7.7 16 330   M    M   0        23 330
 5  78  29  54  13  11   0 0.00    M    M  6.4 20 260   M    M   0        27 260
 6  74  31  53  13  12   0 0.00    M    M  5.7 12 130   M    M   0        15 140
 7  67  38  53  13  12   0 0.00    M    M  4.6 18 120   M    M   0        23 130
 8  56  34  45   6  20   0 0.04    M    M 14.0 33 260   M    M   5        48 270
 9  34  23  29 -10  36   0    T    M    M  8.1 20 360   M    M  10 1      27 360
10  41  13  27 -11  38   0 0.00    M    M 10.8 31 280   M    M   3 12     46 290
11  50  27  39   1  26   0 0.00    M    M 14.6 31 270   M    M   2        43 280
12  41  15  28 -10  37   0 0.00    M    M  8.4 24 270   M    M   1        34 270
13  60  19  40   3  25   0 0.00    M    M 11.9 31 280   M    M   0        42 250
14  52  23  38   2  27   0    T    M    M 20.1 51 290   M    M   2 8      69 280
15  53  26  40   4  25   0 0.00    M    M 20.6 38 280   M    M   0        53 280
16  60  35  48  12  17   0 0.00    M    M 11.1 28 270   M    M   0        39 280
17  70  23  47  12  18   0 0.00    M    M  5.2 14 150   M    M   0 8      19 140
18  73  33  53  18  12   0 0.00    M    M  6.4 21 260   M    M   0 8      29 260
19  61  32  47  13  18   0 0.00    M    M 13.9 37 280   M    M   0 8      52 270
20  50  25  38   4  27   0 0.00    M    M  6.5 15  10   M    M   0        22 350
21  52  15  34   1  31   0 0.00    M    M  4.6 16 320   M    M   0        24 340
22  49  17  33   0  32   0 0.00    M    M  9.1 20 170   M    M   0        25 160
23  54  20  37   5  28   0 0.00    M    M  6.3 20 360   M    M   3 8      25  10
24  47  16  32   0  33   0 0.00    M    M  8.4 20 320   M    M   2 8      26 330
25  60  14  37   5  28   0 0.00    M    M 10.2 26 270   M    M   0        36 270
26  44  18  31   0  34   0 0.00    M    M  4.7 13 360   0    0   0         M  M
27  51   9  30  -1  35   0 0.00    M    M  2.5  9 220   M    M   0        12 290
28  60  17  39   9  26   0 0.00    M    M  5.2 15 320   M    M   0        22 320
29  43  12  28  -2  37   0 0.00    M    M  6.8 22 330   M    M   0        31 330
================================================================================
SM 1676  684       696   0  0.04    M    245.8            0     28
================================================================================
AV 57.8 23.6                               8.5 FASTST    0   0   1    MAX(MPH)
                                 MISC ---->  # 51 290               # 69  280
================================================================================
NOTES:
# LAST OF SEVERAL OCCURRENCES

COLUMN 17 PEAK WIND IN M.P.H.

PRELIMINARY LOCAL CLIMATOLOGICAL DATA (WS FORM: F-6) , PAGE 2

                                          STATION:  TORRINGTON WY AIRPORT
                                          MONTH:    NOVEMBER
                                          YEAR:     2020
                                          LATITUDE:   42  3 N
                                          LONGITUDE: 104  9 W

[TEMPERATURE DATA]      [PRECIPITATION DATA]       SYMBOLS USED IN COLUMN 16

AVERAGE MONTHLY: 40.7   TOTAL FOR MONTH:   0.04    1 = FOG OR MIST
DPTR FM NORMAL:   4.6   DPTR FM NORMAL:   -0.39    2 = FOG REDUCING VISIBILITY
HIGHEST:    79 ON  3    GRTST 24HR  0.04 ON  8- 8      TO 1/4 MILE OR LESS
LOWEST:      9 ON 27                               3 = THUNDER
                        SNOW, ICE PELLETS, HAIL    4 = ICE PELLETS
                        TOTAL MONTH:    M          5 = HAIL
                        GRTST 24HR    M  ON   M    6 = FREEZING RAIN OR DRIZZLE
                        GRTST DEPTH:  M  ON   M    7 = DUSTSTORM OR SANDSTORM:
                                                       VSBY 1/2 MILE OR LESS
                                                   8 = SMOKE OR HAZE
[NO. OF DAYS WITH]      [WEATHER - DAYS WITH]      9 = BLOWING SNOW
                                                   X = TORNADO
MAX 32 OR BELOW:   0    0.01 INCH OR MORE:   1
MAX 90 OR ABOVE:   0    0.10 INCH OR MORE:   0
MIN 32 OR BELOW:  24    0.50 INCH OR MORE:   0
MIN  0 OR BELOW:   0    1.00 INCH OR MORE:   0

[HDD (BASE 65) ]
TOTAL THIS MO.   696    CLEAR  (SCALE 0-3)  25
DPTR FM NORMAL  -142    PTCLDY (SCALE 4-7)   3
TOTAL FM JUL 1  1501    CLOUDY (SCALE 8-10)  1
DPTR FM NORMAL   -47

[CDD (BASE 65) ]
TOTAL THIS MO.     0
DPTR FM NORMAL     0    [PRESSURE DATA]
TOTAL FM JAN 1   934    HIGHEST SLP  0.00 ON 26
DPTR FM NORMAL   256    LOWEST  SLP  0.00 ON 26

[REMARKS]
