000
CXUS54 KJAN 301414
CF6TVR
PRELIMINARY LOCAL CLIMATOLOGICAL DATA (WS FORM: F-6)

                                          STATION:   VICKSBURG
                                          MONTH:     NOVEMBER
                                          YEAR:      2020
                                          LATITUDE:   32 20 N
                                          LONGITUDE:  91  2 W

  TEMPERATURE IN F:       :PCPN:    SNOW:  WIND      :SUNSHINE: SKY     :PK WND
================================================================================
1   2   3   4   5  6A  6B    7    8   9   10  11  12  13   14  15   16   17  18
                                     12Z  AVG MX 2MIN
DY MAX MIN AVG DEP HDD CDD  WTR  SNW DPTH SPD SPD DIR MIN PSBL S-S WX    SPD DR
================================================================================

 1  72  44  58  -2   7   0 0.00  0.0    0  6.1 21  10   M    M   0 1      28 360
 2  64  38  51  -9  14   0 0.00  0.0    0  5.0 13  30   M    M   0        17  20
 3  73  37  55  -5  10   0 0.00  0.0    0  1.0  7 110   M    M   0 1      10 210
 4  77  41  59   0   6   0 0.00  0.0    0  1.7  8 150   M    M   0 1      12 160
 5  76  45  61   2   4   0 0.00  0.0    0  1.6  9  70   M    M   0 1      12 120
 6  80  46  63   4   2   0 0.00  0.0    0  3.2 10  40   M    M   1 1      15  80
 7  79  64  72  14   0   7    T  0.0    0  4.6 12  80   M    M   4        14  80
 8  84  66  75  17   0  10 0.00  0.0    0  7.8 15  90   M    M   2        20  80
 9  77  60  69  11   0   4 0.00  0.0    0  5.7 15 120   M    M   5 12     20 120
10  83  60  72  15   0   7    T  0.0    0  2.5 12 140   M    M   9 1      16 140
11  79  57  68  11   0   3 0.00  0.0    0  5.5 16 360   M    M   5 1      20 360
12  76  48  62   5   3   0 0.00  0.0    0  3.2 10 360   M    M   0        14 360
13  79  46  63   7   2   0 0.00  0.0    0  2.7 12  50   M    M   0 1      18 350
14  82  51  67  11   0   2 0.00  0.0    0  9.0 22 170   M    M   2        28 170
15  72  39  56   0   9   0 0.09  0.0    0  6.3 22 310   M    M   3 1      39 310
16  71  35  53  -2  12   0 0.00  0.0    0  1.9 12  70   M    M   0        18  90
17  73  36  55   0  10   0 0.00  0.0    0  5.2 17  50   M    M   1 1      24  60
18  73  39  56   1   9   0 0.00  0.0    0  3.4 12 100   M    M   0        15 100
19  76  43  60   6   5   0 0.00  0.0    0  7.1 15 160   M    M   0        22 160
20  80  52  66  12   0   1 0.00  0.0    0  4.1 12 140   M    M   0 1      16 170
21  79  52  66  12   0   1 0.00  0.0    0  0.3  7  80   M    M   1 1      12 130
22  80  49  65  11   0   0 0.00  0.0    0  6.2 28  10   M    M   4 12     38  10
23  65  39  52  -1  13   0 0.00  0.0    0  6.5 17  30   M    M   2        24  20
24  76  39  58   5   7   0 0.00  0.0    0  9.5 23 160   M    M   1        33 160
25  76  47  62   9   3   0 0.45  0.0    0  6.9 21 170   M    M   4 13     29 170
26  71  42  57   5   8   0 0.00  0.0    0  2.5  9 130   M    M   1 1      13  40
27  69  56  63  11   2   0 1.36  0.0    0  4.1 13  10   M    M  10 13     19 220
28  60  53  57   5   8   0    T  0.0    0  8.1 13  20   M    M   8 1      18 340
29  57  46  52   0  13   0 0.80  0.0    0  6.7 16 310   M    M  10 1      27 310
================================================================================
SM 2159 1370       147  35  2.70     0.0 138.4          M       73
================================================================================
AV 74.5 47.2                               4.8 FASTST   M    M   3    MAX(MPH)
                                 MISC ---->  # 28  10               # 39  310
================================================================================
NOTES:
# LAST OF SEVERAL OCCURRENCES

COLUMN 17 PEAK WIND IN M.P.H.

PRELIMINARY LOCAL CLIMATOLOGICAL DATA (WS FORM: F-6) , PAGE 2

                                          STATION:  VICKSBURG
                                          MONTH:    NOVEMBER
                                          YEAR:     2020
                                          LATITUDE:   32 20 N
                                          LONGITUDE:  91  2 W

[TEMPERATURE DATA]      [PRECIPITATION DATA]       SYMBOLS USED IN COLUMN 16

AVERAGE MONTHLY: 60.8   TOTAL FOR MONTH:   2.70    1 = FOG OR MIST
DPTR FM NORMAL:   5.1   DPTR FM NORMAL:   -2.07    2 = FOG REDUCING VISIBILITY
HIGHEST:    84 ON  8    GRTST 24HR  1.36 ON 27-27      TO 1/4 MILE OR LESS
LOWEST:     35 ON 16                               3 = THUNDER
                        SNOW, ICE PELLETS, HAIL    4 = ICE PELLETS
                        TOTAL MONTH:   0.0 INCH    5 = HAIL
                        GRTST 24HR     0.0         6 = FREEZING RAIN OR DRIZZLE
                        GRTST DEPTH:   0           7 = DUSTSTORM OR SANDSTORM:
                                                       VSBY 1/2 MILE OR LESS
                                                   8 = SMOKE OR HAZE
[NO. OF DAYS WITH]      [WEATHER - DAYS WITH]      9 = BLOWING SNOW
                                                   X = TORNADO
MAX 32 OR BELOW:   0    0.01 INCH OR MORE:   4
MAX 90 OR ABOVE:   0    0.10 INCH OR MORE:   3
MIN 32 OR BELOW:   0    0.50 INCH OR MORE:   2
MIN  0 OR BELOW:   0    1.00 INCH OR MORE:   1

[HDD (BASE 65) ]
TOTAL THIS MO.   147    CLEAR  (SCALE 0-3)  19
DPTR FM NORMAL  -138    PTCLDY (SCALE 4-7)   7
TOTAL FM JUL 1   203    CLOUDY (SCALE 8-10)  3
DPTR FM NORMAL  -184

[CDD (BASE 65) ]
TOTAL THIS MO.    35
DPTR FM NORMAL    23    [PRESSURE DATA]
TOTAL FM JAN 1  2763    HIGHEST SLP M ON M
DPTR FM NORMAL   542    LOWEST  SLP 29.83 ON M

[REMARKS]
