000
CXUS56 KPQR 301200
CF6UAO
PRELIMINARY LOCAL CLIMATOLOGICAL DATA (WS FORM: F-6)

                                          STATION:   AURORA STATE OR
                                          MONTH:     NOVEMBER
                                          YEAR:      2020
                                          LATITUDE:   45 15 N
                                          LONGITUDE: 122 46 W

  TEMPERATURE IN F:       :PCPN:    SNOW:  WIND      :SUNSHINE: SKY     :PK WND
================================================================================
1   2   3   4   5  6A  6B    7    8   9   10  11  12  13   14  15   16   17  18
                                     12Z  AVG MX 2MIN
DY MAX MIN AVG DEP HDD CDD  WTR  SNW DPTH SPD SPD DIR MIN PSBL S-S WX    SPD DR
================================================================================

 1  65  33  49   0  16   0 0.00    M    M  0.6  6 120   M    M   0 18      8 180
 2  64  35  50   1  15   0 0.00    M    M  0.3  6 160   M    M   3 128     8 160
 3  63  38  51   2  14   0 0.25    M    M  5.4 15 190   M    M   9 12     20 180
 4  69  60  65  17   0   0 0.01    M    M 10.8 21 190   M    M  10        28 200
 5  64  50  57   9   8   0 0.73    M    M  5.8 18 190   M    M  10 1      25 190
 6  51  39  45  -3  20   0 0.12    M    M  3.9 13 360   M    M   7 1      16 360
 7  49  32  41  -7  24   0 0.05    M    M  4.0 14  10   M    M   7 12     19 250
 8  48  30  39  -9  26   0 0.00    M    M  2.3  9  30   M    M   4 1      12 340
 9  47  26  37 -10  28   0 0.06    M    M  3.9 14 210   M    M   8 12     21 230
10  51  40  46  -1  19   0 0.17    M    M  8.0 20 190   M    M   8 1      25 190
11  52  36  44  -3  21   0 0.00    M    M  2.9  9 170   M    M   7 12     12 170
12  50  33  42  -5  23   0 0.16    M    M  5.3 18 180   M    M   9 128    24 170
13  55  39  47   1  18   0 0.76    M    M 11.0 26 180   M    M   6 1      37 200
14  51  42  47   1  18   0 0.75    M    M 10.9 24 180   M    M   8 1      29 170
15  57  46  52   6  13   0 0.13    M    M  6.4 18 190   M    M   7 1      27 190
16  56  46  51   5  14   0 0.21    M    M  2.4  7  80   M    M   5 1       9  70
17  59  43  51   6  14   0 0.13    M    M  9.2 26 190   M    M   7 12     35 190
18  52  45  49   4  16   0 1.13    M    M  9.3 22 190   M    M   9 13     32 190
19  51  39  45   0  20   0 0.07    M    M  7.5 20 190   M    M   7 12     27 190
20  40  31  36  -9  29   0 0.00    M    M  0.3  5  70   M    M  10 12      7 310
21  44  35  40  -4  25   0 0.00    M    M  2.3  8  20   M    M  10 12     11  20
22  41  35  38  -6  27   0 0.10    M    M  2.4  9 180   M    M   9 1      10 170
23  49  39  44   0  21   0 0.11    M    M  4.5 18 190   M    M   9 1      22 180
24  50  35  43  -1  22   0 0.20    M    M  5.5 21 170   M    M   9 18     26 170
25  49  40  45   2  20   0 0.06    M    M  8.1 15 190   M    M   8 1      19 180
26  51  39  45   2  20   0 0.00    M    M  2.3  9 190   M    M   9 2      12 200
27  40  35  38  -5  27   0 0.00    M    M  1.9  9 180   M    M  10 12     10 190
28  45  35  40  -3  25   0 0.05    M    M  3.6  8 180   M    M  10 1       9  40
29  43  38  41  -1  24   0 0.00    M    M  3.5  9 180   M    M  10 12     12 180
================================================================================
SM 1506 1114       567   0  5.25    M    144.3          M      225
================================================================================
AV 51.9 38.4                               5.0 FASTST   M    M   8    MAX(MPH)
                                 MISC ---->  # 26 180               # 37  200
================================================================================
NOTES:
# LAST OF SEVERAL OCCURRENCES

COLUMN 17 PEAK WIND IN M.P.H.

PRELIMINARY LOCAL CLIMATOLOGICAL DATA (WS FORM: F-6) , PAGE 2

                                          STATION:  AURORA STATE OR
                                          MONTH:    NOVEMBER
                                          YEAR:     2020
                                          LATITUDE:   45 15 N
                                          LONGITUDE: 122 46 W

[TEMPERATURE DATA]      [PRECIPITATION DATA]       SYMBOLS USED IN COLUMN 16

AVERAGE MONTHLY: 45.2   TOTAL FOR MONTH:   5.25    1 = FOG OR MIST
DPTR FM NORMAL:  -0.7   DPTR FM NORMAL:   -1.10    2 = FOG REDUCING VISIBILITY
HIGHEST:    69 ON  4    GRTST 24HR  1.13 ON 18-18      TO 1/4 MILE OR LESS
LOWEST:     26 ON  9                               3 = THUNDER
                        SNOW, ICE PELLETS, HAIL    4 = ICE PELLETS
                        TOTAL MONTH:    M          5 = HAIL
                        GRTST 24HR    M  ON   M    6 = FREEZING RAIN OR DRIZZLE
                        GRTST DEPTH:  M  ON   M    7 = DUSTSTORM OR SANDSTORM:
                                                       VSBY 1/2 MILE OR LESS
                                                   8 = SMOKE OR HAZE
[NO. OF DAYS WITH]      [WEATHER - DAYS WITH]      9 = BLOWING SNOW
                                                   X = TORNADO
MAX 32 OR BELOW:   0    0.01 INCH OR MORE:  20
MAX 90 OR ABOVE:   0    0.10 INCH OR MORE:  14
MIN 32 OR BELOW:   4    0.50 INCH OR MORE:   4
MIN  0 OR BELOW:   0    1.00 INCH OR MORE:   1

[HDD (BASE 65) ]
TOTAL THIS MO.   567    CLEAR  (SCALE 0-3)   1
DPTR FM NORMAL    11    PTCLDY (SCALE 4-7)  13
TOTAL FM JUL 1   928    CLOUDY (SCALE 8-10) 15
DPTR FM NORMAL  -126

[CDD (BASE 65) ]
TOTAL THIS MO.     0
DPTR FM NORMAL     0    [PRESSURE DATA]
TOTAL FM JAN 1   519    HIGHEST SLP M ON M
DPTR FM NORMAL   183    LOWEST  SLP 29.32 ON 13

[REMARKS]
