000
CXUS51 KAKQ 300833
CF6WAL
PRELIMINARY LOCAL CLIMATOLOGICAL DATA (WS FORM: F-6)

                                          STATION:   WALLOPS ISLAND VA
                                          MONTH:     NOVEMBER
                                          YEAR:      2020
                                          LATITUDE:   37 55 N
                                          LONGITUDE:  75 28 W

  TEMPERATURE IN F:       :PCPN:    SNOW:  WIND      :SUNSHINE: SKY     :PK WND
================================================================================
1   2   3   4   5  6A  6B    7    8   9   10  11  12  13   14  15   16   17  18
                                     12Z  AVG MX 2MIN
DY MAX MIN AVG DEP HDD CDD  WTR  SNW DPTH SPD SPD DIR MIN PSBL S-S WX    SPD DR
================================================================================

 1  64  40  52  -2  13   0 0.47  0.0    0 11.1 29 190   M    M   6 1      36 200
 2  49  39  44 -10  21   0 0.00  0.0    0 17.4 32 310   M    M   2        44 300
 3  59  42  51  -3  14   0 0.00  0.0    0  8.7 23 280   M    M   1        33 280
 4  66  39  53   0  12   0 0.00  0.0    0  3.2 13 200   M    M   0        17 170
 5  72  48  60   7   5   0 0.00  0.0    0  3.7 13 170   M    M   6 12     21 230
 6  72  54  63  10   2   0 0.00  0.0    0  2.4 10 180   M    M   7 12     12 180
 7  75  50  63  11   2   0 0.00  0.0    0  2.3  9 180   M    M   4 128    13 250
 8  73  49  61   9   4   0 0.00  0.0    0  2.1  9 160   M    M   1 12     11 160
 9  71  49  60   8   5   0 0.00  0.0    0  2.3  9 150   M    M   1 12     11  80
10  75  53  64  12   1   0 0.00  0.0    0  5.9 14 180   M    M   5 12     18 180
11  73  64  69  18   0   4 0.64  0.0    0 12.6 23 200   M    M   5 1      30 190
12  69  54  62  11   3   0 2.47  0.0    0  9.6 26 360   M    M  10 1      35 350
13  59  48  54   3  11   0    T  0.0    0  6.7 15 320   M    M   7 1      19 310
14  60  39  50   0  15   0 0.00  0.0    0  3.0 13 310   M    M   0        16 320
15  68  42  55   5  10   0 0.04  0.0    0 15.6 32 180   M    M   3 1      41 180
16  60  45  53   3  12   0    T    M    0  6.4 15 260   M    M   1        22 310
17  57  35  46  -3  19   0    T  0.0    0  4.3 10 260   M    M   1         M  M
18   M   M   M   M   M   M    M    M    M   M   M   M   M    M   M         M  M
19  52  26  39 -10  26   0 0.00  0.0    M  7.2 16 200   M    M   0        20 190
20  66  42  54   6  11   0 0.00  0.0    0  9.3 21 190   M    M   0        26 200
21  69  45  57   9   8   0 0.00  0.0    0  3.4 17  40   M    M   1        29 140
22  64  50  57   9   8   0    T  0.0    0  7.9 17  40   M    M   6        22  50
23  62  39  51   4  14   0 0.63  0.0    0 10.8 25 310   M    M   4 1      36 300
24  53  37  45  -2  20   0 0.00  0.0    0  3.6 22 210   M    M   0        30 210
25  61  36  49   2  16   0 0.00  0.0    0  8.6 16 190   M    M   2        23 190
26  70  59  65  19   0   0 0.40  0.0    0  9.5 18 190   M    M   9 1      28 190
27  64  49  57  11   8   0 0.00  0.0    0  5.4 15  50   M    M   4 2      18  50
28  61  39  50   4  15   0 0.00  0.0    0  4.5 14 320   M    M   3        18 320
29  59  34  47   2  18   0 0.00  0.0    0  5.4 12 180   M    M   1        14 190
================================================================================
SM 1803 1246       293   4  4.65     0.0 192.9          M       90
================================================================================
AV 64.4 44.5                               6.9 FASTST   M    M   3    MAX(MPH)
                                 MISC ---->  # 32 310               # 44  300
================================================================================
NOTES:
# LAST OF SEVERAL OCCURRENCES

COLUMN 17 PEAK WIND IN M.P.H.

PRELIMINARY LOCAL CLIMATOLOGICAL DATA (WS FORM: F-6) , PAGE 2

                                          STATION:  WALLOPS ISLAND VA
                                          MONTH:    NOVEMBER
                                          YEAR:     2020
                                          LATITUDE:   37 55 N
                                          LONGITUDE:  75 28 W

[TEMPERATURE DATA]      [PRECIPITATION DATA]       SYMBOLS USED IN COLUMN 16

AVERAGE MONTHLY: 54.5   TOTAL FOR MONTH:   4.65    1 = FOG OR MIST
DPTR FM NORMAL:   4.5   DPTR FM NORMAL:    1.88    2 = FOG REDUCING VISIBILITY
HIGHEST:    75 ON 10, 7 GRTST 24HR  2.47 ON 12-12      TO 1/4 MILE OR LESS
LOWEST:     26 ON 19                               3 = THUNDER
                        SNOW, ICE PELLETS, HAIL    4 = ICE PELLETS
                        TOTAL MONTH:   0.0 INCH    5 = HAIL
                        GRTST 24HR     0.0         6 = FREEZING RAIN OR DRIZZLE
                        GRTST DEPTH:   0           7 = DUSTSTORM OR SANDSTORM:
                                                       VSBY 1/2 MILE OR LESS
                                                   8 = SMOKE OR HAZE
[NO. OF DAYS WITH]      [WEATHER - DAYS WITH]      9 = BLOWING SNOW
                                                   X = TORNADO
MAX 32 OR BELOW:   0    0.01 INCH OR MORE:   6
MAX 90 OR ABOVE:   0    0.10 INCH OR MORE:   5
MIN 32 OR BELOW:   1    0.50 INCH OR MORE:   3
MIN  0 OR BELOW:   0    1.00 INCH OR MORE:   1

[HDD (BASE 65) ]
TOTAL THIS MO.   293    CLEAR  (SCALE 0-3)  15
DPTR FM NORMAL  -148    PTCLDY (SCALE 4-7)  11
TOTAL FM JUL 1   420    CLOUDY (SCALE 8-10)  2
DPTR FM NORMAL  -264

[CDD (BASE 65) ]
TOTAL THIS MO.     4
DPTR FM NORMAL     4    [PRESSURE DATA]
TOTAL FM JAN 1  1488    HIGHEST SLP M ON M
DPTR FM NORMAL   293    LOWEST  SLP 29.78 ON 12

[REMARKS]
