775
CXUS56 KTFX 300915
CF6WYS
29
PRELIMINARY LOCAL CLIMATOLOGICAL DATA (WS FORM: F-6)

                                          STATION:   WEST YELLOWSTO MT
                                          MONTH:     November
                                          YEAR:      2020
                                          LATITUDE:   44.68  N
                                          LONGITUDE: 111.12  W

  TEMPERATURE IN F:       :PCPN:    SNOW:  WIND      :SUNSHINE: SKY     :PK WND
================================================================================
1   2   3   4   5  6A  6B    7    8   9   10  11  12  13   14  15   16   17  18
                                     12Z  AVG MX 2MIN
DY MAX MIN AVG DEP HDD CDD  WTR  SNW DPTH SPD SPD DIR MIN PSBL S-S WX    SPD DR
================================================================================

01  54  16  35   6  30   0  0.00  M    M  2.5  M   M   M    M   M        M     M
02  59  16  37   8  28   0  0.00  M    M  2.3  M   M   M    M   M        23  240
03  59  16  37   9  28   0  0.00  M    M  3.1  M   M   M    M   M        29  300
04  55  23  39  12  26   0  0.00  M    M  4.6  M   M   M    M   M        26  260
05  55  19  37  10  28   0  0.00  M    M  6.9  M   M   M    M   M        38  250
06  61  23  42  16  23   0  0.00  M    M  4.7  M   M   M    M   M        36  350
07  55  30  42  16  23   0  0.00  M    M  7.0  M   M   M    M   M        47  360
08  34  14  24  -1  41   0  0.03  M    M  6.5  M   M   M    M   M        28  330
09  21   7  14 -11  51   0  0.00  M    M  3.9  M   M   M    M   M        22  340
10  19  14  16  -8  49   0  0.00  M    M 10.5  M   M   M    M   M        29  280
11  25   9  17  -7  48   0  0.00  M    M  6.0  M   M   M    M   M        21  270
12  18  -2   8 -15  57   0  0.00  M    M  7.8  M   M   M    M   M        24  250
13  28   7  17  -5  48   0  0.00  M    M  6.0  M   M   M    M   M        31  360
14  28  12  20  -2  45   0  0.00  M    M  8.7  M   M   M    M   M        28  310
15  30  18  24   3  41   0  0.00  M    M 10.8  M   M   M    M   M        32  240
16  36  28  32  11  33   0  0.00  M    M 11.9  M   M   M    M   M        30  250
17  46  21  33  13  32   0  0.00  M    M  4.1  M   M   M    M   M        17  280
18  34  30  32  13  33   0  0.00  M    M 10.7  M   M   M    M   M        43  230
19M   M   M                M      M    M  0.0  M   M   M    M   M        M     M
20M   M   M                M      M    M  0.0  M   M   M    M   M        M     M
21M   M   M                M      M    M  0.0  M   M   M    M   M        M     M
22M   M   M                M      M    M  0.0  M   M   M    M   M        M     M
23M   M   M                M      M    M  0.0  M   M   M    M   M        M     M
24M   M   M                M      M    M  0.0  M   M   M    M   M        M     M
25M   M   M                M      M    M  0.0  M   M   M    M   M        M     M
26M   M   M                M      M    M  0.0  M   M   M    M   M        M     M
27M   M   M                M      M    M  0.0  M   M   M    M   M        M     M
28M   M   M                M      M    M  0.0  M   M   M    M   M        M     M
29M   M   M                M      M    M  0.0  M   M   M    M   M        M     M
================================================================================
SM 717 301         664  0  0.03         118.0
================================================================================
AV 24.7 10.4                              4.1                        MAX(MPH)
                                                                      47

[TEMPERATURE DATA]      [PRECIPITATION DATA]

Average Monthly:  17.6  Total for Month:  0.03
Dptr fm Normal:    2.3  Dptr fm Normal:  -1.99
