000
CXUS53 KUNR 040505
CLM2WX

CLIMATE REPORT
NATIONAL WEATHER SERVICE RAPID CITY SD
1005 PM MST TUE NOV 03 2020

...................................

...THE BUFFALO SD CLIMATE SUMMARY FOR THE MONTH OF OCTOBER 2020...

CLIMATE NORMAL PERIOD 1981 TO 2010
CLIMATE RECORD PERIOD 9999 TO 9999

WEATHER         OBSERVED          NORMAL  DEPART   LAST YEAR`S
                VALUE   DATE(S)   VALUE   FROM     VALUE DATE(S)
                                          NORMAL
................................................................
TEMPERATURE (F)
HIGHEST           84   10/06                          80  10/08
                       10/08
LOWEST            -3R  10/26                           7  10/30
AVG. MAXIMUM    52.6               57.4    -4.8     50.1
AVG. MINIMUM    29.5               33.3    -3.8     28.9
MEAN            41.0               45.4    -4.4     39.5
DAYS MAX >= 90     0                                   0
DAYS MAX <= 32     5                                   5
DAYS MIN <= 32    18                                  19
DAYS MIN <= 0      1                                   0

PRECIPITATION (INCHES)
TOTALS          1.17               0.70    0.47     1.88
DAILY AVG.      0.04               0.02    0.02     0.06
DAYS >= .01       12                                  11
DAYS >= .10        5                                   4
DAYS >= .50        0                                   1
DAYS >= 1.00       0                                   0
GREATEST
 24 HR. TOTAL   0.32   10/21 TO 10/21               0.80


DEGREE DAYS
HEATING TOTAL    737                610     127      783
 SINCE 7/1       912                902      10      972
COOLING TOTAL      2                  1       1        0
 SINCE 1/1       738                513     225      516
................................................................

WIND (MPH)
AVERAGE WIND SPEED              13.1
HIGHEST WIND SPEED/DIRECTION    53/300    DATE  10/11
HIGHEST GUST SPEED/DIRECTION    67/300    DATE  10/11

AVERAGE RH (PERCENT)     55


-  INDICATES NEGATIVE NUMBERS.
R  INDICATES RECORD WAS SET OR TIED.
MM INDICATES DATA IS MISSING.
T  INDICATES TRACE AMOUNT.

$$
