000
CXUS53 KABR 011458
CLM8D3

CLIMATE REPORT
NATIONAL WEATHER SERVICE ABERDEEN SD
858 AM CST SUN NOV 01 2020

...................................

...THE SISSETON SD CLIMATE SUMMARY FOR THE MONTH OF OCTOBER 2020...

CLIMATE NORMAL PERIOD 1981 TO 2010
CLIMATE RECORD PERIOD 1900 TO 2020

WEATHER         OBSERVED          NORMAL  DEPART   LAST YEAR`S
                VALUE   DATE(S)   VALUE   FROM     VALUE DATE(S)
                                          NORMAL
................................................................
TEMPERATURE (F)
RECORD
 HIGH             95   10/11/2015
                       10/10/1955
                       10/03/1938
 LOW               4   10/26/1936
HIGHEST           84   10/06         59      25       71  10/08
                       10/09
LOWEST             8   10/26         MM      MM       15  10/31
AVG. MAXIMUM    51.3               57.2    -5.9     49.1
AVG. MINIMUM    30.5               35.5    -5.0     33.4
MEAN            40.9               46.3    -5.4     41.2
DAYS MAX >= 90     0                0.0     0.0        0
DAYS MAX <= 32     5                0.4     4.6        1
DAYS MIN <= 32    18               11.1     6.9       17
DAYS MIN <= 0      0                0.0     0.0        0

PRECIPITATION (INCHES)
RECORD
 MAXIMUM        7.95   1998
 MINIMUM           T   1933
TOTALS          1.20               2.08   -0.88     3.61
DAYS >= .01       10                 MM      MM       10
DAYS >= .10        2                 MM      MM        6
DAYS >= .50        1                 MM      MM        2
DAYS >= 1.00       0                 MM      MM        1

SNOWFALL (INCHES)
RECORDS
 TOTAL           6.0   5
 SNOW DEPTH       MM   MM
TOTALS           8.2R                MM      MM      1.2
SINCE 7/1        8.2                 MM      MM       MM
SNOWDEPTH AVG.     1                                   0
DAYS >= TRACE      7                 MM      MM        4
DAYS >= 1.0        2                 MM      MM        0
GREATEST
 SNOW DEPTH        4   10/26                           1  10/12
                       10/27
                       10/28

DEGREE DAYS
HEATING TOTAL    740                582     158      728
 SINCE 7/1       941                828     113      909
COOLING TOTAL      4                  4       0        0
 SINCE 1/1       691                527     164      494

FREEZE DATES
RECORD
 EARLIEST     MM
 LATEST       MM
EARLIEST                        09/09
LATEST                          05/12
................................................................

WIND (MPH)
AVERAGE WIND SPEED              12.0
RESULTANT WIND SPEED/DIRECTION   5/280
HIGHEST WIND SPEED/DIRECTION    41/310    DATE  10/31
HIGHEST GUST SPEED/DIRECTION    54/310    DATE  10/14
                                54/320          10/31

SKY COVER
POSSIBLE SUNSHINE (PERCENT)   MM
AVERAGE SKY COVER           0.00
NUMBER OF DAYS FAIR           31
NUMBER OF DAYS PC              0
NUMBER OF DAYS CLOUDY          0

AVERAGE RH (PERCENT)     63

WEATHER CONDITIONS. NUMBER OF DAYS WITH
THUNDERSTORM              0     MIXED PRECIP               0
HEAVY RAIN                0     RAIN                       0
LIGHT RAIN                1     FREEZING RAIN              0
LT FREEZING RAIN          0     HAIL                       0
HEAVY SNOW                0     SNOW                       0
LIGHT SNOW                0     SLEET                      0
FOG                       0     FOG W/VIS <= 1/4 MILE      0
HAZE                      0

-  INDICATES NEGATIVE NUMBERS.
R  INDICATES RECORD WAS SET OR TIED.
MM INDICATES DATA IS MISSING.
T  INDICATES TRACE AMOUNT.

$$
