123
CXUS53 KAPX 010556
CLMANJ


CLIMATE REPORT
NATIONAL WEATHER SERVICE GAYLORD MI
155 AM EDT SUN NOV 1 2020

...................................

...THE SAULT STE MARIE MI CLIMATE SUMMARY FOR THE MONTH OF OCTOBER 2020...

CLIMATE NORMAL PERIOD 1981 TO 2010
CLIMATE RECORD PERIOD 1888 TO 2020

WEATHER         OBSERVED          NORMAL  DEPART  LAST YEAR`S
                 VALUE   DATE(S)  VALUE   FROM    VALUE  DATE(S)
                                          NORMAL
................................................................
TEMPERATURE (F)
RECORD
 HIGH              82   10/04/1922
 LOW               15   10/30/1925
HIGHEST            66   10/09        MM      MM       67  10/09
                                                          10/08
                                                          10/01
LOWEST             22   10/30        MM      MM       28  10/30
AVG. MAXIMUM     49.4              53.3    -3.9     52.8
AVG. MINIMUM     35.0              37.8    -2.8     38.8
MEAN             42.2              45.6    -3.4     45.8
DAYS MAX >= 90      0               0.0     0.0        0
DAYS MAX <= 32      0               0.2    -0.2        0
DAYS MIN <= 32      8               6.9     1.1        6
DAYS MIN <= 0       0               0.0     0.0        0

PRECIPITATION (INCHES)
RECORD
 MAXIMUM           MM   MM
 MINIMUM           MM   MM
TOTALS           5.32              3.80    1.52     5.64
DAILY AVG.       0.17              0.12    0.05     0.18
DAYS >= .01        22              15.5     6.5       18
DAYS >= .10        12               9.5     2.5       11
DAYS >= .50         3               2.0     1.0        4
DAYS >= 1.00        2               0.6     1.4        1
GREATEST
 24 HR. TOTAL    1.33   10/22 TO 10/22
 STORM TOTAL       MM
 (MM/DD(HH))            MM

SNOWFALL (INCHES)
RECORDS
 TOTAL             MM   MM
TOTALS            2.4               1.6     0.8        T
SINCE 7/1         2.4               1.6     0.8        T
SNOWDEPTH AVG.      0                MM      MM        0
DAYS >= TRACE      10               2.2     7.8        3
DAYS >= 1.0         1               0.5     0.5        0
GREATEST
 SNOW DEPTH         1   10/27                         -1  10/13
 24 HR TOTAL      1.0   10/26 TO 10/26                 T

DEGREE_DAYS
HEATING TOTAL     700               604      96
 SINCE 7/1        991              1005     -14
COOLING TOTAL       0                 1      -1
 SINCE 1/1        369               196     173

FREEZE DATES
RECORD
 EARLIEST     MM
 LATEST       MM
EARLIEST      10/16             MM
LATEST                          MM
.................................................................

WIND (MPH)
AVERAGE WIND SPEED              6.8
HIGHEST WIND SPEED/DIRECTION    25/300    DATE  10/15
HIGHEST GUST SPEED/DIRECTION    42/280    DATE  10/15

SKY COVER
POSSIBLE SUNSHINE (PERCENT)   MM
AVERAGE SKY COVER           0.70
NUMBER OF DAYS FAIR            4
NUMBER OF DAYS PC             13
NUMBER OF DAYS CLOUDY         14

AVERAGE RH (PERCENT)     73

WEATHER CONDITIONS. NUMBER OF DAYS WITH
  0
  6
  0
  0
  0
  0
  0
HAZE                      0

-  INDICATES NEGATIVE NUMBERS.
R  INDICATES RECORD WAS SET OR TIED.
MM INDICATES DATA IS MISSING.
T  INDICATES TRACE AMOUNT.

$$
