000
CXUS53 KAPX 010803 CCA
CLMANJ

CLIMATE REPORT...CORRECTED
NATIONAL WEATHER SERVICE
338 AM EDT TUE JUN 01 2021

...................................
CORRECTED FOR RECORD FLAG IN THE PRECIPITATION.

...THE SAULT STE MARIE MI CLIMATE SUMMARY FOR THE MONTH OF MAY 2021...

CLIMATE NORMAL PERIOD: 1991 TO 2020
CLIMATE RECORD PERIOD: 1888 TO 2021

WEATHER         OBSERVED          NORMAL  DEPART   LAST YEAR`S
                VALUE   DATE(S)   VALUE   FROM     VALUE
                                          NORMAL
..............................................................
TEMPERATURE (F)
RECORD
 HIGH             91   05/31/1919
                       05/30/1919
 LOW              18   05/07/1966
HIGHEST           86   05/21         MM      MM
LOWEST            31   05/01         MM      MM
                       05/09
AVG. MAXIMUM    65.0               63.2     1.8
AVG. MINIMUM    42.8               41.0     1.8
MEAN            53.9               52.1     1.8
DAYS MAX <= 32     0                0.0     0.0
DAYS MIN <= 0      0                0.0     0.0
DAYS MIN <= -20    0

PRECIPITATION (INCHES)
TOTALS          0.96               2.64   -1.68
DAYS >= .01        6               11.2    -5.2
DAYS >= .10        2                6.1    -4.1
DAYS >= .50        1                1.5    -0.5
DAYS >= 1.00       0                0.3    -0.3
GREATEST
 24 HR. TOTAL   0.56   05/03 TO 05/04

SNOWFALL (INCHES)
RECORDS
 TOTAL            MM   MM
TOTALS           0.0                0.4    -0.4      1.2
DAYS >= TRACE      0                0.5                3
GREATEST
 SNOW DEPTH        0                                   1

DEGREE DAYS
HEATING TOTAL    365                407     -42
 SINCE 7/1      7473               8307    -834
COOLING TOTAL     25                  7      18
 SINCE 1/1        25                  7      18
..............................................................

WIND (MPH)
AVERAGE WIND SPEED              7.2
HIGHEST WIND SPEED/DIRECTION    29/300    DATE  05/26
HIGHEST GUST SPEED/DIRECTION    45/300    DATE  05/26

SKY COVER
AVERAGE SKY COVER           0.36

AVERAGE RH (PERCENT)     60


-  INDICATES NEGATIVE NUMBERS.
R  INDICATES RECORD WAS SET OR TIED.
MM INDICATES DATA IS MISSING.
T  INDICATES TRACE AMOUNT.

$$
